{"id":1004,"date":"2018-04-27T13:00:29","date_gmt":"2018-04-27T11:00:29","guid":{"rendered":"http:\/\/www.netz-barrierefrei.de\/wordpress\/?page_id=1004"},"modified":"2018-04-27T13:00:29","modified_gmt":"2018-04-27T11:00:29","slug":"computer-nutzen-ohne-lesen-und-schreiben-zu-koennen","status":"publish","type":"page","link":"https:\/\/www.netz-barrierefrei.de\/wordpress\/computer-nutzen-ohne-lesen-und-schreiben-zu-koennen\/","title":{"rendered":"Computer nutzen ohne Lesen und Schreiben zu k\u00f6nnen"},"content":{"rendered":"<p>In Deutschland gibt es ungef\u00e4hr 7,5 Millionen Menschen, die nur eingeschr\u00e4nkt lesen oder schreiben k\u00f6nnen. Nicht nur B\u00fccher oder Zeitschriften sind f\u00fcr sie kaum zug\u00e4nglich, auch ein Gro\u00dfteil des textbasiertenInternets bleibt f\u00fcr sie verschlossen. Deshalb ist die Frage interessant, ob man auch das Web nutzen kann, ohne lesen und schreiben zu k\u00f6nnen.<br \/>\nRelativ einfache Aufgaben wie das Aufrufen und Lesen einer Webseite sind tats\u00e4chlich machbar. Viele Eltern erz\u00e4hlen ganz stolz von ihren kleinen Kindern, die ohne fremde Hilfe Videos auf dem iPad aufrufen k\u00f6nnen.<br \/>\nSmartphones und Tablet-PCs sind tats\u00e4chlich kleine Computer, deren Oberfl\u00e4che auf das Wesentliche reduziert wurde. Weil Eingabeger\u00e4te wie die Maus und die Tastatur wegfallen, sind diese Ger\u00e4te intuitiver zu bedienen. Die Oberfl\u00e4che wird von wenigen Symbolen statt von ellenlangen Men\u00fcs gepr\u00e4gt. Die Symbole lassen sich teilweise intuitiv verstehen oder man lernt nach und nach, was sich hinter ihnen verbirgt.<br \/>\nDer Nutzer erspart sich au\u00dferdem den teils aufwendigen Umweg \u00fcber den PC mit der Einrichtung des Betriebssystems, der Internetverbindung und des Browsers. <\/p>\n<div id=\"ez-toc-container\" class=\"ez-toc-v2_0_82_2 counter-hierarchy ez-toc-counter ez-toc-white ez-toc-container-direction\">\n<div class=\"ez-toc-title-container\">\n<p class=\"ez-toc-title\" style=\"cursor:inherit\">Inhalt<\/p>\n<span class=\"ez-toc-title-toggle\"><a href=\"#\" class=\"ez-toc-pull-right ez-toc-btn ez-toc-btn-xs ez-toc-btn-default ez-toc-toggle\" aria-label=\"Toggle Table of Content\"><span class=\"ez-toc-js-icon-con\"><span class=\"\"><span class=\"eztoc-hide\" style=\"display:none;\">Toggle<\/span><span class=\"ez-toc-icon-toggle-span\"><svg style=\"fill: #999;color:#999\" xmlns=\"http:\/\/www.w3.org\/2000\/svg\" class=\"list-377408\" width=\"20px\" height=\"20px\" viewBox=\"0 0 24 24\" fill=\"none\"><path d=\"M6 6H4v2h2V6zm14 0H8v2h12V6zM4 11h2v2H4v-2zm16 0H8v2h12v-2zM4 16h2v2H4v-2zm16 0H8v2h12v-2z\" fill=\"currentColor\"><\/path><\/svg><svg style=\"fill: #999;color:#999\" class=\"arrow-unsorted-368013\" xmlns=\"http:\/\/www.w3.org\/2000\/svg\" width=\"10px\" height=\"10px\" viewBox=\"0 0 24 24\" version=\"1.2\" baseProfile=\"tiny\"><path d=\"M18.2 9.3l-6.2-6.3-6.2 6.3c-.2.2-.3.4-.3.7s.1.5.3.7c.2.2.4.3.7.3h11c.3 0 .5-.1.7-.3.2-.2.3-.5.3-.7s-.1-.5-.3-.7zM5.8 14.7l6.2 6.3 6.2-6.3c.2-.2.3-.5.3-.7s-.1-.5-.3-.7c-.2-.2-.4-.3-.7-.3h-11c-.3 0-.5.1-.7.3-.2.2-.3.5-.3.7s.1.5.3.7z\"\/><\/svg><\/span><\/span><\/span><\/a><\/span><\/div>\n<nav><ul class='ez-toc-list ez-toc-list-level-1 ' ><li class='ez-toc-page-1 ez-toc-heading-level-2'><a class=\"ez-toc-link ez-toc-heading-1\" href=\"https:\/\/www.netz-barrierefrei.de\/wordpress\/computer-nutzen-ohne-lesen-und-schreiben-zu-koennen\/#Mit_dem_Computer_sprechen\" >Mit dem Computer sprechen<\/a><\/li><li class='ez-toc-page-1 ez-toc-heading-level-2'><a class=\"ez-toc-link ez-toc-heading-2\" href=\"https:\/\/www.netz-barrierefrei.de\/wordpress\/computer-nutzen-ohne-lesen-und-schreiben-zu-koennen\/#Wenn_der_Computer_antwortet\" >Wenn der Computer antwortet<\/a><\/li><\/ul><\/nav><\/div>\n<h2><span class=\"ez-toc-section\" id=\"Mit_dem_Computer_sprechen\"><\/span>Mit dem Computer sprechen<span class=\"ez-toc-section-end\"><\/span><\/h2>\n<p>Programme aufzurufen ist nat\u00fcrlich nur der erste Schritt. Spannend wird das Ganze erst, wenn man Webseiten aufrufen, E-Mails diktieren oder im Internet suchen kann. Das wird erm\u00f6glicht durch die Spracheingabe.<br \/>\nBei den meisten aktuellen Betriebssystemen lassen sich zumindest einige einfache Funktionen \u00fcber die Sprache aufrufen. Daneben gibt es einige kommerzielle Programme, die vor allem als Diktierprogramme dienen, mit denen man aber auch teilweise den Computer steuern kann.  Diese Programme sind meistens nicht intuitiv zu bedienen. Der Anwender muss einen Befehlssatz lernen und trainieren.<br \/>\nMittlerweile gibt es aber auch Spracheingaben, die intuitiv bedienbar sind. Am bekanntesten ist Apples Siri , aber auch f\u00fcr Android gibt es vergleichbare Apps wie Iris.<br \/>\nMit diesen Spracheingaben lassen sich bereits einfache Aufgaben erledigen. Dazu geh\u00f6rt die Suche im Internet, das Schreiben von Mails oder das Verwalten des Kalenders. <\/p>\n<h2><span class=\"ez-toc-section\" id=\"Wenn_der_Computer_antwortet\"><\/span>Wenn der Computer antwortet<span class=\"ez-toc-section-end\"><\/span><\/h2>\n<p>So weit, so unspektakul\u00e4r. Nat\u00fcrlich ist es nett, wenn man Videos aufrufen kann, aber die wichtigsten Informationen sind zumeist als Text vorhanden. Hier helfen die eingebauten Bedienhilfen. Apple hat zum Beispiel in allen aktuellen Ger\u00e4ten den Screenreader VoiceOver integriert. Das ist ein Programm, das Inhalte f\u00fcr Blinde in Sprache oder Blindenschrift ausgeben kann. Es kann Texte vorlesen und Bedienungselemente ansagen, so dass Blinde ihr Ger\u00e4t und viele Apps vollst\u00e4ndig bedienen k\u00f6nnen.<br \/>\nDiese Programme k\u00f6nnen auch Menschen helfen, die nicht oder nur eingeschr\u00e4nkt lesen k\u00f6nnen. Die Bedienelemente und ihre Funktionen werden angesagt, den Text auf den Webseiten k\u00f6nnen sie sich vorlesen lassen. Au\u00dferdem k\u00f6nnen sie sich so auch elektronische B\u00fccher zug\u00e4nglich machen.<br \/>\nSmartphones und Tablets erleichtern wegen ihrer einfachen Oberfl\u00e4che den Zugang zu Informationen im Internet. Allerdings sind sie noch kein vollst\u00e4ndiger Ersatz f\u00fcr den Computer. Sp\u00e4testens, wenn man einen Text ausdrucken m\u00f6chte, gibt es Probleme.<br \/>\nUnd ganz ohne fremde Hilfe wird man &#8211; zumindest am Anfang &#8211; nicht zurecht kommen. Wer noch nie im Internet war, kann noch nicht wissen, wo man nach Informationen sucht oder wie man ein Mailkonto einrichtet. Auch der Screenreader erfordert ein wenig \u00dcbung. Jeder muss erst einmal lernen, wie man einen Link aufruft oder wie man sich ein Konto bei einem eShop einrichtet.<br \/>\nTablets und Smartphones haben das Potential, die Computernutzung und vor allem den Zugang zu Informationen deutlich zu erleichtern. Es gibt fast t\u00e4glich Artikel aus dem angels\u00e4chischen Raum, wo berichtet wird, wie autistischen Kindern mit dem iPad das Lernen erleichtert wird. Das ist erst der Anfang, die gro\u00dfe Revolution steht noch bevor. <\/p>\n","protected":false},"excerpt":{"rendered":"<p>In Deutschland gibt es ungef\u00e4hr 7,5 Millionen Menschen, die nur eingeschr\u00e4nkt lesen oder schreiben k\u00f6nnen. Nicht nur B\u00fccher oder Zeitschriften sind f\u00fcr sie kaum zug\u00e4nglich,&#8230;<\/p>\n<div class=\"more-link-wrapper\"><a class=\"more-link\" href=\"https:\/\/www.netz-barrierefrei.de\/wordpress\/computer-nutzen-ohne-lesen-und-schreiben-zu-koennen\/\">Weiterlesen<span class=\"screen-reader-text\">Computer nutzen ohne Lesen und Schreiben zu k\u00f6nnen<\/span><\/a><\/div>\n","protected":false},"author":1,"featured_media":0,"parent":0,"menu_order":0,"comment_status":"closed","ping_status":"closed","template":"","meta":{"footnotes":""},"class_list":["post-1004","page","type-page","status-publish","hentry","entry"],"_links":{"self":[{"href":"https:\/\/www.netz-barrierefrei.de\/wordpress\/wp-json\/wp\/v2\/pages\/1004","targetHints":{"allow":["GET"]}}],"collection":[{"href":"https:\/\/www.netz-barrierefrei.de\/wordpress\/wp-json\/wp\/v2\/pages"}],"about":[{"href":"https:\/\/www.netz-barrierefrei.de\/wordpress\/wp-json\/wp\/v2\/types\/page"}],"author":[{"embeddable":true,"href":"https:\/\/www.netz-barrierefrei.de\/wordpress\/wp-json\/wp\/v2\/users\/1"}],"replies":[{"embeddable":true,"href":"https:\/\/www.netz-barrierefrei.de\/wordpress\/wp-json\/wp\/v2\/comments?post=1004"}],"version-history":[{"count":1,"href":"https:\/\/www.netz-barrierefrei.de\/wordpress\/wp-json\/wp\/v2\/pages\/1004\/revisions"}],"predecessor-version":[{"id":1005,"href":"https:\/\/www.netz-barrierefrei.de\/wordpress\/wp-json\/wp\/v2\/pages\/1004\/revisions\/1005"}],"wp:attachment":[{"href":"https:\/\/www.netz-barrierefrei.de\/wordpress\/wp-json\/wp\/v2\/media?parent=1004"}],"curies":[{"name":"wp","href":"https:\/\/api.w.org\/{rel}","templated":true}]}}