{"id":1010,"date":"2018-04-27T13:07:46","date_gmt":"2018-04-27T11:07:46","guid":{"rendered":"http:\/\/www.netz-barrierefrei.de\/wordpress\/?page_id=1010"},"modified":"2023-06-04T17:58:05","modified_gmt":"2023-06-04T15:58:05","slug":"nutzung-von-screenreader-oder-hilfstechnik-erkennbar","status":"publish","type":"page","link":"https:\/\/www.netz-barrierefrei.de\/wordpress\/nutzung-von-screenreader-oder-hilfstechnik-erkennbar\/","title":{"rendered":"Nutzung von Screenreader oder Hilfstechnik erkennbar?"},"content":{"rendered":"<p><iframe loading=\"lazy\" src=\"https:\/\/digitale-barrierefreiheit.podigee.io\/75-hilfstechnik-erkennbar\/embed?context=external&#038;theme=default\" style=\"border: 0\" frameBorder=\"0\" height=\"100\" width=\"100%\"><\/iframe><br \/>\nMit iOS 12.2 hatte Apple eine Funktion eingef\u00fchrt, mit der Webseiten und Apps mitgeteilt wurde, dass ein Anwender Hilfstechnik, insbesondere den Screenreader VoiceOver einsetzt. Diese Funktion ist an sich unspektakul\u00e4r, w\u00e4re sie nicht per Standard-Einstellung aktiviert und tief im System versteckt gewesen. Apple hat diese Funktion, die angeblich nie richtig aktiviert war, nach zahlreichen Protesten wieder fallen lassen. diesem Beitrag geht es darum, warum die Erkennung vom Einsatz von Hilfstechnik f\u00fcr die Webseitenbetreiber von uns abgelehnt wird.<br \/>\nDie Electronic Frontier Foundation hat schon vor einiger Zeit gezeigt, dass sich im Prinzip jedes System nur anhand einer Handvoll Daten identifizieren l\u00e4sst, fast jedes System hat einen Fingerabdruck.<br \/>\nDie Browser wissen allerdings in der Regel auch, wenn der Nutzer Hilfssoftware verwendet, das gilt zumindest f\u00fcr Screenreader. Da Screenreader auf bestimmte Informationen der Accessibility-Schnittstellen zur\u00fcckgreifen, muss der Browser diese Informationen \u00fcbermitteln. Wie es bei Vergr\u00f6\u00dferungssoftware oder Eyetracking und \u00e4hnlichen Systemen aussieht, wei\u00df ich allerdings nicht. Diese Programme ben\u00f6tigen wesentlich weniger Informationen als Screenreader. Die Nutzung von Hilfstechnik wird aber nicht an den Server weitergegeben. Der Browser ruft unterschiedslos alle Informationen ab, ob ein Screenreader installiert ist oder nicht. <\/p>\n<div id=\"ez-toc-container\" class=\"ez-toc-v2_0_83 counter-hierarchy ez-toc-counter ez-toc-white ez-toc-container-direction\">\n<div class=\"ez-toc-title-container\">\n<p class=\"ez-toc-title\" style=\"cursor:inherit\">Inhalt<\/p>\n<span class=\"ez-toc-title-toggle\"><a href=\"#\" class=\"ez-toc-pull-right ez-toc-btn ez-toc-btn-xs ez-toc-btn-default ez-toc-toggle\" aria-label=\"Toggle Table of Content\"><span class=\"ez-toc-js-icon-con\"><span class=\"\"><span class=\"eztoc-hide\" style=\"display:none;\">Toggle<\/span><span class=\"ez-toc-icon-toggle-span\"><svg style=\"fill: #999;color:#999\" xmlns=\"http:\/\/www.w3.org\/2000\/svg\" class=\"list-377408\" width=\"20px\" height=\"20px\" viewBox=\"0 0 24 24\" fill=\"none\"><path d=\"M6 6H4v2h2V6zm14 0H8v2h12V6zM4 11h2v2H4v-2zm16 0H8v2h12v-2zM4 16h2v2H4v-2zm16 0H8v2h12v-2z\" fill=\"currentColor\"><\/path><\/svg><svg style=\"fill: #999;color:#999\" class=\"arrow-unsorted-368013\" xmlns=\"http:\/\/www.w3.org\/2000\/svg\" width=\"10px\" height=\"10px\" viewBox=\"0 0 24 24\" version=\"1.2\" baseProfile=\"tiny\"><path d=\"M18.2 9.3l-6.2-6.3-6.2 6.3c-.2.2-.3.4-.3.7s.1.5.3.7c.2.2.4.3.7.3h11c.3 0 .5-.1.7-.3.2-.2.3-.5.3-.7s-.1-.5-.3-.7zM5.8 14.7l6.2 6.3 6.2-6.3c.2-.2.3-.5.3-.7s-.1-.5-.3-.7c-.2-.2-.4-.3-.7-.3h-11c-.3 0-.5.1-.7.3-.2.2-.3.5-.3.7s.1.5.3.7z\"\/><\/svg><\/span><\/span><\/span><\/a><\/span><\/div>\n<nav><ul class='ez-toc-list ez-toc-list-level-1 ' ><li class='ez-toc-page-1 ez-toc-heading-level-2'><a class=\"ez-toc-link ez-toc-heading-1\" href=\"https:\/\/www.netz-barrierefrei.de\/wordpress\/nutzung-von-screenreader-oder-hilfstechnik-erkennbar\/#Die_Vorteile\" >Die Vorteile<\/a><\/li><li class='ez-toc-page-1 ez-toc-heading-level-2'><a class=\"ez-toc-link ez-toc-heading-2\" href=\"https:\/\/www.netz-barrierefrei.de\/wordpress\/nutzung-von-screenreader-oder-hilfstechnik-erkennbar\/#Die_Nachteile\" >Die Nachteile<\/a><\/li><li class='ez-toc-page-1 ez-toc-heading-level-2'><a class=\"ez-toc-link ez-toc-heading-3\" href=\"https:\/\/www.netz-barrierefrei.de\/wordpress\/nutzung-von-screenreader-oder-hilfstechnik-erkennbar\/#Fazit_%E2%80%93_mein_Screenreader_geht_euch_nichts_an\" >Fazit \u2013 mein Screenreader geht euch nichts an<\/a><\/li><\/ul><\/nav><\/div>\n<h2><span class=\"ez-toc-section\" id=\"Die_Vorteile\"><\/span>Die Vorteile<span class=\"ez-toc-section-end\"><\/span><\/h2>\n<p>Es gibt einige Vorteile. So w\u00fcrde sich die leidige Diskussion dar\u00fcber er\u00fcbrigen, ob und wie viele Behinderte eine Website nutzen. Gibt der Browser die Info weiter, so wissen wir es, k\u00f6nnen es in Zahlen fassen und unserem unwilligen Gesch\u00e4ftsf\u00fchrer, der Barrierefreiheit f\u00fcr teures Teufelszeug h\u00e4lt, um die Ohren schlagen.<br \/>\nEin augenf\u00e4lliger Vorteil ist, dass ein Server eine barrierefreiere Version der Website ausliefern k\u00f6nnte, wenn er wei\u00df, dass der Nutzer eine Behinderung hat. Vorstellbar w\u00e4re z.B., dass der Server die Information bekommt, der Sehbehinderte braucht eine Farbkombination Wei\u00df auf Schwarz und eine Mindesttextgr\u00f6\u00dfe von 20 pt und liefert eine entsprechende Version aus. Geh\u00f6rlose oder Lernbehinderte k\u00f6nnten eine Version in Geb\u00e4rdensprache bzw. Leichter Sprache erhalten und so weiter. <\/p>\n<h2><span class=\"ez-toc-section\" id=\"Die_Nachteile\"><\/span>Die Nachteile<span class=\"ez-toc-section-end\"><\/span><\/h2>\n<p>Diese Ideen werden allerdings aus guten Gr\u00fcnden abgelehnt. Man ist sich heute einig dar\u00fcber, dass die beste L\u00f6sung darin besteht, die Website selbst so barrierefrei wie m\u00f6glich zu machen und alles Weitere dem Nutzer, seiner Hilfssoftware und dem Browser zu \u00fcberlassen. Die beste Website der Welt k\u00f6nnte nicht alle m\u00f6glichen Sehbehinderungen mit Spezialversionen abdecken. Die Leichte-Sprache-Version &#8211; die nebenbei meistens so fehlt wie Inhalte in Geb\u00e4rdensprache &#8211; k\u00f6nnen leicht oben rechts auf der Website auffindbar gemacht werden, wie es diese Personengruppen gelernt haben.<br \/>\nAuch f\u00fcr andere Gruppen sehe ich keinen Vorteil. Autisten oder Epileptiker k\u00f6nnen ihre Browser so einstellen, dass St\u00f6rungen durch Animationen minimiert werden und sie verwenden in der Regel ohnehin keine weitergehende Hilfssoftware, wenn nicht weitere Behinderungen vorliegen.<br \/>\nDamit ist auch das Statistik-Argument ausgehebelt. Wir wissen am Ende des Tages vielleicht, wie viele Screenreader-Nutzer die Website besucht haben, aber die meisten Behinderten verwenden gar keine Hilfssoftware, sondern ver\u00e4ndern einfach ein paar Einstellungen.<br \/>\nUnd selbst wenn die Zahlen die Realit\u00e4t widerspiegeln, w\u00fcrde sich kaum etwas \u00e4ndern. Wir beschweren uns seit Jahr und Tag \u00fcber die mangelnde Barrierefreiheit von Google, Xing oder LinkedIn, so dass die das inzwischen mitbekommen haben sollten, aber keinen Handlungsbedarf sehen. Und, wie viele Behinderte brauche ich \u00fcberhaupt, bevor ich mir \u00fcberlege, mich um Zug\u00e4nglichkeit zu k\u00fcmmern?<br \/>\nEin weiterer Faktor, der vielleicht unter den Tisch fallen w\u00fcrde: Das Ganze k\u00f6nnte auch datenschutzrechtlich relevant sein. Der oben erw\u00e4hnte elektronische Fingerabdruck w\u00fcrde durch eine weitere Information \u2013 Hilfssoftware \u2013 noch ein wenig pr\u00e4zesiert werden. Neben wir an, ich sende ein Beschwerdeformular \u00fcber die Website des Anbieters ab, wer h\u00e4lt den Server  davon ab, die Info \u00fcber die Hilfssoftware mit anzuh\u00e4ngen, damit der Empf\u00e4nger wei\u00df, dass er einen Kr\u00fcppel vor sich hat? Bin ich paranoid? Ja vielleicht, aber das ist egal. Die Vergangenheit zeigt, dass Datensparsamkeit immer besser ist als Geschw\u00e4tzigkeit. <\/p>\n<h2><span class=\"ez-toc-section\" id=\"Fazit_%E2%80%93_mein_Screenreader_geht_euch_nichts_an\"><\/span>Fazit \u2013 mein Screenreader geht euch nichts an<span class=\"ez-toc-section-end\"><\/span><\/h2>\n<p>Ich denke, die Sache ist klar. Die Info, dass ich einen Screenreader benutze geht den Webbetreiber wirklich nichts an, sie ist f\u00fcr ihn irrelevant und bringt uns keine direkten Vorteile, die wir zu diesem Preis haben m\u00f6chten. <\/p>\n","protected":false},"excerpt":{"rendered":"<p>Mit iOS 12.2 hatte Apple eine Funktion eingef\u00fchrt, mit der Webseiten und Apps mitgeteilt wurde, dass ein Anwender Hilfstechnik, insbesondere den Screenreader VoiceOver einsetzt. Diese&#8230;<\/p>\n<div class=\"more-link-wrapper\"><a class=\"more-link\" href=\"https:\/\/www.netz-barrierefrei.de\/wordpress\/nutzung-von-screenreader-oder-hilfstechnik-erkennbar\/\">Weiterlesen<span class=\"screen-reader-text\">Nutzung von Screenreader oder Hilfstechnik erkennbar?<\/span><\/a><\/div>\n","protected":false},"author":1,"featured_media":0,"parent":0,"menu_order":0,"comment_status":"closed","ping_status":"closed","template":"","meta":{"footnotes":""},"class_list":["post-1010","page","type-page","status-publish","hentry","entry"],"_links":{"self":[{"href":"https:\/\/www.netz-barrierefrei.de\/wordpress\/wp-json\/wp\/v2\/pages\/1010","targetHints":{"allow":["GET"]}}],"collection":[{"href":"https:\/\/www.netz-barrierefrei.de\/wordpress\/wp-json\/wp\/v2\/pages"}],"about":[{"href":"https:\/\/www.netz-barrierefrei.de\/wordpress\/wp-json\/wp\/v2\/types\/page"}],"author":[{"embeddable":true,"href":"https:\/\/www.netz-barrierefrei.de\/wordpress\/wp-json\/wp\/v2\/users\/1"}],"replies":[{"embeddable":true,"href":"https:\/\/www.netz-barrierefrei.de\/wordpress\/wp-json\/wp\/v2\/comments?post=1010"}],"version-history":[{"count":6,"href":"https:\/\/www.netz-barrierefrei.de\/wordpress\/wp-json\/wp\/v2\/pages\/1010\/revisions"}],"predecessor-version":[{"id":7776,"href":"https:\/\/www.netz-barrierefrei.de\/wordpress\/wp-json\/wp\/v2\/pages\/1010\/revisions\/7776"}],"wp:attachment":[{"href":"https:\/\/www.netz-barrierefrei.de\/wordpress\/wp-json\/wp\/v2\/media?parent=1010"}],"curies":[{"name":"wp","href":"https:\/\/api.w.org\/{rel}","templated":true}]}}