{"id":1111,"date":"2018-05-27T16:32:34","date_gmt":"2018-05-27T14:32:34","guid":{"rendered":"http:\/\/www.netz-barrierefrei.de\/wordpress\/?page_id=1111"},"modified":"2022-09-01T08:25:13","modified_gmt":"2022-09-01T06:25:13","slug":"schulung-barrierefreie-dokumente-mit-microsoft-word-und-powerpoint","status":"publish","type":"page","link":"https:\/\/www.netz-barrierefrei.de\/wordpress\/schulung-barrierefreie-dokumente-mit-microsoft-word-und-powerpoint\/","title":{"rendered":"Schulung: Barrierefreie Dokumente und Pr\u00e4sentationen mit Word\/PowerPoint"},"content":{"rendered":"<p><img loading=\"lazy\" decoding=\"async\" src=\"https:\/\/www.netz-barrierefrei.de\/wordpress\/wp-content\/uploads\/notebook.jpg\" alt=\"Auf einem Tisch steht ein Notebook\" width=\"1280\" height=\"853\" class=\"alignleft size-full wp-image-1779\" srcset=\"https:\/\/www.netz-barrierefrei.de\/wordpress\/wp-content\/uploads\/notebook.jpg 1280w, https:\/\/www.netz-barrierefrei.de\/wordpress\/wp-content\/uploads\/notebook-300x200.jpg 300w, https:\/\/www.netz-barrierefrei.de\/wordpress\/wp-content\/uploads\/notebook-768x512.jpg 768w, https:\/\/www.netz-barrierefrei.de\/wordpress\/wp-content\/uploads\/notebook-1024x682.jpg 1024w\" sizes=\"auto, (max-width: 1280px) 100vw, 1280px\" \/>Sie wollen Ihre Word-Dokumente oder Pr\u00e4sentationen barrierefreier gestalten? In einer Inhouse-Schulung zeigen wir Ihnen, wie das geht. Wir bieten auch eine <a href=\"https:\/\/www.netz-barrierefrei.de\/wordpress\/leistungen\/schulungen-zu-barrierefreien-pdfs-adobe-acrobat-microsoft-und-libreoffice\/\">Schulung zu barrierefreien PDFs mit Adobe Acrobat oder InDesign<\/a>. Wie alle unsere Schulungen bieten wir auch diese online an.<br \/>\nPressemitteilungen, Stellenausschreibungen oder Schulungs-Pr\u00e4sentationen: Viele Dokumente m\u00fcssten eigentlich barrierefrei gemacht werden. Doch fehlt oft die Zeit oder das Geld, die Dokumente an professionelle Agenturen weiter zu geben.<br \/>\nDoch muss das nicht unbedingt sein. Mit Microsoft Office oder Libre Office k\u00f6nnen Sie einfache Dokumente und Pr\u00e4sentationen leicht selbst barrierefrei machen. Diese Dokumente k\u00f6nnen Sie im Ursprungsformat oder als barrierefreies PDF weitergeben. <\/p>\n<div id=\"ez-toc-container\" class=\"ez-toc-v2_0_82_2 counter-hierarchy ez-toc-counter ez-toc-white ez-toc-container-direction\">\n<div class=\"ez-toc-title-container\">\n<p class=\"ez-toc-title\" style=\"cursor:inherit\">Inhalt<\/p>\n<span class=\"ez-toc-title-toggle\"><a href=\"#\" class=\"ez-toc-pull-right ez-toc-btn ez-toc-btn-xs ez-toc-btn-default ez-toc-toggle\" aria-label=\"Toggle Table of Content\"><span class=\"ez-toc-js-icon-con\"><span class=\"\"><span class=\"eztoc-hide\" style=\"display:none;\">Toggle<\/span><span class=\"ez-toc-icon-toggle-span\"><svg style=\"fill: #999;color:#999\" xmlns=\"http:\/\/www.w3.org\/2000\/svg\" class=\"list-377408\" width=\"20px\" height=\"20px\" viewBox=\"0 0 24 24\" fill=\"none\"><path d=\"M6 6H4v2h2V6zm14 0H8v2h12V6zM4 11h2v2H4v-2zm16 0H8v2h12v-2zM4 16h2v2H4v-2zm16 0H8v2h12v-2z\" fill=\"currentColor\"><\/path><\/svg><svg style=\"fill: #999;color:#999\" class=\"arrow-unsorted-368013\" xmlns=\"http:\/\/www.w3.org\/2000\/svg\" width=\"10px\" height=\"10px\" viewBox=\"0 0 24 24\" version=\"1.2\" baseProfile=\"tiny\"><path d=\"M18.2 9.3l-6.2-6.3-6.2 6.3c-.2.2-.3.4-.3.7s.1.5.3.7c.2.2.4.3.7.3h11c.3 0 .5-.1.7-.3.2-.2.3-.5.3-.7s-.1-.5-.3-.7zM5.8 14.7l6.2 6.3 6.2-6.3c.2-.2.3-.5.3-.7s-.1-.5-.3-.7c-.2-.2-.4-.3-.7-.3h-11c-.3 0-.5.1-.7.3-.2.2-.3.5-.3.7s.1.5.3.7z\"\/><\/svg><\/span><\/span><\/span><\/a><\/span><\/div>\n<nav><ul class='ez-toc-list ez-toc-list-level-1 ' ><li class='ez-toc-page-1 ez-toc-heading-level-2'><a class=\"ez-toc-link ez-toc-heading-1\" href=\"https:\/\/www.netz-barrierefrei.de\/wordpress\/schulung-barrierefreie-dokumente-mit-microsoft-word-und-powerpoint\/#Barrierefreie_PowerPoint-Praesentationen\" >Barrierefreie PowerPoint-Pr\u00e4sentationen<\/a><\/li><li class='ez-toc-page-1 ez-toc-heading-level-2'><a class=\"ez-toc-link ez-toc-heading-2\" href=\"https:\/\/www.netz-barrierefrei.de\/wordpress\/schulung-barrierefreie-dokumente-mit-microsoft-word-und-powerpoint\/#Ziele_des_Workshops\" >Ziele des Workshops<\/a><\/li><li class='ez-toc-page-1 ez-toc-heading-level-2'><a class=\"ez-toc-link ez-toc-heading-3\" href=\"https:\/\/www.netz-barrierefrei.de\/wordpress\/schulung-barrierefreie-dokumente-mit-microsoft-word-und-powerpoint\/#Zielgruppe_des_Workshops\" >Zielgruppe des Workshops<\/a><\/li><li class='ez-toc-page-1 ez-toc-heading-level-2'><a class=\"ez-toc-link ez-toc-heading-4\" href=\"https:\/\/www.netz-barrierefrei.de\/wordpress\/schulung-barrierefreie-dokumente-mit-microsoft-word-und-powerpoint\/#Methodik\" >Methodik<\/a><\/li><li class='ez-toc-page-1 ez-toc-heading-level-2'><a class=\"ez-toc-link ez-toc-heading-5\" href=\"https:\/\/www.netz-barrierefrei.de\/wordpress\/schulung-barrierefreie-dokumente-mit-microsoft-word-und-powerpoint\/#WCAG_und_PDF_UA-Standard\" >WCAG und PDF UA-Standard<\/a><\/li><li class='ez-toc-page-1 ez-toc-heading-level-2'><a class=\"ez-toc-link ez-toc-heading-6\" href=\"https:\/\/www.netz-barrierefrei.de\/wordpress\/schulung-barrierefreie-dokumente-mit-microsoft-word-und-powerpoint\/#Zahl_der_TeilnehmerInnen\" >Zahl der TeilnehmerInnen<\/a><\/li><\/ul><\/nav><\/div>\n<h2><span class=\"ez-toc-section\" id=\"Barrierefreie_PowerPoint-Praesentationen\"><\/span>Barrierefreie PowerPoint-Pr\u00e4sentationen<span class=\"ez-toc-section-end\"><\/span><\/h2>\n<p>In unserem Kurs zu barrierefreien Word-Dokumenten gehen wir sehr allgemein auf PowerPoint ein. Auf Wunsch bieten wir auch eine eigenst\u00e4ndige Schulung zur Erstellung barrierefreier PowerPoint-Pr\u00e4sentationen.<br \/>\nIn dieser Schulung zu barrierefreien Pr\u00e4sentationen geht es um die visuelle Gestaltung von Folien, die Beschreibung von Bildern, die Gruppierung von Objekten, die Formulierung von Folientiteln und weiteren Faktoren, die f\u00fcr die Barrierefreiheit relevant sind. <\/p>\n<h2><span class=\"ez-toc-section\" id=\"Ziele_des_Workshops\"><\/span>Ziele des Workshops<span class=\"ez-toc-section-end\"><\/span><\/h2>\n<p>Sie lernen: <\/p>\n<ul>\n<li>wie Sie einfache Dokumente und Pr\u00e4sentationen mit Office barrierefrei gestalten k\u00f6nnen. <\/li>\n<li>Wie Sie Office-Dokumente und PDFs auf Barrierefreiheit \u00fcberpr\u00fcfen. <\/li>\n<\/ul>\n<h2><span class=\"ez-toc-section\" id=\"Zielgruppe_des_Workshops\"><\/span>Zielgruppe des Workshops<span class=\"ez-toc-section-end\"><\/span><\/h2>\n<p>Der Workshop richtet sich an Personen, die f\u00fcr interne oder externe Zwecke einfache Dokumente und Pr\u00e4sentationen barrierefrei gestalten wollen.<br \/>\nGrundlegende Kenntnisse in der Arbeit mit Word und PowerPoint sind sinnvoll. <\/p>\n<h2><span class=\"ez-toc-section\" id=\"Methodik\"><\/span>Methodik<span class=\"ez-toc-section-end\"><\/span><\/h2>\n<p>Der Workshop basiert auf einer kurzen Pr\u00e4sentation. Die einzelnen Schritte werden am Beamer gezeigt und von den TeilnehmerInnen reproduziert. Anschlie\u00dfend sollen die Teilnehmerinnen die Schritte selbst\u00e4ndig wiederholen.<br \/>\nZus\u00e4tzlich erhalten die TeilnehmerInnen ein Skript. Damit sind sie selbst\u00e4ndig in der Lage, die Aufgaben anzuwenden. <\/p>\n<h2><span class=\"ez-toc-section\" id=\"WCAG_und_PDF_UA-Standard\"><\/span>WCAG und PDF UA-Standard<span class=\"ez-toc-section-end\"><\/span><\/h2>\n<p>Wegen technischer Beschr\u00e4nkungen lassen sich nicht alle Anforderungen barrierefreier PDFs mit Microsoft Office erf\u00fcllen. M\u00fcssen Sie PDF-UA-standardkonforme PDF-Dokumente erstellen, kommen Sie an zus\u00e4tzlichen Erweiterungen oder externen Tools nicht vorbei. Die Tools von Microsoft Office sind nur f\u00fcr einfache Dokumente und nicht etwa f\u00fcr Brosch\u00fcren geeignet. Dennoch lassen sich mit Word ausreichend barrierefreie Dokumente herstellen. Eine Nachbearbeitung ist vor allem f\u00fcr komplexe Dokumente erforderlich. <\/p>\n<h2><span class=\"ez-toc-section\" id=\"Zahl_der_TeilnehmerInnen\"><\/span>Zahl der TeilnehmerInnen <span class=\"ez-toc-section-end\"><\/span><\/h2>\n<p>Da die \u00dcbungen am eigenen Notebook\/PC stattfinden, ist die Zahl der TeilnehmerInnen prinzipiell nicht begrenzt. Dennoch hat sich eine Zahl von maximal 12 Personen als sinnvoll erwiesen. Sind gute Office-Kenntnisse vorhanden, sind auch ausnahmsweise mehr TeilnehmerInnen m\u00f6glich.<br \/>\nJede TeilnehmerIn ben\u00f6tigt einen eigenen PC bzw. Notebook mit Microsoft Word und PowerPoint.<br \/>\nF\u00fcr den Workshop sollten Sie insgesamt drei Zeitstunden einplanen.<br \/>\nDiese Schulung wird von meinem Kooperationspartner Silta angeboten, <a href=\"https:\/\/www.silta.ai\/kontakt\">fragen Sie gerne direkt dort an<\/a>.<\/p>\n","protected":false},"excerpt":{"rendered":"<p>Sie wollen Ihre Word-Dokumente oder Pr\u00e4sentationen barrierefreier gestalten? In einer Inhouse-Schulung zeigen wir Ihnen, wie das geht. Wir bieten auch eine Schulung zu barrierefreien PDFs&#8230;<\/p>\n<div class=\"more-link-wrapper\"><a class=\"more-link\" href=\"https:\/\/www.netz-barrierefrei.de\/wordpress\/schulung-barrierefreie-dokumente-mit-microsoft-word-und-powerpoint\/\">Weiterlesen<span class=\"screen-reader-text\">Schulung: Barrierefreie Dokumente und Pr\u00e4sentationen mit Word\/PowerPoint<\/span><\/a><\/div>\n","protected":false},"author":1,"featured_media":0,"parent":0,"menu_order":0,"comment_status":"closed","ping_status":"closed","template":"","meta":{"footnotes":""},"class_list":["post-1111","page","type-page","status-publish","hentry","entry"],"_links":{"self":[{"href":"https:\/\/www.netz-barrierefrei.de\/wordpress\/wp-json\/wp\/v2\/pages\/1111","targetHints":{"allow":["GET"]}}],"collection":[{"href":"https:\/\/www.netz-barrierefrei.de\/wordpress\/wp-json\/wp\/v2\/pages"}],"about":[{"href":"https:\/\/www.netz-barrierefrei.de\/wordpress\/wp-json\/wp\/v2\/types\/page"}],"author":[{"embeddable":true,"href":"https:\/\/www.netz-barrierefrei.de\/wordpress\/wp-json\/wp\/v2\/users\/1"}],"replies":[{"embeddable":true,"href":"https:\/\/www.netz-barrierefrei.de\/wordpress\/wp-json\/wp\/v2\/comments?post=1111"}],"version-history":[{"count":14,"href":"https:\/\/www.netz-barrierefrei.de\/wordpress\/wp-json\/wp\/v2\/pages\/1111\/revisions"}],"predecessor-version":[{"id":6862,"href":"https:\/\/www.netz-barrierefrei.de\/wordpress\/wp-json\/wp\/v2\/pages\/1111\/revisions\/6862"}],"wp:attachment":[{"href":"https:\/\/www.netz-barrierefrei.de\/wordpress\/wp-json\/wp\/v2\/media?parent=1111"}],"curies":[{"name":"wp","href":"https:\/\/api.w.org\/{rel}","templated":true}]}}