{"id":1168,"date":"2018-06-29T18:01:42","date_gmt":"2018-06-29T16:01:42","guid":{"rendered":"http:\/\/www.netz-barrierefrei.de\/wordpress\/?page_id=1168"},"modified":"2023-08-04T16:23:52","modified_gmt":"2023-08-04T14:23:52","slug":"audiodeskription-erstellen","status":"publish","type":"page","link":"https:\/\/www.netz-barrierefrei.de\/wordpress\/barrierefreies-internet\/barrierefreie-redaktion\/audiodeskription-erstellen\/","title":{"rendered":"Anleitung: So wird eine Audiodeskription erstellt"},"content":{"rendered":"<p><iframe loading=\"lazy\" src=\"https:\/\/digitale-barrierefreiheit.podigee.io\/30-audiodeskription\/embed?context=external&#038;theme=default\" style=\"border: 0\" border=\"0\" height=\"100\" width=\"100%\"><\/iframe><br \/>\nDie Audiodeskription ist eine akustische Beschreibung von visuellen Inhalten. Sie wird in Videos eingesetzt, damit Blinde verstehen, worum es in dem Film geht. <a href=\"https:\/\/www.netz-barrierefrei.de\/wordpress\/alternativen-zur-audio-deskription\/\">Interessieren Sie sich f\u00fcr Alternativen zur AudioDeskription?<\/a><br \/>\nDie AD wird vor allem f\u00fcr Videos ben\u00f6tigt, die einen geringen Sprachanteil haben. Das ist auch wichtig, da die Beschreibung in den Teilen des Filmes untergebracht wird, in denen nicht gesprochen wird.<br \/>\nPlanen Sie bereits bei der Konzeption des Filmes gen\u00fcgend Zeit f\u00fcr die AD ein. Hat das Video einen hohen Sprach- und Aktionsanteil, wird nicht mehr gen\u00fcgend Zeit f\u00fcr eine AD vorhanden sein.<br \/>\nDie Soundqualit\u00e4t der AD sollte der Soundqualit\u00e4t des Films entsprechen. <\/p>\n<div id=\"ez-toc-container\" class=\"ez-toc-v2_0_82_2 counter-hierarchy ez-toc-counter ez-toc-white ez-toc-container-direction\">\n<div class=\"ez-toc-title-container\">\n<p class=\"ez-toc-title\" style=\"cursor:inherit\">Inhalt<\/p>\n<span class=\"ez-toc-title-toggle\"><a href=\"#\" class=\"ez-toc-pull-right ez-toc-btn ez-toc-btn-xs ez-toc-btn-default ez-toc-toggle\" aria-label=\"Toggle Table of Content\"><span class=\"ez-toc-js-icon-con\"><span class=\"\"><span class=\"eztoc-hide\" style=\"display:none;\">Toggle<\/span><span class=\"ez-toc-icon-toggle-span\"><svg style=\"fill: #999;color:#999\" xmlns=\"http:\/\/www.w3.org\/2000\/svg\" class=\"list-377408\" width=\"20px\" height=\"20px\" viewBox=\"0 0 24 24\" fill=\"none\"><path d=\"M6 6H4v2h2V6zm14 0H8v2h12V6zM4 11h2v2H4v-2zm16 0H8v2h12v-2zM4 16h2v2H4v-2zm16 0H8v2h12v-2z\" fill=\"currentColor\"><\/path><\/svg><svg style=\"fill: #999;color:#999\" class=\"arrow-unsorted-368013\" xmlns=\"http:\/\/www.w3.org\/2000\/svg\" width=\"10px\" height=\"10px\" viewBox=\"0 0 24 24\" version=\"1.2\" baseProfile=\"tiny\"><path d=\"M18.2 9.3l-6.2-6.3-6.2 6.3c-.2.2-.3.4-.3.7s.1.5.3.7c.2.2.4.3.7.3h11c.3 0 .5-.1.7-.3.2-.2.3-.5.3-.7s-.1-.5-.3-.7zM5.8 14.7l6.2 6.3 6.2-6.3c.2-.2.3-.5.3-.7s-.1-.5-.3-.7c-.2-.2-.4-.3-.7-.3h-11c-.3 0-.5.1-.7.3-.2.2-.3.5-.3.7s.1.5.3.7z\"\/><\/svg><\/span><\/span><\/span><\/a><\/span><\/div>\n<nav><ul class='ez-toc-list ez-toc-list-level-1 ' ><li class='ez-toc-page-1 ez-toc-heading-level-2'><a class=\"ez-toc-link ez-toc-heading-1\" href=\"https:\/\/www.netz-barrierefrei.de\/wordpress\/barrierefreies-internet\/barrierefreie-redaktion\/audiodeskription-erstellen\/#Die_ersten_Schritte\" >Die ersten Schritte<\/a><\/li><li class='ez-toc-page-1 ez-toc-heading-level-2'><a class=\"ez-toc-link ez-toc-heading-2\" href=\"https:\/\/www.netz-barrierefrei.de\/wordpress\/barrierefreies-internet\/barrierefreie-redaktion\/audiodeskription-erstellen\/#Was_gehoert_in_die_AudioDeskription_und_was_nicht\" >Was geh\u00f6rt in die AudioDeskription und was nicht<\/a><\/li><li class='ez-toc-page-1 ez-toc-heading-level-2'><a class=\"ez-toc-link ez-toc-heading-3\" href=\"https:\/\/www.netz-barrierefrei.de\/wordpress\/barrierefreies-internet\/barrierefreie-redaktion\/audiodeskription-erstellen\/#Feedback_einholen\" >Feedback einholen<\/a><\/li><\/ul><\/nav><\/div>\n<h2><span class=\"ez-toc-section\" id=\"Die_ersten_Schritte\"><\/span>Die ersten Schritte<span class=\"ez-toc-section-end\"><\/span><\/h2>\n<p>Eine AD l\u00e4sst sich mit jeder Audio-Schnittsoftware erstellen. Folgendes Vorgehen erscheint sinnvoll:<\/p>\n<ol>\n<li>Pr\u00fcfen Sie zun\u00e4chst, ob eine AD notwendig und m\u00f6glich ist. Bei Videos mit hohem Sprachanteil fehlt einfach die n\u00f6tige Pause, um eine AD unterzubringen. Sie ist aber auch in solchen F\u00e4llen nicht n\u00f6tig. <\/li>\n<li>Halten Sie die Szenen fest, die beschrieben werden m\u00fcssen, verwenden Sie am besten eine Stoppuhr, um die L\u00e4nge der nutzbaren Passagen zu messen. Wichtige Informationen sind auch Namen gezeigter Personen oder Orte, sowie alle visuell relevanten Informationen, die nicht vom Sprecher vermittelt werden. <\/li>\n<li>Schreiben Sie die Texte f\u00fcr die Audiodeskription. Wie alle Texte m\u00fcssen diese sorgf\u00e4ltig redigiert werden. Die AD soll nicht werten, sondern objektiv beschreiben. Schreiben Sie also nicht<br \/>\n&#8222;Die fr\u00f6hliche Gruppe schaut in die Kamera.&#8220;<br \/>\nSchreiben Sie lieber:<br \/>\n&#8222;Die Gruppe schaut lachend in die Kamera.&#8220; <\/li>\n<li>Ist der Text geschrieben, m\u00fcssen die einzelnen Passagen eingesprochen werden. Verwenden Sie eine Aufnahmetechnik, die der Aufnahmequalit\u00e4t des Videos entspricht. Ist die AD verrauscht und der Clip nicht, wirkt das ein wenig merkw\u00fcrdig. Der Sprecher sollte neutral und langsam sprechen. Faktoren wie die Abspielgeschwindigkeit k\u00f6nnen hinterher noch \u00fcberarbeitet werden. Der Sprecher kann sich an den Off-Sprechern in den typischen Fernseh-Dokumentationen orientieren. Er ist ein neutraler Erz\u00e4hler und nicht Teil des Filmgeschehens. Er beschreibt das zu Sehende und wertet nicht. <\/li>\n<li>Im letzten Schritt m\u00fcssen die eingesprochenen Passagen mit dem Film synchronisiert werden. <\/li>\n<\/ol>\n<p>Die meisten Videobearbeitungsprogramme erlauben das Arbeiten mit mehreren Tonspuren. Mehr ist auch nicht notwendig, um eine AD mit dem Film zusammenzuf\u00fcgen. Die Lautst\u00e4rke der Videospur wird an den Stellen reduziert, an der die AudioDeskription eingef\u00fcgt wird. Es muss sicher gestellt werden, dass der Sprecher gut zu verstehen ist und keine akustisch wichtigen Informationen des Videos \u00fcbert\u00f6nt werden. <\/p>\n<h2><span class=\"ez-toc-section\" id=\"Was_gehoert_in_die_AudioDeskription_und_was_nicht\"><\/span>Was geh\u00f6rt in die AudioDeskription und was nicht<span class=\"ez-toc-section-end\"><\/span><\/h2>\n<p>Es ist nat\u00fcrlich nicht m\u00f6glich, alle visuellen Informationen in der AD unterzubringen. Bei einem typischen Whodunit -Krimi sollen die Zuschauer herausfinden, wer der T\u00e4ter ist. Dazu m\u00fcssen Blinde alle Informationen zur Verf\u00fcgung gestellt bekommen, die auch sehende Zuschauer zum Mitraten erhalten.<br \/>\nEine M\u00f6glichkeit, Schl\u00fcsselinformationen f\u00fcr die AD zu erhalten ist auch das Drehbuch. Was f\u00fcr einen Film besonders wichtig ist, wird auch im Drehbuch notiert.<br \/>\nH\u00f6ren Sie sich einmal den Film ohne Bild an, dann bekommen Sie ein Gef\u00fchl daf\u00fcr, welche Informationen f\u00fcr den Zuh\u00f6rer wichtig sind.<br \/>\nZudem sollten Sie sich einen Clip mit Audiodeskription ansehen, um ein Gef\u00fchl daf\u00fcr zu bekommen, wie so etwas aussieht. Der Tatort zum Beispiel wird regelm\u00e4\u00dfig mit Audiodeskription ausgestrahlt. <\/p>\n<h2><span class=\"ez-toc-section\" id=\"Feedback_einholen\"><\/span>Feedback einholen<span class=\"ez-toc-section-end\"><\/span><\/h2>\n<p>Last not least k\u00f6nnen Sie versuchen, einen blinden Testh\u00f6rer zu gewinnen, der Ihnen Feedback zur Audiodeskription geben kann. Das sollte passieren, bevor Sie die Audiodeskription einsprechen, damit Sie die Arbeit nicht doppelt machen m\u00fcssen.<br \/>\nVergessen Sie aber nicht: Der Blinde kann nur beurteilen, ob der Text der AudioDeskription in Ordnung ist. Da er den Film selbst nicht sehen kann, ist er darauf angewiesen, dass Sie gute Arbeit machen.<\/p>\n<ul>\n<li><a href=\"https:\/\/www.netz-barrierefrei.de\/wordpress\/barrierefreiheit-bei-audio-und-video-multimedia-fuer-alle\/\">Barrierefreiheit bei Multimedia<\/a><\/li>\n<li><a href=\"https:\/\/netz-barrierefrei.de\/en\/ad.html\">How to create an Audio Description<\/a><\/li>\n","protected":false},"excerpt":{"rendered":"<p>Die Audiodeskription ist eine akustische Beschreibung von visuellen Inhalten. Sie wird in Videos eingesetzt, damit Blinde verstehen, worum es in dem Film geht. Interessieren Sie&#8230;<\/p>\n<div class=\"more-link-wrapper\"><a class=\"more-link\" href=\"https:\/\/www.netz-barrierefrei.de\/wordpress\/barrierefreies-internet\/barrierefreie-redaktion\/audiodeskription-erstellen\/\">Weiterlesen<span class=\"screen-reader-text\">Anleitung: So wird eine Audiodeskription erstellt<\/span><\/a><\/div>\n","protected":false},"author":1,"featured_media":0,"parent":575,"menu_order":0,"comment_status":"closed","ping_status":"closed","template":"","meta":{"footnotes":""},"class_list":["post-1168","page","type-page","status-publish","hentry","entry"],"_links":{"self":[{"href":"https:\/\/www.netz-barrierefrei.de\/wordpress\/wp-json\/wp\/v2\/pages\/1168","targetHints":{"allow":["GET"]}}],"collection":[{"href":"https:\/\/www.netz-barrierefrei.de\/wordpress\/wp-json\/wp\/v2\/pages"}],"about":[{"href":"https:\/\/www.netz-barrierefrei.de\/wordpress\/wp-json\/wp\/v2\/types\/page"}],"author":[{"embeddable":true,"href":"https:\/\/www.netz-barrierefrei.de\/wordpress\/wp-json\/wp\/v2\/users\/1"}],"replies":[{"embeddable":true,"href":"https:\/\/www.netz-barrierefrei.de\/wordpress\/wp-json\/wp\/v2\/comments?post=1168"}],"version-history":[{"count":11,"href":"https:\/\/www.netz-barrierefrei.de\/wordpress\/wp-json\/wp\/v2\/pages\/1168\/revisions"}],"predecessor-version":[{"id":9681,"href":"https:\/\/www.netz-barrierefrei.de\/wordpress\/wp-json\/wp\/v2\/pages\/1168\/revisions\/9681"}],"up":[{"embeddable":true,"href":"https:\/\/www.netz-barrierefrei.de\/wordpress\/wp-json\/wp\/v2\/pages\/575"}],"wp:attachment":[{"href":"https:\/\/www.netz-barrierefrei.de\/wordpress\/wp-json\/wp\/v2\/media?parent=1168"}],"curies":[{"name":"wp","href":"https:\/\/api.w.org\/{rel}","templated":true}]}}