{"id":1302,"date":"2018-09-21T16:24:05","date_gmt":"2018-09-21T14:24:05","guid":{"rendered":"http:\/\/www.netz-barrierefrei.de\/wordpress\/?page_id=1302"},"modified":"2025-03-19T16:48:52","modified_gmt":"2025-03-19T14:48:52","slug":"pruefen-von-webseiten-apps-software-und-pdfs-auf-barrierefreiheit","status":"publish","type":"page","link":"https:\/\/www.netz-barrierefrei.de\/wordpress\/leistungen\/pruefen-von-webseiten-apps-software-und-pdfs-auf-barrierefreiheit\/","title":{"rendered":"Tests zur Barrierefreiheit"},"content":{"rendered":"<p><img loading=\"lazy\" decoding=\"async\" src=\"https:\/\/www.netz-barrierefrei.de\/wordpress\/wp-content\/uploads\/lupe.jpg\" alt=\"Lupe \" width=\"960\" height=\"654\" class=\"alignleft size-full wp-image-4596\" srcset=\"https:\/\/www.netz-barrierefrei.de\/wordpress\/wp-content\/uploads\/lupe.jpg 960w, https:\/\/www.netz-barrierefrei.de\/wordpress\/wp-content\/uploads\/lupe-300x204.jpg 300w, https:\/\/www.netz-barrierefrei.de\/wordpress\/wp-content\/uploads\/lupe-768x523.jpg 768w\" sizes=\"auto, (max-width: 960px) 100vw, 960px\" \/>Ob einfache Webseite oder komplexe Web-Anwendung &#8211; m\u00f6chten Sie, dass Ihr Angebot barrierefrei ist, sollten Sie es professionell testen lassen. Wir beraten Sie gerne zu den M\u00f6glichkeiten der Evaluation und f\u00fchren einige Testverfahren selbst durch. Anders als die <a href=\"https:\/\/www.netz-barrierefrei.de\/wordpress\/warum-der-bitv-test-einen-relaunch-braucht\/\">DIAS GmbH und die BITV-Tester<\/a> arbeiten wir inklusiv und ziehen die Belange von Menschen mit Behinderung aktiv mit ein.<\/p>\n<p>Vorweg: Wir m\u00f6chten Ihnen empfehlen, uns bereits bei der Projektplanung und Konzeption zu konsultieren. In vielen F\u00e4llen ist eine sp\u00e4tere Expertinnen-Pr\u00fcfung in diesem Fall \u00fcberfl\u00fcssig und Sie haben einiges an Zeit, Geld und Womanpower gespart.<\/p>\n<div id=\"ez-toc-container\" class=\"ez-toc-v2_0_82_2 counter-hierarchy ez-toc-counter ez-toc-white ez-toc-container-direction\">\n<div class=\"ez-toc-title-container\">\n<p class=\"ez-toc-title\" style=\"cursor:inherit\">Inhalt<\/p>\n<span class=\"ez-toc-title-toggle\"><a href=\"#\" class=\"ez-toc-pull-right ez-toc-btn ez-toc-btn-xs ez-toc-btn-default ez-toc-toggle\" aria-label=\"Toggle Table of Content\"><span class=\"ez-toc-js-icon-con\"><span class=\"\"><span class=\"eztoc-hide\" style=\"display:none;\">Toggle<\/span><span class=\"ez-toc-icon-toggle-span\"><svg style=\"fill: #999;color:#999\" xmlns=\"http:\/\/www.w3.org\/2000\/svg\" class=\"list-377408\" width=\"20px\" height=\"20px\" viewBox=\"0 0 24 24\" fill=\"none\"><path d=\"M6 6H4v2h2V6zm14 0H8v2h12V6zM4 11h2v2H4v-2zm16 0H8v2h12v-2zM4 16h2v2H4v-2zm16 0H8v2h12v-2z\" fill=\"currentColor\"><\/path><\/svg><svg style=\"fill: #999;color:#999\" class=\"arrow-unsorted-368013\" xmlns=\"http:\/\/www.w3.org\/2000\/svg\" width=\"10px\" height=\"10px\" viewBox=\"0 0 24 24\" version=\"1.2\" baseProfile=\"tiny\"><path d=\"M18.2 9.3l-6.2-6.3-6.2 6.3c-.2.2-.3.4-.3.7s.1.5.3.7c.2.2.4.3.7.3h11c.3 0 .5-.1.7-.3.2-.2.3-.5.3-.7s-.1-.5-.3-.7zM5.8 14.7l6.2 6.3 6.2-6.3c.2-.2.3-.5.3-.7s-.1-.5-.3-.7c-.2-.2-.4-.3-.7-.3h-11c-.3 0-.5.1-.7.3-.2.2-.3.5-.3.7s.1.5.3.7z\"\/><\/svg><\/span><\/span><\/span><\/a><\/span><\/div>\n<nav><ul class='ez-toc-list ez-toc-list-level-1 ' ><li class='ez-toc-page-1 ez-toc-heading-level-2'><a class=\"ez-toc-link ez-toc-heading-1\" href=\"https:\/\/www.netz-barrierefrei.de\/wordpress\/leistungen\/pruefen-von-webseiten-apps-software-und-pdfs-auf-barrierefreiheit\/#Webseiten_pruefen\" >Webseiten pr\u00fcfen<\/a><\/li><li class='ez-toc-page-1 ez-toc-heading-level-2'><a class=\"ez-toc-link ez-toc-heading-2\" href=\"https:\/\/www.netz-barrierefrei.de\/wordpress\/leistungen\/pruefen-von-webseiten-apps-software-und-pdfs-auf-barrierefreiheit\/#Apps_und_Programme_auf_Barrierefreiheit_pruefen\" >Apps und Programme auf Barrierefreiheit pr\u00fcfen<\/a><\/li><li class='ez-toc-page-1 ez-toc-heading-level-2'><a class=\"ez-toc-link ez-toc-heading-3\" href=\"https:\/\/www.netz-barrierefrei.de\/wordpress\/leistungen\/pruefen-von-webseiten-apps-software-und-pdfs-auf-barrierefreiheit\/#Pruefung_von_Dokumenten_und_PDFs\" >Pr\u00fcfung von Dokumenten und PDFs<\/a><\/li><li class='ez-toc-page-1 ez-toc-heading-level-2'><a class=\"ez-toc-link ez-toc-heading-4\" href=\"https:\/\/www.netz-barrierefrei.de\/wordpress\/leistungen\/pruefen-von-webseiten-apps-software-und-pdfs-auf-barrierefreiheit\/#Referenzen\" >Referenzen<\/a><\/li><\/ul><\/nav><\/div>\n<h2><span class=\"ez-toc-section\" id=\"Webseiten_pruefen\"><\/span>Webseiten pr\u00fcfen<span class=\"ez-toc-section-end\"><\/span><\/h2>\n<p>Sie ben\u00f6tigen eine heuristische Evaluation oder eine andere Pr\u00fcfung Ihrer Website auf Barrierefreiheit? Dann \u00fcbernehme wir das gerne f\u00fcr Sie. Wir f\u00fchren drei Testverfahren durch:<\/p>\n<ul>\n<li>strukturiertes, seitenbasiertes Pr\u00fcfverfahren<\/li>\n<li>Nutzertests mit Screenreader und Bildschirm-Lupe<\/li>\n<li>szenario- bzw. prozess-basierte Analyse: Wir schauen uns einen Kernprozess wie die Bestellung einer Brosch\u00fcre von Anfang bis Ende aus Sicht der Barrierefreiheit an.<\/li>\n<\/ul>\n<p>Die verschiedenen Testverfahren lassen sich gut kombinieren.<\/p>\n<h2><span class=\"ez-toc-section\" id=\"Apps_und_Programme_auf_Barrierefreiheit_pruefen\"><\/span>Apps und Programme auf Barrierefreiheit pr\u00fcfen<span class=\"ez-toc-section-end\"><\/span><\/h2>\n<p>Gerne pr\u00fcfen wir Ihre Apps f\u00fcr Smartphones auf Barrierefreiheit f\u00fcr Blinde und Sehbehinderte. Daf\u00fcr stehen Ger\u00e4te mit aktuellen Versionen von Android und iOS zur Verf\u00fcgung.<\/p>\n<p>Ebenso pr\u00fcfen wir auch Ihre Anwendungen f\u00fcr Windows-Computer auf Barrierefreiheit f\u00fcr Blinde und Sehbehinderte. Sowohl f\u00fcr Apps als auch f\u00fcr Software evaluieren wir in erster Linie die grafische Benutzeroberfl\u00e4chen.<\/p>\n<p>Es gibt etablierte Testverfahren f\u00fcr Software wie den BITI-Test, den wir gerne auch entwicklungsbegleitend f\u00fcr Ihre Programme durchf\u00fchren. Meine Kolleginnen der Firma Silta sind selbst Entwicklerinnen, k\u00f6nnen also auf Code-Ebene testen.<\/p>\n<h2><span class=\"ez-toc-section\" id=\"Pruefung_von_Dokumenten_und_PDFs\"><\/span>Pr\u00fcfung von Dokumenten und PDFs<span class=\"ez-toc-section-end\"><\/span><\/h2>\n<p>Last not least sollten Sie auch wichtige Dokumente wie Jahresberichte oder Brosch\u00fcren auf Barrierefreiheit evaluieren lassen. Gerne pr\u00fcfen wir Ihre gedruckten Unterlagen auf Zug\u00e4nglichkeit f\u00fcr seh- oder lesebehinderte Personen.<\/p>\n<p>Unser Schwerpunkt liegt auf der Pr\u00fcfung digitaler Dateien, egal ob <a href=\"https:\/\/www.netz-barrierefrei.de\/wordpress\/barrierefreies-publizieren\/barrierefreie-pdfs\/pdfs-auf-barrierefreiheit-pruefen\/\">PDF<\/a>, ePub, Kindle oder g\u00e4ngige Office-Formate. Auch f\u00fcr PDF gibt es ausgefeilte Pr\u00fcf-Verfahren, die wir auf Wunsch durchf\u00fchren.<\/p>\n<h2><span class=\"ez-toc-section\" id=\"Referenzen\"><\/span>Referenzen<span class=\"ez-toc-section-end\"><\/span><\/h2>\n<p>Wir haben gr\u00f6\u00dfere Testprojekte f\u00fcr das Deutsche Institut f\u00fcr Menschenrechte und den MDK Berlin Brandenburg durchgef\u00fchrt. Selbst entwickeln wir Testkonzepte f\u00fcr die unterschiedlichsten Bereiche. Wir haben zum Beispiel am Testkonzept f\u00fcr den BIENE-Wettbewerb der Aktion Mensch mitgewirkt. Auch <a href=\"https:\/\/www.silta.ai\/webseiten-auf-barrierefreiheit-testen\">schulen wir Personen in der Durchf\u00fchrung von Tests<\/a>. <\/p>\n<p>Getestet haben wir unter anderem die App des J\u00fcdischen Museums Berlin oder des Kulturparks Xanten sowie viele weitere Apps.<\/p>\n<p>Hinweis: Bis auf Weiteres \u00fcbernimmt die Firma Silta alle unsere Dienstleistungen wie Erstellung barrierefreier PDF, Schulungen, Beratung und Tests. Bitte nutzen Sie das <a href=\"https:\/\/www.silta.ai\">Kontaktformular von Silta<\/a>, um Dienstleistungen zur Barrierefreiheit anzufragen. F\u00fcr Dienstleistungen im gro\u00dfen Umfang k\u00f6nnen Sie die adesso mobile solutions kontaktieren.<\/p>\n","protected":false},"excerpt":{"rendered":"<p>Ob einfache Webseite oder komplexe Web-Anwendung &#8211; m\u00f6chten Sie, dass Ihr Angebot barrierefrei ist, sollten Sie es professionell testen lassen. Wir beraten Sie gerne zu&#8230;<\/p>\n<div class=\"more-link-wrapper\"><a class=\"more-link\" href=\"https:\/\/www.netz-barrierefrei.de\/wordpress\/leistungen\/pruefen-von-webseiten-apps-software-und-pdfs-auf-barrierefreiheit\/\">Weiterlesen<span class=\"screen-reader-text\">Tests zur Barrierefreiheit<\/span><\/a><\/div>\n","protected":false},"author":1,"featured_media":0,"parent":1305,"menu_order":0,"comment_status":"closed","ping_status":"closed","template":"","meta":{"footnotes":""},"class_list":["post-1302","page","type-page","status-publish","hentry","entry"],"_links":{"self":[{"href":"https:\/\/www.netz-barrierefrei.de\/wordpress\/wp-json\/wp\/v2\/pages\/1302","targetHints":{"allow":["GET"]}}],"collection":[{"href":"https:\/\/www.netz-barrierefrei.de\/wordpress\/wp-json\/wp\/v2\/pages"}],"about":[{"href":"https:\/\/www.netz-barrierefrei.de\/wordpress\/wp-json\/wp\/v2\/types\/page"}],"author":[{"embeddable":true,"href":"https:\/\/www.netz-barrierefrei.de\/wordpress\/wp-json\/wp\/v2\/users\/1"}],"replies":[{"embeddable":true,"href":"https:\/\/www.netz-barrierefrei.de\/wordpress\/wp-json\/wp\/v2\/comments?post=1302"}],"version-history":[{"count":29,"href":"https:\/\/www.netz-barrierefrei.de\/wordpress\/wp-json\/wp\/v2\/pages\/1302\/revisions"}],"predecessor-version":[{"id":9951,"href":"https:\/\/www.netz-barrierefrei.de\/wordpress\/wp-json\/wp\/v2\/pages\/1302\/revisions\/9951"}],"up":[{"embeddable":true,"href":"https:\/\/www.netz-barrierefrei.de\/wordpress\/wp-json\/wp\/v2\/pages\/1305"}],"wp:attachment":[{"href":"https:\/\/www.netz-barrierefrei.de\/wordpress\/wp-json\/wp\/v2\/media?parent=1302"}],"curies":[{"name":"wp","href":"https:\/\/api.w.org\/{rel}","templated":true}]}}