{"id":1474,"date":"2018-12-14T18:08:58","date_gmt":"2018-12-14T16:08:58","guid":{"rendered":"http:\/\/www.netz-barrierefrei.de\/wordpress\/?page_id=1474"},"modified":"2020-03-27T07:19:11","modified_gmt":"2020-03-27T05:19:11","slug":"neuigkeiten-zur-barrierefreiheit-im-november","status":"publish","type":"page","link":"https:\/\/www.netz-barrierefrei.de\/wordpress\/newsletter-digitale-barrierefreiheit\/neuigkeiten-zur-barrierefreiheit-im-november\/","title":{"rendered":"Neuigkeiten zur Barrierefreiheit im November"},"content":{"rendered":"<p>Ein Riesenthema gab es im November nicht, daf\u00fcr viele kleine Diskussionen und Veranstaltungen. Aufreger im Twitterstrom war Instagrams Mitteilung, es werde zuk\u00fcnftig automatische Alternativtexte hinzuf\u00fcgen. Mein erster Gedanke war: Da l\u00e4sst sich jemand f\u00fcr etwas feiern, was der Eigent\u00fcmer Facebook schon Ewigkeiten macht. Sorry, f\u00fcr so viel Lahmarschigkeit ist ein Lob leider nicht angebracht.<br \/>\nIm November haben zahlreiche Events stattgefunden und einige interessante Artikel zur Barrierefreiheit sind erschienen. Wie immer gerne in den Kommentaren erg\u00e4nzen, wenn euch was fehlt. <\/p>\n<div id=\"ez-toc-container\" class=\"ez-toc-v2_0_82_2 counter-hierarchy ez-toc-counter ez-toc-white ez-toc-container-direction\">\n<div class=\"ez-toc-title-container\">\n<p class=\"ez-toc-title\" style=\"cursor:inherit\">Inhalt<\/p>\n<span class=\"ez-toc-title-toggle\"><a href=\"#\" class=\"ez-toc-pull-right ez-toc-btn ez-toc-btn-xs ez-toc-btn-default ez-toc-toggle\" aria-label=\"Toggle Table of Content\"><span class=\"ez-toc-js-icon-con\"><span class=\"\"><span class=\"eztoc-hide\" style=\"display:none;\">Toggle<\/span><span class=\"ez-toc-icon-toggle-span\"><svg style=\"fill: #999;color:#999\" xmlns=\"http:\/\/www.w3.org\/2000\/svg\" class=\"list-377408\" width=\"20px\" height=\"20px\" viewBox=\"0 0 24 24\" fill=\"none\"><path d=\"M6 6H4v2h2V6zm14 0H8v2h12V6zM4 11h2v2H4v-2zm16 0H8v2h12v-2zM4 16h2v2H4v-2zm16 0H8v2h12v-2z\" fill=\"currentColor\"><\/path><\/svg><svg style=\"fill: #999;color:#999\" class=\"arrow-unsorted-368013\" xmlns=\"http:\/\/www.w3.org\/2000\/svg\" width=\"10px\" height=\"10px\" viewBox=\"0 0 24 24\" version=\"1.2\" baseProfile=\"tiny\"><path d=\"M18.2 9.3l-6.2-6.3-6.2 6.3c-.2.2-.3.4-.3.7s.1.5.3.7c.2.2.4.3.7.3h11c.3 0 .5-.1.7-.3.2-.2.3-.5.3-.7s-.1-.5-.3-.7zM5.8 14.7l6.2 6.3 6.2-6.3c.2-.2.3-.5.3-.7s-.1-.5-.3-.7c-.2-.2-.4-.3-.7-.3h-11c-.3 0-.5.1-.7.3-.2.2-.3.5-.3.7s.1.5.3.7z\"\/><\/svg><\/span><\/span><\/span><\/a><\/span><\/div>\n<nav><ul class='ez-toc-list ez-toc-list-level-1 ' ><li class='ez-toc-page-1 ez-toc-heading-level-2'><a class=\"ez-toc-link ez-toc-heading-1\" href=\"https:\/\/www.netz-barrierefrei.de\/wordpress\/newsletter-digitale-barrierefreiheit\/neuigkeiten-zur-barrierefreiheit-im-november\/#Veranstaltungen\" >Veranstaltungen<\/a><\/li><li class='ez-toc-page-1 ez-toc-heading-level-2'><a class=\"ez-toc-link ez-toc-heading-2\" href=\"https:\/\/www.netz-barrierefrei.de\/wordpress\/newsletter-digitale-barrierefreiheit\/neuigkeiten-zur-barrierefreiheit-im-november\/#Interessante_Beitraege_und_Artikel\" >Interessante Beitr\u00e4ge und Artikel<\/a><\/li><li class='ez-toc-page-1 ez-toc-heading-level-2'><a class=\"ez-toc-link ez-toc-heading-3\" href=\"https:\/\/www.netz-barrierefrei.de\/wordpress\/newsletter-digitale-barrierefreiheit\/neuigkeiten-zur-barrierefreiheit-im-november\/#Aeltere_Ausgaben_des_Newsletters\" >\u00c4ltere Ausgaben des Newsletters<\/a><\/li><li class='ez-toc-page-1 ez-toc-heading-level-2'><a class=\"ez-toc-link ez-toc-heading-4\" href=\"https:\/\/www.netz-barrierefrei.de\/wordpress\/newsletter-digitale-barrierefreiheit\/neuigkeiten-zur-barrierefreiheit-im-november\/#Newsletter_abonnieren\" >Newsletter abonnieren<\/a><\/li><\/ul><\/nav><\/div>\n<h2><span class=\"ez-toc-section\" id=\"Veranstaltungen\"><\/span>Veranstaltungen<span class=\"ez-toc-section-end\"><\/span><\/h2>\n<p>Als deutschsprachiges Highlight kann sicherlich der Accessibility Club Anfang November in Berlin gelten. Laut Veranstaltern war er ausverkauft, was mich nat\u00fcrlich freut, das zeigt, dass das Thema wichtiger wird. Die Veranstalter wollen die Inhalte online stellen, bisher ist aber noch nichts zu sehen.<br \/>\nAuch die <span class=\"removed_link\" title=\"https:\/\/www.gemeinsam-einfach-machen.de\/GEM\/DE\/AS\/Home\/as_node.html\">Inklusionstage 2018des Bundessozialministeriums<\/span> drehten sich dieses Jahr um das Thema digitale Inklusion und Barrierefreiheit.<br \/>\nDie Deaf IT-Konferenz hatte ich pers\u00f6nlich gar nicht auf dem Schirm. Aber auch dort wurden viele Sessions zur Barrierefreiheit abgehalten.<br \/>\nDie Gewinner des <span class=\"removed_link\" title=\"https:\/\/newsroom.unitymedia.de\/pressemitteilungen\/award-fuer-den-abbau-digitaler-barrieren-die-sieger-der-digital-imagination-challenge\/\">Digital Imagination Challenge<\/span> sind gek\u00fcrt worden. Mein Gl\u00fcckwunsch.<br \/>\nIm Dezember wird es keine gro\u00dfe Veranstaltung geben, daf\u00fcr aber einige Kleinere. So finden am 3. Dezember &#8211; dem Tag der Behinderten &#8211; vielerorts Veranstaltungen zu Inklusion oder Barrierefreiheit statt. Leider kenne ich keine zentrale Stelle, wo man sich dar\u00fcber informieren kann, was es so geben wird.<br \/>\nAu\u00dferdem gibt es am 6. und 7. Dezember die <span class=\"removed_link\" title=\"https:\/\/www.code-your-life.org\/Blog\/1412_Save_the_date_CODE_affair_2018.htm\">Code Affair<\/span> in Berlin, wo digitale Inklusion auch wichtig sein wird. <\/p>\n<h2><span class=\"ez-toc-section\" id=\"Interessante_Beitraege_und_Artikel\"><\/span>Interessante Beitr\u00e4ge und Artikel<span class=\"ez-toc-section-end\"><\/span><\/h2>\n<p>Wolfgang Wiese und Johannes Nehlsen haben einen deutschsprachigen, frei zug\u00e4nglichen Leitfaden zur digitalen Barrierefreiheit ver\u00f6ffentlicht.<br \/>\nEin Rechtsgutachten der Antidiskriminierungsstelle geht davon aus, dass Behinderte noch mehr Rechte zur Barrierefreiheit geltend machen k\u00f6nnen. Entscheidendes Instrument seien dabei die angemessenen Vorkehrungen.<br \/>\nDie Deutsche Zentralb\u00fccherei f\u00fcr Blinde bietet im Dezember einen Adventskalender mit <span class=\"removed_link\" title=\"https:\/\/blog.dzb.de\/2018\/11\/30\/wir-oeffnen-tueren\/#Tuer5\">Tipps zu barrierefreien eBooks<\/span>.<br \/>\nDie Web Accessibility Initiative &#8211; der Vatikan f\u00fcr Freunde der digitalen Barrierefreiheit &#8211; hat zwei interessante Dokumente ver\u00f6ffentlicht bzw. aktualisiert. <a target=\"_blank\" href=\"https:\/\/www.w3.org\/WAI\/planning\/statements\/\" rel=\"noopener noreferrer\">Ein Tool<\/a> soll dabei helfen, eine Erkl\u00e4rung zur Barrierefreiheit zu erstellen. Ein weiteres Dokument <a target=\"_blank\" href=\"https:\/\/www.w3.org\/WAI\/business-case\/\" rel=\"noopener noreferrer\">besch\u00e4ftigt sich mit dem Business Case<\/a> f\u00fcr digitale Barrierefreiheit.<br \/>\nWas die EU-Richtlinie 2106 f\u00fcr barrierefreie PDFs bedeutet, wurde in diesem englischsprachigen Artikel zusammengefasst.<br \/>\nNach dem Aktionsplan f\u00fcr Inklusion scheint es jetzt auch einen Aktionsplan f\u00fcr Barrierefreiheit zu geben, beschr\u00e4nkt sich nat\u00fcrlich nicht auf digitale Barrierefreiheit. Das Instrument wird in einem englischen Artikel n\u00e4her vorgestellt.<br \/>\nEin lesenswerter Artikel von David Swallow besch\u00e4ftigt sich mit der Barrierefreiheit f\u00fcr Menschen mit Angstst\u00f6rungen: A web of anxiety: accessibility for people with anxiety and panic disorders.<br \/>\nAuf 24 Accessibility erscheint bis Weihnachten jeden Tag ein <a target=\"_blank\" href=\"https:\/\/www.24a11y.com\/\" rel=\"noopener noreferrer\">Artikel zur Barrierefreiheit<\/a>.<br \/>\nWebAIM hat die Ergebnisse einer nicht-repr\u00e4sentativen Umfrage unter sehbehinderten Internet-Nutzern <a target=\"_blank\" href=\"https:\/\/webaim.org\/projects\/lowvisionsurvey2\/\" rel=\"noopener noreferrer\">ver\u00f6ffentlicht<\/a>. <\/p>\n<h2><span class=\"ez-toc-section\" id=\"Aeltere_Ausgaben_des_Newsletters\"><\/span>\u00c4ltere Ausgaben des Newsletters<span class=\"ez-toc-section-end\"><\/span><\/h2>\n<p><a target=\"_blank\" href=\"https:\/\/www.netz-barrierefrei.de\/wordpress\/newsletter-digitale-barrierefreiheit\/neuigkeiten-zur-barrierefreiheit-im-oktober\/\" rel=\"noopener noreferrer\">Newsletter im Oktober<\/a><br \/>\n<a target=\"_blank\" href=\"https:\/\/www.netz-barrierefrei.de\/wordpress\/newsletter-digitale-barrierefreiheit\/neuigkeiten-zur-barrierefreiheit-im-september\/\" rel=\"noopener noreferrer\">Newsletter im September<\/a><\/p>\n<h2><span class=\"ez-toc-section\" id=\"Newsletter_abonnieren\"><\/span>Newsletter abonnieren<span class=\"ez-toc-section-end\"><\/span><\/h2>\n<p>[newsletter2go]<\/p>\n","protected":false},"excerpt":{"rendered":"<p>Ein Riesenthema gab es im November nicht, daf\u00fcr viele kleine Diskussionen und Veranstaltungen. Aufreger im Twitterstrom war Instagrams Mitteilung, es werde zuk\u00fcnftig automatische Alternativtexte hinzuf\u00fcgen.&#8230;<\/p>\n<div class=\"more-link-wrapper\"><a class=\"more-link\" href=\"https:\/\/www.netz-barrierefrei.de\/wordpress\/newsletter-digitale-barrierefreiheit\/neuigkeiten-zur-barrierefreiheit-im-november\/\">Weiterlesen<span class=\"screen-reader-text\">Neuigkeiten zur Barrierefreiheit im November<\/span><\/a><\/div>\n","protected":false},"author":1,"featured_media":0,"parent":1450,"menu_order":0,"comment_status":"closed","ping_status":"closed","template":"","meta":{"footnotes":""},"class_list":["post-1474","page","type-page","status-publish","hentry","entry"],"_links":{"self":[{"href":"https:\/\/www.netz-barrierefrei.de\/wordpress\/wp-json\/wp\/v2\/pages\/1474","targetHints":{"allow":["GET"]}}],"collection":[{"href":"https:\/\/www.netz-barrierefrei.de\/wordpress\/wp-json\/wp\/v2\/pages"}],"about":[{"href":"https:\/\/www.netz-barrierefrei.de\/wordpress\/wp-json\/wp\/v2\/types\/page"}],"author":[{"embeddable":true,"href":"https:\/\/www.netz-barrierefrei.de\/wordpress\/wp-json\/wp\/v2\/users\/1"}],"replies":[{"embeddable":true,"href":"https:\/\/www.netz-barrierefrei.de\/wordpress\/wp-json\/wp\/v2\/comments?post=1474"}],"version-history":[{"count":22,"href":"https:\/\/www.netz-barrierefrei.de\/wordpress\/wp-json\/wp\/v2\/pages\/1474\/revisions"}],"predecessor-version":[{"id":10658,"href":"https:\/\/www.netz-barrierefrei.de\/wordpress\/wp-json\/wp\/v2\/pages\/1474\/revisions\/10658"}],"up":[{"embeddable":true,"href":"https:\/\/www.netz-barrierefrei.de\/wordpress\/wp-json\/wp\/v2\/pages\/1450"}],"wp:attachment":[{"href":"https:\/\/www.netz-barrierefrei.de\/wordpress\/wp-json\/wp\/v2\/media?parent=1474"}],"curies":[{"name":"wp","href":"https:\/\/api.w.org\/{rel}","templated":true}]}}

<p>Ein Riesenthema gab es im November nicht, dafür viele kleine Diskussionen und Veranstaltungen. Aufreger im Twitterstrom war Instagrams Mitteilung, es werde zukünftig automatische Alternativtexte hinzufügen. Mein erster Gedanke war: Da lässt sich jemand für etwas feiern, was der Eigentümer Facebook schon Ewigkeiten macht. Sorry, für so viel Lahmarschigkeit ist ein Lob leider nicht angebracht.<br />
Im November haben zahlreiche Events stattgefunden und einige interessante Artikel zur Barrierefreiheit sind erschienen. Wie immer gerne in den Kommentaren ergänzen, wenn euch was fehlt. </p>
<div id="ez-toc-container" class="ez-toc-v2_0_82_2 counter-hierarchy ez-toc-counter ez-toc-white ez-toc-container-direction">
<div class="ez-toc-title-container">
<p class="ez-toc-title" style="cursor:inherit">Inhalt</p>
<span class="ez-toc-title-toggle"><a href="#" class="ez-toc-pull-right ez-toc-btn ez-toc-btn-xs ez-toc-btn-default ez-toc-toggle" aria-label="Toggle Table of Content"><span class="ez-toc-js-icon-con"><span class=""><span class="eztoc-hide" style="display:none;">Toggle</span><span class="ez-toc-icon-toggle-span"><svg style="fill: #999;color:#999" xmlns="http://www.w3.org/2000/svg" class="list-377408" width="20px" height="20px" viewBox="0 0 24 24" fill="none"><path d="M6 6H4v2h2V6zm14 0H8v2h12V6zM4 11h2v2H4v-2zm16 0H8v2h12v-2zM4 16h2v2H4v-2zm16 0H8v2h12v-2z" fill="currentColor"></path></svg><svg style="fill: #999;color:#999" class="arrow-unsorted-368013" xmlns="http://www.w3.org/2000/svg" width="10px" height="10px" viewBox="0 0 24 24" version="1.2" baseProfile="tiny"><path d="M18.2 9.3l-6.2-6.3-6.2 6.3c-.2.2-.3.4-.3.7s.1.5.3.7c.2.2.4.3.7.3h11c.3 0 .5-.1.7-.3.2-.2.3-.5.3-.7s-.1-.5-.3-.7zM5.8 14.7l6.2 6.3 6.2-6.3c.2-.2.3-.5.3-.7s-.1-.5-.3-.7c-.2-.2-.4-.3-.7-.3h-11c-.3 0-.5.1-.7.3-.2.2-.3.5-.3.7s.1.5.3.7z"/></svg></span></span></span></a></span></div>
<nav><ul class='ez-toc-list ez-toc-list-level-1 ' ><li class='ez-toc-page-1 ez-toc-heading-level-2'><a class="ez-toc-link ez-toc-heading-1" href="https://www.netz-barrierefrei.de/wordpress/newsletter-digitale-barrierefreiheit/neuigkeiten-zur-barrierefreiheit-im-november/#Veranstaltungen" >Veranstaltungen</a></li><li class='ez-toc-page-1 ez-toc-heading-level-2'><a class="ez-toc-link ez-toc-heading-2" href="https://www.netz-barrierefrei.de/wordpress/newsletter-digitale-barrierefreiheit/neuigkeiten-zur-barrierefreiheit-im-november/#Interessante_Beitraege_und_Artikel" >Interessante Beiträge und Artikel</a></li><li class='ez-toc-page-1 ez-toc-heading-level-2'><a class="ez-toc-link ez-toc-heading-3" href="https://www.netz-barrierefrei.de/wordpress/newsletter-digitale-barrierefreiheit/neuigkeiten-zur-barrierefreiheit-im-november/#Aeltere_Ausgaben_des_Newsletters" >Ältere Ausgaben des Newsletters</a></li><li class='ez-toc-page-1 ez-toc-heading-level-2'><a class="ez-toc-link ez-toc-heading-4" href="https://www.netz-barrierefrei.de/wordpress/newsletter-digitale-barrierefreiheit/neuigkeiten-zur-barrierefreiheit-im-november/#Newsletter_abonnieren" >Newsletter abonnieren</a></li></ul></nav></div>
<h2><span class="ez-toc-section" id="Veranstaltungen"></span>Veranstaltungen<span class="ez-toc-section-end"></span></h2>
<p>Als deutschsprachiges Highlight kann sicherlich der Accessibility Club Anfang November in Berlin gelten. Laut Veranstaltern war er ausverkauft, was mich natürlich freut, das zeigt, dass das Thema wichtiger wird. Die Veranstalter wollen die Inhalte online stellen, bisher ist aber noch nichts zu sehen.<br />
Auch die <span class="removed_link" title="https://www.gemeinsam-einfach-machen.de/GEM/DE/AS/Home/as_node.html">Inklusionstage 2018des Bundessozialministeriums</span> drehten sich dieses Jahr um das Thema digitale Inklusion und Barrierefreiheit.<br />
Die Deaf IT-Konferenz hatte ich persönlich gar nicht auf dem Schirm. Aber auch dort wurden viele Sessions zur Barrierefreiheit abgehalten.<br />
Die Gewinner des <span class="removed_link" title="https://newsroom.unitymedia.de/pressemitteilungen/award-fuer-den-abbau-digitaler-barrieren-die-sieger-der-digital-imagination-challenge/">Digital Imagination Challenge</span> sind gekürt worden. Mein Glückwunsch.<br />
Im Dezember wird es keine große Veranstaltung geben, dafür aber einige Kleinere. So finden am 3. Dezember &#8211; dem Tag der Behinderten &#8211; vielerorts Veranstaltungen zu Inklusion oder Barrierefreiheit statt. Leider kenne ich keine zentrale Stelle, wo man sich darüber informieren kann, was es so geben wird.<br />
Außerdem gibt es am 6. und 7. Dezember die <span class="removed_link" title="https://www.code-your-life.org/Blog/1412_Save_the_date_CODE_affair_2018.htm">Code Affair</span> in Berlin, wo digitale Inklusion auch wichtig sein wird. </p>
<h2><span class="ez-toc-section" id="Interessante_Beitraege_und_Artikel"></span>Interessante Beiträge und Artikel<span class="ez-toc-section-end"></span></h2>
<p>Wolfgang Wiese und Johannes Nehlsen haben einen deutschsprachigen, frei zugänglichen Leitfaden zur digitalen Barrierefreiheit veröffentlicht.<br />
Ein Rechtsgutachten der Antidiskriminierungsstelle geht davon aus, dass Behinderte noch mehr Rechte zur Barrierefreiheit geltend machen können. Entscheidendes Instrument seien dabei die angemessenen Vorkehrungen.<br />
Die Deutsche Zentralbücherei für Blinde bietet im Dezember einen Adventskalender mit <span class="removed_link" title="https://blog.dzb.de/2018/11/30/wir-oeffnen-tueren/#Tuer5">Tipps zu barrierefreien eBooks</span>.<br />
Die Web Accessibility Initiative &#8211; der Vatikan für Freunde der digitalen Barrierefreiheit &#8211; hat zwei interessante Dokumente veröffentlicht bzw. aktualisiert. <a target="_blank" href="https://www.w3.org/WAI/planning/statements/" rel="noopener noreferrer">Ein Tool</a> soll dabei helfen, eine Erklärung zur Barrierefreiheit zu erstellen. Ein weiteres Dokument <a target="_blank" href="https://www.w3.org/WAI/business-case/" rel="noopener noreferrer">beschäftigt sich mit dem Business Case</a> für digitale Barrierefreiheit.<br />
Was die EU-Richtlinie 2106 für barrierefreie PDFs bedeutet, wurde in diesem englischsprachigen Artikel zusammengefasst.<br />
Nach dem Aktionsplan für Inklusion scheint es jetzt auch einen Aktionsplan für Barrierefreiheit zu geben, beschränkt sich natürlich nicht auf digitale Barrierefreiheit. Das Instrument wird in einem englischen Artikel näher vorgestellt.<br />
Ein lesenswerter Artikel von David Swallow beschäftigt sich mit der Barrierefreiheit für Menschen mit Angststörungen: A web of anxiety: accessibility for people with anxiety and panic disorders.<br />
Auf 24 Accessibility erscheint bis Weihnachten jeden Tag ein <a target="_blank" href="https://www.24a11y.com/" rel="noopener noreferrer">Artikel zur Barrierefreiheit</a>.<br />
WebAIM hat die Ergebnisse einer nicht-repräsentativen Umfrage unter sehbehinderten Internet-Nutzern <a target="_blank" href="https://webaim.org/projects/lowvisionsurvey2/" rel="noopener noreferrer">veröffentlicht</a>. </p>
<h2><span class="ez-toc-section" id="Aeltere_Ausgaben_des_Newsletters"></span>Ältere Ausgaben des Newsletters<span class="ez-toc-section-end"></span></h2>
<p><a target="_blank" href="https://www.netz-barrierefrei.de/wordpress/newsletter-digitale-barrierefreiheit/neuigkeiten-zur-barrierefreiheit-im-oktober/" rel="noopener noreferrer">Newsletter im Oktober</a><br />
<a target="_blank" href="https://www.netz-barrierefrei.de/wordpress/newsletter-digitale-barrierefreiheit/neuigkeiten-zur-barrierefreiheit-im-september/" rel="noopener noreferrer">Newsletter im September</a></p>
<h2><span class="ez-toc-section" id="Newsletter_abonnieren"></span>Newsletter abonnieren<span class="ez-toc-section-end"></span></h2>
<p>[newsletter2go]</p>

<p>Ein Riesenthema gab es im November nicht, dafür viele kleine Diskussionen und Veranstaltungen. Aufreger im Twitterstrom war Instagrams Mitteilung, es werde zukünftig automatische Alternativtexte hinzufügen.&#8230;</p>
<div class="more-link-wrapper"><a class="more-link" href="https://www.netz-barrierefrei.de/wordpress/newsletter-digitale-barrierefreiheit/neuigkeiten-zur-barrierefreiheit-im-november/">Weiterlesen<span class="screen-reader-text">Neuigkeiten zur Barrierefreiheit im November</span></a></div>
