{"id":1659,"date":"2019-03-14T18:06:27","date_gmt":"2019-03-14T16:06:27","guid":{"rendered":"http:\/\/www.netz-barrierefrei.de\/wordpress\/?page_id=1659"},"modified":"2020-12-08T20:53:09","modified_gmt":"2020-12-08T18:53:09","slug":"barrierefreiheit-bei-instagram","status":"publish","type":"page","link":"https:\/\/www.netz-barrierefrei.de\/wordpress\/barrierefreies-web-2-0-ein-leitfaden-zu-social-media-und-behinderung\/barrierefreiheit-bei-instagram\/","title":{"rendered":"Barrierefreiheit bei Instagram"},"content":{"rendered":"<p><iframe loading=\"lazy\" width=\"560\" height=\"315\" src=\"https:\/\/www.youtube-nocookie.com\/embed\/ZxwFbFCWPw8\" frameborder=\"0\" allow=\"accelerometer; autoplay; clipboard-write; encrypted-media; gyroscope; picture-in-picture\" allowfullscreen><\/iframe>Instagram ist in erster Linie ein visuelles Netzwerk. F\u00fcr Blinde und stark Sehbehinderte ist s deshalb nicht unbedingt attraktiv, das hei\u00dft aber nicht, dass sie es nicht nutzen. F\u00fcr andere behinderte Menschen ist es ebenso wichtig wie f\u00fcr nicht-behinderte Personen. <\/p>\n<div id=\"ez-toc-container\" class=\"ez-toc-v2_0_82_2 counter-hierarchy ez-toc-counter ez-toc-white ez-toc-container-direction\">\n<div class=\"ez-toc-title-container\">\n<p class=\"ez-toc-title\" style=\"cursor:inherit\">Inhalt<\/p>\n<span class=\"ez-toc-title-toggle\"><a href=\"#\" class=\"ez-toc-pull-right ez-toc-btn ez-toc-btn-xs ez-toc-btn-default ez-toc-toggle\" aria-label=\"Toggle Table of Content\"><span class=\"ez-toc-js-icon-con\"><span class=\"\"><span class=\"eztoc-hide\" style=\"display:none;\">Toggle<\/span><span class=\"ez-toc-icon-toggle-span\"><svg style=\"fill: #999;color:#999\" xmlns=\"http:\/\/www.w3.org\/2000\/svg\" class=\"list-377408\" width=\"20px\" height=\"20px\" viewBox=\"0 0 24 24\" fill=\"none\"><path d=\"M6 6H4v2h2V6zm14 0H8v2h12V6zM4 11h2v2H4v-2zm16 0H8v2h12v-2zM4 16h2v2H4v-2zm16 0H8v2h12v-2z\" fill=\"currentColor\"><\/path><\/svg><svg style=\"fill: #999;color:#999\" class=\"arrow-unsorted-368013\" xmlns=\"http:\/\/www.w3.org\/2000\/svg\" width=\"10px\" height=\"10px\" viewBox=\"0 0 24 24\" version=\"1.2\" baseProfile=\"tiny\"><path d=\"M18.2 9.3l-6.2-6.3-6.2 6.3c-.2.2-.3.4-.3.7s.1.5.3.7c.2.2.4.3.7.3h11c.3 0 .5-.1.7-.3.2-.2.3-.5.3-.7s-.1-.5-.3-.7zM5.8 14.7l6.2 6.3 6.2-6.3c.2-.2.3-.5.3-.7s-.1-.5-.3-.7c-.2-.2-.4-.3-.7-.3h-11c-.3 0-.5.1-.7.3-.2.2-.3.5-.3.7s.1.5.3.7z\"\/><\/svg><\/span><\/span><\/span><\/a><\/span><\/div>\n<nav><ul class='ez-toc-list ez-toc-list-level-1 ' ><li class='ez-toc-page-1 ez-toc-heading-level-2'><a class=\"ez-toc-link ez-toc-heading-1\" href=\"https:\/\/www.netz-barrierefrei.de\/wordpress\/barrierefreies-web-2-0-ein-leitfaden-zu-social-media-und-behinderung\/barrierefreiheit-bei-instagram\/#Bilder\" >Bilder<\/a><\/li><li class='ez-toc-page-1 ez-toc-heading-level-2'><a class=\"ez-toc-link ez-toc-heading-2\" href=\"https:\/\/www.netz-barrierefrei.de\/wordpress\/barrierefreies-web-2-0-ein-leitfaden-zu-social-media-und-behinderung\/barrierefreiheit-bei-instagram\/#Alternativtexte_bei_Instagram\" >Alternativtexte bei Instagram<\/a><\/li><li class='ez-toc-page-1 ez-toc-heading-level-2'><a class=\"ez-toc-link ez-toc-heading-3\" href=\"https:\/\/www.netz-barrierefrei.de\/wordpress\/barrierefreies-web-2-0-ein-leitfaden-zu-social-media-und-behinderung\/barrierefreiheit-bei-instagram\/#Untertitel_und_Audiodeskriptionen_bei_Instagram\" >Untertitel und Audiodeskriptionen bei Instagram<\/a><\/li><li class='ez-toc-page-1 ez-toc-heading-level-2'><a class=\"ez-toc-link ez-toc-heading-4\" href=\"https:\/\/www.netz-barrierefrei.de\/wordpress\/barrierefreies-web-2-0-ein-leitfaden-zu-social-media-und-behinderung\/barrierefreiheit-bei-instagram\/#Weitere_Infos\" >Weitere Infos<\/a><\/li><\/ul><\/nav><\/div>\n<h2><span class=\"ez-toc-section\" id=\"Bilder\"><\/span>Bilder<span class=\"ez-toc-section-end\"><\/span><\/h2>\n<p>Instagram hat sich als wichtiger Kommunikationskanal etabliert. F\u00fcr die Bilder, die Sie dort posten gelten nat\u00fcrlich die gleichen Anforderungen wie f\u00fcr alle Plattformen.<br \/>\nBeachten Sie auch, dass der zu gut gemeinte Einsatz von Filtern die Erkennbarkeit des Bildobjekts deutlich verschlechtern kann. Sieht der Follower nur Bilder, deren Inhalt er nicht erkennen kann, wird er ihnen nicht folgen bzw. entfolgen. Die Hashtags erf\u00fcllen bei Instagramm die Funktion einer Bildbeschreibung f\u00fcr Sehbehinderte. Sie erkennen an den Begriffen, was ungef\u00e4hr zu sehen ist und worauf sie achten m\u00fcssen.<\/p>\n<h2><span class=\"ez-toc-section\" id=\"Alternativtexte_bei_Instagram\"><\/span>Alternativtexte bei Instagram<span class=\"ez-toc-section-end\"><\/span><\/h2>\n<p>Instagram erlaubt mittlerweile das Hinzuf\u00fcgen von alternativenBildbeschreibungen f\u00fcr Blinde. Diese k\u00f6nnen einfach beim Hochladen des Bildes beschrieben werden. Au\u00dferdem kann Instagram \u00e4hnlich wie Facebook  automatisch generierte Beschreibungen zu den Bildern hinzuf\u00fcgen. Da bei instagram die Fotos der eigentliche Inhalt sind und diese Bilder nur schwer von der Software adequat beschrieben werden k\u00f6nnen empfehle ich dringend, eigene Alternativtexte hinzuzuf\u00fcgen. <\/p>\n<h2><span class=\"ez-toc-section\" id=\"Untertitel_und_Audiodeskriptionen_bei_Instagram\"><\/span>Untertitel und Audiodeskriptionen bei Instagram<span class=\"ez-toc-section-end\"><\/span><\/h2>\n<p>Instagram erlaubt derzeit nicht das Erg\u00e4nzen von geschlossenen Untertiteln. Verwenden Sie Videos, sollten die Untertitel fest in den Film gebrannt werden. Alternativ kann Instagramm selbst Untertitel hinzuf\u00fcgen. Au\u00dferdem gibt es diverse Dritt-Anbieter, \u00fcber die geschlossene Untertitel hinzugef\u00fcgt werden k\u00f6nnen. Aktuell halte ich die letzte Variante &#8211; die Dritt-Anbieter f\u00fcr geschlossene Untertitel &#8211; f\u00fcr am besten. Bei eingebrannten und automatisch hinzugef\u00fcgten Untertiteln k\u00f6nnen sich beide ins Gehegee kommen, so dass beide nicht lesbar sind.<br \/>\nInstagram erlaubt aktuell nicht das Zu- und Abschalten von AudioDeskriptionen. Diese sollten als normaler Kommentar direkt in den Film integriert werden. <\/p>\n<h2><span class=\"ez-toc-section\" id=\"Weitere_Infos\"><\/span>Weitere Infos<span class=\"ez-toc-section-end\"><\/span><\/h2>\n<ul>\n<li>Informationen zur Barrierefreiheit bei Instagram<\/li>\n<li><a href=\"https:\/\/www.netz-barrierefrei.de\/wordpress\/barrierefreiheit-bei-audio-und-video-multimedia-fuer-alle\/\">Barrierefreies Multimedia<\/a><\/li>\n<li><a href=\"https:\/\/www.netz-barrierefrei.de\/wordpress\/barrierefreies-internet\/barrierefreie-redaktion\/grafiken-und-bilder\/\">Barrierefreiheit bei Grafiken und Bildern<\/a><\/li>\n<li><a href=\"https:\/\/www.netz-barrierefrei.de\/wordpress\/barrierefreies-internet\/barrierefreie-redaktion\/grafiken-und-bilder\/bilder-und-grafiken-fuer-sehbehinderte-optimieren\/\">Sehbehinderung und Bilder\/Grafiken<\/a><\/li>\n<\/ul>\n","protected":false},"excerpt":{"rendered":"<p>Instagram ist in erster Linie ein visuelles Netzwerk. F\u00fcr Blinde und stark Sehbehinderte ist s deshalb nicht unbedingt attraktiv, das hei\u00dft aber nicht, dass sie&#8230;<\/p>\n<div class=\"more-link-wrapper\"><a class=\"more-link\" href=\"https:\/\/www.netz-barrierefrei.de\/wordpress\/barrierefreies-web-2-0-ein-leitfaden-zu-social-media-und-behinderung\/barrierefreiheit-bei-instagram\/\">Weiterlesen<span class=\"screen-reader-text\">Barrierefreiheit bei Instagram<\/span><\/a><\/div>\n","protected":false},"author":1,"featured_media":0,"parent":531,"menu_order":0,"comment_status":"closed","ping_status":"closed","template":"","meta":{"footnotes":""},"class_list":["post-1659","page","type-page","status-publish","hentry","entry"],"_links":{"self":[{"href":"https:\/\/www.netz-barrierefrei.de\/wordpress\/wp-json\/wp\/v2\/pages\/1659","targetHints":{"allow":["GET"]}}],"collection":[{"href":"https:\/\/www.netz-barrierefrei.de\/wordpress\/wp-json\/wp\/v2\/pages"}],"about":[{"href":"https:\/\/www.netz-barrierefrei.de\/wordpress\/wp-json\/wp\/v2\/types\/page"}],"author":[{"embeddable":true,"href":"https:\/\/www.netz-barrierefrei.de\/wordpress\/wp-json\/wp\/v2\/users\/1"}],"replies":[{"embeddable":true,"href":"https:\/\/www.netz-barrierefrei.de\/wordpress\/wp-json\/wp\/v2\/comments?post=1659"}],"version-history":[{"count":9,"href":"https:\/\/www.netz-barrierefrei.de\/wordpress\/wp-json\/wp\/v2\/pages\/1659\/revisions"}],"predecessor-version":[{"id":9684,"href":"https:\/\/www.netz-barrierefrei.de\/wordpress\/wp-json\/wp\/v2\/pages\/1659\/revisions\/9684"}],"up":[{"embeddable":true,"href":"https:\/\/www.netz-barrierefrei.de\/wordpress\/wp-json\/wp\/v2\/pages\/531"}],"wp:attachment":[{"href":"https:\/\/www.netz-barrierefrei.de\/wordpress\/wp-json\/wp\/v2\/media?parent=1659"}],"curies":[{"name":"wp","href":"https:\/\/api.w.org\/{rel}","templated":true}]}}

<p><iframe loading="lazy" width="560" height="315" src="https://www.youtube-nocookie.com/embed/ZxwFbFCWPw8" frameborder="0" allow="accelerometer; autoplay; clipboard-write; encrypted-media; gyroscope; picture-in-picture" allowfullscreen></iframe>Instagram ist in erster Linie ein visuelles Netzwerk. Für Blinde und stark Sehbehinderte ist s deshalb nicht unbedingt attraktiv, das heißt aber nicht, dass sie es nicht nutzen. Für andere behinderte Menschen ist es ebenso wichtig wie für nicht-behinderte Personen. </p>
<div id="ez-toc-container" class="ez-toc-v2_0_82_2 counter-hierarchy ez-toc-counter ez-toc-white ez-toc-container-direction">
<div class="ez-toc-title-container">
<p class="ez-toc-title" style="cursor:inherit">Inhalt</p>
<span class="ez-toc-title-toggle"><a href="#" class="ez-toc-pull-right ez-toc-btn ez-toc-btn-xs ez-toc-btn-default ez-toc-toggle" aria-label="Toggle Table of Content"><span class="ez-toc-js-icon-con"><span class=""><span class="eztoc-hide" style="display:none;">Toggle</span><span class="ez-toc-icon-toggle-span"><svg style="fill: #999;color:#999" xmlns="http://www.w3.org/2000/svg" class="list-377408" width="20px" height="20px" viewBox="0 0 24 24" fill="none"><path d="M6 6H4v2h2V6zm14 0H8v2h12V6zM4 11h2v2H4v-2zm16 0H8v2h12v-2zM4 16h2v2H4v-2zm16 0H8v2h12v-2z" fill="currentColor"></path></svg><svg style="fill: #999;color:#999" class="arrow-unsorted-368013" xmlns="http://www.w3.org/2000/svg" width="10px" height="10px" viewBox="0 0 24 24" version="1.2" baseProfile="tiny"><path d="M18.2 9.3l-6.2-6.3-6.2 6.3c-.2.2-.3.4-.3.7s.1.5.3.7c.2.2.4.3.7.3h11c.3 0 .5-.1.7-.3.2-.2.3-.5.3-.7s-.1-.5-.3-.7zM5.8 14.7l6.2 6.3 6.2-6.3c.2-.2.3-.5.3-.7s-.1-.5-.3-.7c-.2-.2-.4-.3-.7-.3h-11c-.3 0-.5.1-.7.3-.2.2-.3.5-.3.7s.1.5.3.7z"/></svg></span></span></span></a></span></div>
<nav><ul class='ez-toc-list ez-toc-list-level-1 ' ><li class='ez-toc-page-1 ez-toc-heading-level-2'><a class="ez-toc-link ez-toc-heading-1" href="https://www.netz-barrierefrei.de/wordpress/barrierefreies-web-2-0-ein-leitfaden-zu-social-media-und-behinderung/barrierefreiheit-bei-instagram/#Bilder" >Bilder</a></li><li class='ez-toc-page-1 ez-toc-heading-level-2'><a class="ez-toc-link ez-toc-heading-2" href="https://www.netz-barrierefrei.de/wordpress/barrierefreies-web-2-0-ein-leitfaden-zu-social-media-und-behinderung/barrierefreiheit-bei-instagram/#Alternativtexte_bei_Instagram" >Alternativtexte bei Instagram</a></li><li class='ez-toc-page-1 ez-toc-heading-level-2'><a class="ez-toc-link ez-toc-heading-3" href="https://www.netz-barrierefrei.de/wordpress/barrierefreies-web-2-0-ein-leitfaden-zu-social-media-und-behinderung/barrierefreiheit-bei-instagram/#Untertitel_und_Audiodeskriptionen_bei_Instagram" >Untertitel und Audiodeskriptionen bei Instagram</a></li><li class='ez-toc-page-1 ez-toc-heading-level-2'><a class="ez-toc-link ez-toc-heading-4" href="https://www.netz-barrierefrei.de/wordpress/barrierefreies-web-2-0-ein-leitfaden-zu-social-media-und-behinderung/barrierefreiheit-bei-instagram/#Weitere_Infos" >Weitere Infos</a></li></ul></nav></div>
<h2><span class="ez-toc-section" id="Bilder"></span>Bilder<span class="ez-toc-section-end"></span></h2>
<p>Instagram hat sich als wichtiger Kommunikationskanal etabliert. Für die Bilder, die Sie dort posten gelten natürlich die gleichen Anforderungen wie für alle Plattformen.<br />
Beachten Sie auch, dass der zu gut gemeinte Einsatz von Filtern die Erkennbarkeit des Bildobjekts deutlich verschlechtern kann. Sieht der Follower nur Bilder, deren Inhalt er nicht erkennen kann, wird er ihnen nicht folgen bzw. entfolgen. Die Hashtags erfüllen bei Instagramm die Funktion einer Bildbeschreibung für Sehbehinderte. Sie erkennen an den Begriffen, was ungefähr zu sehen ist und worauf sie achten müssen.</p>
<h2><span class="ez-toc-section" id="Alternativtexte_bei_Instagram"></span>Alternativtexte bei Instagram<span class="ez-toc-section-end"></span></h2>
<p>Instagram erlaubt mittlerweile das Hinzufügen von alternativenBildbeschreibungen für Blinde. Diese können einfach beim Hochladen des Bildes beschrieben werden. Außerdem kann Instagram ähnlich wie Facebook  automatisch generierte Beschreibungen zu den Bildern hinzufügen. Da bei instagram die Fotos der eigentliche Inhalt sind und diese Bilder nur schwer von der Software adequat beschrieben werden können empfehle ich dringend, eigene Alternativtexte hinzuzufügen. </p>
<h2><span class="ez-toc-section" id="Untertitel_und_Audiodeskriptionen_bei_Instagram"></span>Untertitel und Audiodeskriptionen bei Instagram<span class="ez-toc-section-end"></span></h2>
<p>Instagram erlaubt derzeit nicht das Ergänzen von geschlossenen Untertiteln. Verwenden Sie Videos, sollten die Untertitel fest in den Film gebrannt werden. Alternativ kann Instagramm selbst Untertitel hinzufügen. Außerdem gibt es diverse Dritt-Anbieter, über die geschlossene Untertitel hinzugefügt werden können. Aktuell halte ich die letzte Variante &#8211; die Dritt-Anbieter für geschlossene Untertitel &#8211; für am besten. Bei eingebrannten und automatisch hinzugefügten Untertiteln können sich beide ins Gehegee kommen, so dass beide nicht lesbar sind.<br />
Instagram erlaubt aktuell nicht das Zu- und Abschalten von AudioDeskriptionen. Diese sollten als normaler Kommentar direkt in den Film integriert werden. </p>
<h2><span class="ez-toc-section" id="Weitere_Infos"></span>Weitere Infos<span class="ez-toc-section-end"></span></h2>
<ul>
<li>Informationen zur Barrierefreiheit bei Instagram</li>
<li><a href="https://www.netz-barrierefrei.de/wordpress/barrierefreiheit-bei-audio-und-video-multimedia-fuer-alle/">Barrierefreies Multimedia</a></li>
<li><a href="https://www.netz-barrierefrei.de/wordpress/barrierefreies-internet/barrierefreie-redaktion/grafiken-und-bilder/">Barrierefreiheit bei Grafiken und Bildern</a></li>
<li><a href="https://www.netz-barrierefrei.de/wordpress/barrierefreies-internet/barrierefreie-redaktion/grafiken-und-bilder/bilder-und-grafiken-fuer-sehbehinderte-optimieren/">Sehbehinderung und Bilder/Grafiken</a></li>
</ul>

<p>Instagram ist in erster Linie ein visuelles Netzwerk. Für Blinde und stark Sehbehinderte ist s deshalb nicht unbedingt attraktiv, das heißt aber nicht, dass sie&#8230;</p>
<div class="more-link-wrapper"><a class="more-link" href="https://www.netz-barrierefrei.de/wordpress/barrierefreies-web-2-0-ein-leitfaden-zu-social-media-und-behinderung/barrierefreiheit-bei-instagram/">Weiterlesen<span class="screen-reader-text">Barrierefreiheit bei Instagram</span></a></div>
