{"id":2297,"date":"2019-06-03T14:55:25","date_gmt":"2019-06-03T12:55:25","guid":{"rendered":"http:\/\/www.netz-barrierefrei.de\/wordpress\/?page_id=2297"},"modified":"2022-11-24T10:40:17","modified_gmt":"2022-11-24T08:40:17","slug":"austausch-diskussion-zu-digitaler-barrierefreiheit","status":"publish","type":"page","link":"https:\/\/www.netz-barrierefrei.de\/wordpress\/newsletter-digitale-barrierefreiheit\/austausch-diskussion-zu-digitaler-barrierefreiheit\/","title":{"rendered":"Austausch\/Diskussion zu digitaler Barrierefreiheit"},"content":{"rendered":"<p><img loading=\"lazy\" decoding=\"async\" src=\"https:\/\/www.netz-barrierefrei.de\/wordpress\/wp-content\/uploads\/stilisierte-figuren-diskussion.jpg\" alt=\"\" width=\"960\" height=\"640\" class=\"alignleft size-full wp-image-3040\" srcset=\"https:\/\/www.netz-barrierefrei.de\/wordpress\/wp-content\/uploads\/stilisierte-figuren-diskussion.jpg 960w, https:\/\/www.netz-barrierefrei.de\/wordpress\/wp-content\/uploads\/stilisierte-figuren-diskussion-300x200.jpg 300w, https:\/\/www.netz-barrierefrei.de\/wordpress\/wp-content\/uploads\/stilisierte-figuren-diskussion-768x512.jpg 768w\" sizes=\"auto, (max-width: 960px) 100vw, 960px\" \/>Leider gibt es aktuell insgesamt kaum deutschsprachige spezielle Foren oder Mailinglisten, auf denen man sich zum Thema Barrierefreiheit austauschen kann. Haben Sie Fragen in spezifischen Bereichen wie etwa zum Thema Internet oder PDF, w\u00fcrde ich die entsprechenden Fachforen empfehlen. Also die Foren, wo sich Leute generell zum Thema Internet oder Desktop-Publishing austauschen.<br \/>\nEinige der Gruppen sind erst nach dem Login sichtbar. Falls Sie die Gruppe nicht finden, nutzen Sie bitte die Suchfunktion des jeweiligen Netzwerks oder die Suchmaschine Ihres Vertrauens.<\/p>\n<div id=\"ez-toc-container\" class=\"ez-toc-v2_0_82_2 counter-hierarchy ez-toc-counter ez-toc-white ez-toc-container-direction\">\n<div class=\"ez-toc-title-container\">\n<p class=\"ez-toc-title\" style=\"cursor:inherit\">Inhalt<\/p>\n<span class=\"ez-toc-title-toggle\"><a href=\"#\" class=\"ez-toc-pull-right ez-toc-btn ez-toc-btn-xs ez-toc-btn-default ez-toc-toggle\" aria-label=\"Toggle Table of Content\"><span class=\"ez-toc-js-icon-con\"><span class=\"\"><span class=\"eztoc-hide\" style=\"display:none;\">Toggle<\/span><span class=\"ez-toc-icon-toggle-span\"><svg style=\"fill: #999;color:#999\" xmlns=\"http:\/\/www.w3.org\/2000\/svg\" class=\"list-377408\" width=\"20px\" height=\"20px\" viewBox=\"0 0 24 24\" fill=\"none\"><path d=\"M6 6H4v2h2V6zm14 0H8v2h12V6zM4 11h2v2H4v-2zm16 0H8v2h12v-2zM4 16h2v2H4v-2zm16 0H8v2h12v-2z\" fill=\"currentColor\"><\/path><\/svg><svg style=\"fill: #999;color:#999\" class=\"arrow-unsorted-368013\" xmlns=\"http:\/\/www.w3.org\/2000\/svg\" width=\"10px\" height=\"10px\" viewBox=\"0 0 24 24\" version=\"1.2\" baseProfile=\"tiny\"><path d=\"M18.2 9.3l-6.2-6.3-6.2 6.3c-.2.2-.3.4-.3.7s.1.5.3.7c.2.2.4.3.7.3h11c.3 0 .5-.1.7-.3.2-.2.3-.5.3-.7s-.1-.5-.3-.7zM5.8 14.7l6.2 6.3 6.2-6.3c.2-.2.3-.5.3-.7s-.1-.5-.3-.7c-.2-.2-.4-.3-.7-.3h-11c-.3 0-.5.1-.7.3-.2.2-.3.5-.3.7s.1.5.3.7z\"\/><\/svg><\/span><\/span><\/span><\/a><\/span><\/div>\n<nav><ul class='ez-toc-list ez-toc-list-level-1 ' ><li class='ez-toc-page-1 ez-toc-heading-level-2'><a class=\"ez-toc-link ez-toc-heading-1\" href=\"https:\/\/www.netz-barrierefrei.de\/wordpress\/newsletter-digitale-barrierefreiheit\/austausch-diskussion-zu-digitaler-barrierefreiheit\/#Allgemeine_Foren\" >Allgemeine Foren<\/a><\/li><li class='ez-toc-page-1 ez-toc-heading-level-2'><a class=\"ez-toc-link ez-toc-heading-2\" href=\"https:\/\/www.netz-barrierefrei.de\/wordpress\/newsletter-digitale-barrierefreiheit\/austausch-diskussion-zu-digitaler-barrierefreiheit\/#Barrierefreies_Internet\" >Barrierefreies Internet<\/a><\/li><li class='ez-toc-page-1 ez-toc-heading-level-2'><a class=\"ez-toc-link ez-toc-heading-3\" href=\"https:\/\/www.netz-barrierefrei.de\/wordpress\/newsletter-digitale-barrierefreiheit\/austausch-diskussion-zu-digitaler-barrierefreiheit\/#Barrierefreies_PDF\" >Barrierefreies PDF<\/a><\/li><li class='ez-toc-page-1 ez-toc-heading-level-2'><a class=\"ez-toc-link ez-toc-heading-4\" href=\"https:\/\/www.netz-barrierefrei.de\/wordpress\/newsletter-digitale-barrierefreiheit\/austausch-diskussion-zu-digitaler-barrierefreiheit\/#Einfache_und_Leichte_Sprache\" >Einfache und Leichte Sprache<\/a><\/li><li class='ez-toc-page-1 ez-toc-heading-level-2'><a class=\"ez-toc-link ez-toc-heading-5\" href=\"https:\/\/www.netz-barrierefrei.de\/wordpress\/newsletter-digitale-barrierefreiheit\/austausch-diskussion-zu-digitaler-barrierefreiheit\/#Allgemeines_zu_Barrierefreiheit\" >Allgemeines zu Barrierefreiheit<\/a><\/li><li class='ez-toc-page-1 ez-toc-heading-level-2'><a class=\"ez-toc-link ez-toc-heading-6\" href=\"https:\/\/www.netz-barrierefrei.de\/wordpress\/newsletter-digitale-barrierefreiheit\/austausch-diskussion-zu-digitaler-barrierefreiheit\/#Content_Management_Systeme\" >Content Management Systeme<\/a><\/li><\/ul><\/nav><\/div>\n<h2><span class=\"ez-toc-section\" id=\"Allgemeine_Foren\"><\/span>Allgemeine Foren<span class=\"ez-toc-section-end\"><\/span><\/h2>\n<p>Eine gute Anlaufstelle zum Thema Internet ist das <a href=\"https:\/\/forum.selfhtml.org\/\">SelfHTML-Forum<\/a>. Zum Thema barrierefreie Dokumente finden Sie eventuell Hilfe im Fachportal <a href=\"https:\/\/www.mediengestalter.info\/\">Mediengestalter.info<\/a>.<br \/>\nNat\u00fcrlich finden Sie auch auf Facebook oder in anderen Portalen die M\u00f6glichkeit, sich mit Fachleuten auszutauschen. Viele Facebook-Gruppen sind relativ aktiv.<br \/>\n\u00c4hnliches gilt, wenn Sie sich f\u00fcr spezielle Redaktionssysteme interessieren. Die gro\u00dfen Systeme wie Drupal und wordpress unterhalten eigene Subforen zum Thema Barrierefreiheit, allerdings vor allem auf Englisch. In den deutschsprachigen Foren sollten sich aber ebenfalls Personen finden, die sich mit Barrierefreiheit auskennen.<br \/>\nBei <a href=\"https:\/\/www.webaxe.org\/digital-accessibility-newsletters\/\">WebAXE finden Sie eine Reihe englisch-sprachiger Newsletter<\/a> und weitere Informationsquellen zum Thema digitale Barrierefreiheit.<br \/>\n<a href=\"https:\/\/www.linkedin.com\/signup\/cold-join?session_redirect=https%3A%2F%2Fwww%2Elinkedin%2Ecom%2Fgroups%2F761737%2F&amp;trk=login_reg_redirect\">Linkedin-Gruppe Section 508 Proffessionals<\/a> &#8211; Die Section 508 ist das US-amerikanische Gesetz f\u00fcr Bundesbeh\u00f6rden zur digitalen Barrierefreiheit. <\/p>\n<h2><span class=\"ez-toc-section\" id=\"Barrierefreies_Internet\"><\/span>Barrierefreies Internet<span class=\"ez-toc-section-end\"><\/span><\/h2>\n<p>Beim Thema barrierefreies Internet kommt man an Englisch kaum vorbei. Mir ist derzeit kein besonders aktives deutschsprachiges Forum bekannt. <\/p>\n<ul>\n<li>Die englischsprachige <a href=\"https:\/\/www.w3.org\/WAI\/about\/groups\/waiig\/\">Mailingliste des w3C <\/a><\/li>\n<li>Die englischsprachige <a href=\"https:\/\/webaim.org\/discussion\/\">Mailingliste von WebAIM<\/a><\/li>\n<li>Facebook-Gruppe Promote Web Accessibility and Web Standards<\/li>\n<li><a href=\"https:\/\/www.facebook.com\/login.php?next=https%3A%2F%2Fwww.facebook.com%2Fprivacy%2Fconsent%2Fuser_cookie_choice%2F%3Fsource%3Dpft_user_cookie_choice\">Facebook-GruppeWeb Accessibility and Technology<\/a><\/li>\n<li><a href=\"https:\/\/www.facebook.com\/login.php?next=https%3A%2F%2Fwww.facebook.com%2Fprivacy%2Fconsent%2Fuser_cookie_choice%2F%3Fsource%3Dpft_user_cookie_choice\">Facebook-Grupep: ACCESSIBILITY A11Y<\/a><\/li>\n<li>Facebook-Gruppe: WCAG A11y Professionals<\/li>\n<li><a href=\"https:\/\/a11yclub.slack.com\/join\/shared_invite\/enQtNzQzNTcwNDQxMDI0LTAwYjc0Njk4NTZjODQ2Y2U4NWNjMzE1ZjMzZDFlMTRhODJjYTVkNmRmN2YyYmExZWJjZjk5NmNhZmQ2ODJlYzM\">Deutschsprachiger Slack-Channel zu Barrierefreiheit<\/a><\/li>\n<li><a href=\"https:\/\/app.gitter.im\/\">w3c\/a11ySlackers &#8211; englischsprachiger Channel<\/a><\/li>\n<\/ul>\n<h2><span class=\"ez-toc-section\" id=\"Barrierefreies_PDF\"><\/span>Barrierefreies PDF<span class=\"ez-toc-section-end\"><\/span><\/h2>\n<ul>\n<li><a href=\"https:\/\/www.linkedin.com\/signup\/cold-join?session_redirect=https%3A%2F%2Fwww%2Elinkedin%2Ecom%2Fgroups%2F7474721%2F&amp;trk=login_reg_redirect\">LinkedIn-Gruppe (10) PDF Accessibility for Documents and Forms<\/a><\/li>\n<li><a href=\"https:\/\/community.adobe.com\/p\/acrobat\">Adobes Unterforum zu barrierefreien PDFs (englisch)<\/a><\/li>\n<li>Facebook-Gruppe <a href=\"https:\/\/www.facebook.com\/login.php?next=https%3A%2F%2Fwww.facebook.com%2Fprivacy%2Fconsent%2Fuser_cookie_choice%2F%3Fsource%3Dpft_user_cookie_choice\">PDF Accessibility<\/a><\/li>\n<\/ul>\n<h2><span class=\"ez-toc-section\" id=\"Einfache_und_Leichte_Sprache\"><\/span>Einfache und Leichte Sprache<span class=\"ez-toc-section-end\"><\/span><\/h2>\n<p>Auf Linkedin gibt es eine Gruppe zum Thema verst\u00e4ndliche Sprache, die relativ aktiv sind.<\/p>\n<ul>\n<li><a href=\"https:\/\/www.linkedin.com\/uas\/login?session_redirect=https%3A%2F%2Fwww.linkedin.com%2Fgroups%2F12709093%2F\">LI-Gruppe Leichte Sprache<\/a><\/li>\n<li><a href=\"https:\/\/www.netzwerk-leichte-sprache.de\/ls\/\">Forum des Netzwerk Leichte Sprache<\/a> &#8211; dieses Forum scheint allerdings den Netzwerk-Mitgliedern vorbehalten zu sein<\/li>\n<\/ul>\n<h2><span class=\"ez-toc-section\" id=\"Allgemeines_zu_Barrierefreiheit\"><\/span>Allgemeines zu Barrierefreiheit<span class=\"ez-toc-section-end\"><\/span><\/h2>\n<ul>\n<li><a href=\"https:\/\/www.linkedin.com\/signup\/cold-join?session_redirect=https%3A%2F%2Fwww%2Elinkedin%2Ecom%2Fgroups%2F1796098%2F&amp;trk=login_reg_redirect\">LinkedIn-Gruppe Accessibility-Consulting<\/a><\/li>\n<li><a href=\"https:\/\/www.linkedin.com\/signup\/cold-join?session_redirect=https%3A%2F%2Fwww%2Elinkedin%2Ecom%2Fgroups%2F4512178%2F&amp;trk=login_reg_redirect\">LinkedIn-Gruppe Accessibility Innovators<\/a><\/li>\n<\/ul>\n<h2><span class=\"ez-toc-section\" id=\"Content_Management_Systeme\"><\/span>Content Management Systeme<span class=\"ez-toc-section-end\"><\/span><\/h2>\n<p>Jedes gr\u00f6\u00dfere Open-Source-CMS hat nat\u00fcrlich ein Forum oder einen Support. An dieser Stelle gehe ich nur auf Systeme ein, meines Wissens die ein eigenes Unterforum f\u00fcr Barrierefreiheit unterhalten. Besuchen Sie ansonsten das jeweilige Oberforum zum CMS. <\/p>\n<ul>\n<li><a href=\"https:\/\/wordpress.org\/support\/forum\/accessibility\/\">WordPress<\/a><\/li>\n<li><a href=\"https:\/\/groups.drupal.org\/accessibility\">Drupal<\/a><\/li>\n<\/ul>\n<p>Falls Sie weitere Austauschm\u00f6glichkeiten kennen, freue ich mich \u00fcber einen Hinweis. <\/p>\n","protected":false},"excerpt":{"rendered":"<p>Leider gibt es aktuell insgesamt kaum deutschsprachige spezielle Foren oder Mailinglisten, auf denen man sich zum Thema Barrierefreiheit austauschen kann. Haben Sie Fragen in spezifischen&#8230;<\/p>\n<div class=\"more-link-wrapper\"><a class=\"more-link\" href=\"https:\/\/www.netz-barrierefrei.de\/wordpress\/newsletter-digitale-barrierefreiheit\/austausch-diskussion-zu-digitaler-barrierefreiheit\/\">Weiterlesen<span class=\"screen-reader-text\">Austausch\/Diskussion zu digitaler Barrierefreiheit<\/span><\/a><\/div>\n","protected":false},"author":1,"featured_media":0,"parent":1450,"menu_order":0,"comment_status":"open","ping_status":"open","template":"","meta":{"footnotes":""},"class_list":["post-2297","page","type-page","status-publish","hentry","entry"],"_links":{"self":[{"href":"https:\/\/www.netz-barrierefrei.de\/wordpress\/wp-json\/wp\/v2\/pages\/2297","targetHints":{"allow":["GET"]}}],"collection":[{"href":"https:\/\/www.netz-barrierefrei.de\/wordpress\/wp-json\/wp\/v2\/pages"}],"about":[{"href":"https:\/\/www.netz-barrierefrei.de\/wordpress\/wp-json\/wp\/v2\/types\/page"}],"author":[{"embeddable":true,"href":"https:\/\/www.netz-barrierefrei.de\/wordpress\/wp-json\/wp\/v2\/users\/1"}],"replies":[{"embeddable":true,"href":"https:\/\/www.netz-barrierefrei.de\/wordpress\/wp-json\/wp\/v2\/comments?post=2297"}],"version-history":[{"count":41,"href":"https:\/\/www.netz-barrierefrei.de\/wordpress\/wp-json\/wp\/v2\/pages\/2297\/revisions"}],"predecessor-version":[{"id":10737,"href":"https:\/\/www.netz-barrierefrei.de\/wordpress\/wp-json\/wp\/v2\/pages\/2297\/revisions\/10737"}],"up":[{"embeddable":true,"href":"https:\/\/www.netz-barrierefrei.de\/wordpress\/wp-json\/wp\/v2\/pages\/1450"}],"wp:attachment":[{"href":"https:\/\/www.netz-barrierefrei.de\/wordpress\/wp-json\/wp\/v2\/media?parent=2297"}],"curies":[{"name":"wp","href":"https:\/\/api.w.org\/{rel}","templated":true}]}}

<p><img loading="lazy" decoding="async" src="https://www.netz-barrierefrei.de/wordpress/wp-content/uploads/stilisierte-figuren-diskussion.jpg" alt="" width="960" height="640" class="alignleft size-full wp-image-3040" srcset="https://www.netz-barrierefrei.de/wordpress/wp-content/uploads/stilisierte-figuren-diskussion.jpg 960w, https://www.netz-barrierefrei.de/wordpress/wp-content/uploads/stilisierte-figuren-diskussion-300x200.jpg 300w, https://www.netz-barrierefrei.de/wordpress/wp-content/uploads/stilisierte-figuren-diskussion-768x512.jpg 768w" sizes="auto, (max-width: 960px) 100vw, 960px" />Leider gibt es aktuell insgesamt kaum deutschsprachige spezielle Foren oder Mailinglisten, auf denen man sich zum Thema Barrierefreiheit austauschen kann. Haben Sie Fragen in spezifischen Bereichen wie etwa zum Thema Internet oder PDF, würde ich die entsprechenden Fachforen empfehlen. Also die Foren, wo sich Leute generell zum Thema Internet oder Desktop-Publishing austauschen.<br />
Einige der Gruppen sind erst nach dem Login sichtbar. Falls Sie die Gruppe nicht finden, nutzen Sie bitte die Suchfunktion des jeweiligen Netzwerks oder die Suchmaschine Ihres Vertrauens.</p>
<div id="ez-toc-container" class="ez-toc-v2_0_82_2 counter-hierarchy ez-toc-counter ez-toc-white ez-toc-container-direction">
<div class="ez-toc-title-container">
<p class="ez-toc-title" style="cursor:inherit">Inhalt</p>
<span class="ez-toc-title-toggle"><a href="#" class="ez-toc-pull-right ez-toc-btn ez-toc-btn-xs ez-toc-btn-default ez-toc-toggle" aria-label="Toggle Table of Content"><span class="ez-toc-js-icon-con"><span class=""><span class="eztoc-hide" style="display:none;">Toggle</span><span class="ez-toc-icon-toggle-span"><svg style="fill: #999;color:#999" xmlns="http://www.w3.org/2000/svg" class="list-377408" width="20px" height="20px" viewBox="0 0 24 24" fill="none"><path d="M6 6H4v2h2V6zm14 0H8v2h12V6zM4 11h2v2H4v-2zm16 0H8v2h12v-2zM4 16h2v2H4v-2zm16 0H8v2h12v-2z" fill="currentColor"></path></svg><svg style="fill: #999;color:#999" class="arrow-unsorted-368013" xmlns="http://www.w3.org/2000/svg" width="10px" height="10px" viewBox="0 0 24 24" version="1.2" baseProfile="tiny"><path d="M18.2 9.3l-6.2-6.3-6.2 6.3c-.2.2-.3.4-.3.7s.1.5.3.7c.2.2.4.3.7.3h11c.3 0 .5-.1.7-.3.2-.2.3-.5.3-.7s-.1-.5-.3-.7zM5.8 14.7l6.2 6.3 6.2-6.3c.2-.2.3-.5.3-.7s-.1-.5-.3-.7c-.2-.2-.4-.3-.7-.3h-11c-.3 0-.5.1-.7.3-.2.2-.3.5-.3.7s.1.5.3.7z"/></svg></span></span></span></a></span></div>
<nav><ul class='ez-toc-list ez-toc-list-level-1 ' ><li class='ez-toc-page-1 ez-toc-heading-level-2'><a class="ez-toc-link ez-toc-heading-1" href="https://www.netz-barrierefrei.de/wordpress/newsletter-digitale-barrierefreiheit/austausch-diskussion-zu-digitaler-barrierefreiheit/#Allgemeine_Foren" >Allgemeine Foren</a></li><li class='ez-toc-page-1 ez-toc-heading-level-2'><a class="ez-toc-link ez-toc-heading-2" href="https://www.netz-barrierefrei.de/wordpress/newsletter-digitale-barrierefreiheit/austausch-diskussion-zu-digitaler-barrierefreiheit/#Barrierefreies_Internet" >Barrierefreies Internet</a></li><li class='ez-toc-page-1 ez-toc-heading-level-2'><a class="ez-toc-link ez-toc-heading-3" href="https://www.netz-barrierefrei.de/wordpress/newsletter-digitale-barrierefreiheit/austausch-diskussion-zu-digitaler-barrierefreiheit/#Barrierefreies_PDF" >Barrierefreies PDF</a></li><li class='ez-toc-page-1 ez-toc-heading-level-2'><a class="ez-toc-link ez-toc-heading-4" href="https://www.netz-barrierefrei.de/wordpress/newsletter-digitale-barrierefreiheit/austausch-diskussion-zu-digitaler-barrierefreiheit/#Einfache_und_Leichte_Sprache" >Einfache und Leichte Sprache</a></li><li class='ez-toc-page-1 ez-toc-heading-level-2'><a class="ez-toc-link ez-toc-heading-5" href="https://www.netz-barrierefrei.de/wordpress/newsletter-digitale-barrierefreiheit/austausch-diskussion-zu-digitaler-barrierefreiheit/#Allgemeines_zu_Barrierefreiheit" >Allgemeines zu Barrierefreiheit</a></li><li class='ez-toc-page-1 ez-toc-heading-level-2'><a class="ez-toc-link ez-toc-heading-6" href="https://www.netz-barrierefrei.de/wordpress/newsletter-digitale-barrierefreiheit/austausch-diskussion-zu-digitaler-barrierefreiheit/#Content_Management_Systeme" >Content Management Systeme</a></li></ul></nav></div>
<h2><span class="ez-toc-section" id="Allgemeine_Foren"></span>Allgemeine Foren<span class="ez-toc-section-end"></span></h2>
<p>Eine gute Anlaufstelle zum Thema Internet ist das <a href="https://forum.selfhtml.org/">SelfHTML-Forum</a>. Zum Thema barrierefreie Dokumente finden Sie eventuell Hilfe im Fachportal <a href="https://www.mediengestalter.info/">Mediengestalter.info</a>.<br />
Natürlich finden Sie auch auf Facebook oder in anderen Portalen die Möglichkeit, sich mit Fachleuten auszutauschen. Viele Facebook-Gruppen sind relativ aktiv.<br />
Ähnliches gilt, wenn Sie sich für spezielle Redaktionssysteme interessieren. Die großen Systeme wie Drupal und wordpress unterhalten eigene Subforen zum Thema Barrierefreiheit, allerdings vor allem auf Englisch. In den deutschsprachigen Foren sollten sich aber ebenfalls Personen finden, die sich mit Barrierefreiheit auskennen.<br />
Bei <a href="https://www.webaxe.org/digital-accessibility-newsletters/">WebAXE finden Sie eine Reihe englisch-sprachiger Newsletter</a> und weitere Informationsquellen zum Thema digitale Barrierefreiheit.<br />
<a href="https://www.linkedin.com/signup/cold-join?session_redirect=https%3A%2F%2Fwww%2Elinkedin%2Ecom%2Fgroups%2F761737%2F&amp;trk=login_reg_redirect">Linkedin-Gruppe Section 508 Proffessionals</a> &#8211; Die Section 508 ist das US-amerikanische Gesetz für Bundesbehörden zur digitalen Barrierefreiheit. </p>
<h2><span class="ez-toc-section" id="Barrierefreies_Internet"></span>Barrierefreies Internet<span class="ez-toc-section-end"></span></h2>
<p>Beim Thema barrierefreies Internet kommt man an Englisch kaum vorbei. Mir ist derzeit kein besonders aktives deutschsprachiges Forum bekannt. </p>
<ul>
<li>Die englischsprachige <a href="https://www.w3.org/WAI/about/groups/waiig/">Mailingliste des w3C </a></li>
<li>Die englischsprachige <a href="https://webaim.org/discussion/">Mailingliste von WebAIM</a></li>
<li>Facebook-Gruppe Promote Web Accessibility and Web Standards</li>
<li><a href="https://www.facebook.com/login.php?next=https%3A%2F%2Fwww.facebook.com%2Fprivacy%2Fconsent%2Fuser_cookie_choice%2F%3Fsource%3Dpft_user_cookie_choice">Facebook-GruppeWeb Accessibility and Technology</a></li>
<li><a href="https://www.facebook.com/login.php?next=https%3A%2F%2Fwww.facebook.com%2Fprivacy%2Fconsent%2Fuser_cookie_choice%2F%3Fsource%3Dpft_user_cookie_choice">Facebook-Grupep: ACCESSIBILITY A11Y</a></li>
<li>Facebook-Gruppe: WCAG A11y Professionals</li>
<li><a href="https://a11yclub.slack.com/join/shared_invite/enQtNzQzNTcwNDQxMDI0LTAwYjc0Njk4NTZjODQ2Y2U4NWNjMzE1ZjMzZDFlMTRhODJjYTVkNmRmN2YyYmExZWJjZjk5NmNhZmQ2ODJlYzM">Deutschsprachiger Slack-Channel zu Barrierefreiheit</a></li>
<li><a href="https://app.gitter.im/">w3c/a11ySlackers &#8211; englischsprachiger Channel</a></li>
</ul>
<h2><span class="ez-toc-section" id="Barrierefreies_PDF"></span>Barrierefreies PDF<span class="ez-toc-section-end"></span></h2>
<ul>
<li><a href="https://www.linkedin.com/signup/cold-join?session_redirect=https%3A%2F%2Fwww%2Elinkedin%2Ecom%2Fgroups%2F7474721%2F&amp;trk=login_reg_redirect">LinkedIn-Gruppe (10) PDF Accessibility for Documents and Forms</a></li>
<li><a href="https://community.adobe.com/p/acrobat">Adobes Unterforum zu barrierefreien PDFs (englisch)</a></li>
<li>Facebook-Gruppe <a href="https://www.facebook.com/login.php?next=https%3A%2F%2Fwww.facebook.com%2Fprivacy%2Fconsent%2Fuser_cookie_choice%2F%3Fsource%3Dpft_user_cookie_choice">PDF Accessibility</a></li>
</ul>
<h2><span class="ez-toc-section" id="Einfache_und_Leichte_Sprache"></span>Einfache und Leichte Sprache<span class="ez-toc-section-end"></span></h2>
<p>Auf Linkedin gibt es eine Gruppe zum Thema verständliche Sprache, die relativ aktiv sind.</p>
<ul>
<li><a href="https://www.linkedin.com/uas/login?session_redirect=https%3A%2F%2Fwww.linkedin.com%2Fgroups%2F12709093%2F">LI-Gruppe Leichte Sprache</a></li>
<li><a href="https://www.netzwerk-leichte-sprache.de/ls/">Forum des Netzwerk Leichte Sprache</a> &#8211; dieses Forum scheint allerdings den Netzwerk-Mitgliedern vorbehalten zu sein</li>
</ul>
<h2><span class="ez-toc-section" id="Allgemeines_zu_Barrierefreiheit"></span>Allgemeines zu Barrierefreiheit<span class="ez-toc-section-end"></span></h2>
<ul>
<li><a href="https://www.linkedin.com/signup/cold-join?session_redirect=https%3A%2F%2Fwww%2Elinkedin%2Ecom%2Fgroups%2F1796098%2F&amp;trk=login_reg_redirect">LinkedIn-Gruppe Accessibility-Consulting</a></li>
<li><a href="https://www.linkedin.com/signup/cold-join?session_redirect=https%3A%2F%2Fwww%2Elinkedin%2Ecom%2Fgroups%2F4512178%2F&amp;trk=login_reg_redirect">LinkedIn-Gruppe Accessibility Innovators</a></li>
</ul>
<h2><span class="ez-toc-section" id="Content_Management_Systeme"></span>Content Management Systeme<span class="ez-toc-section-end"></span></h2>
<p>Jedes größere Open-Source-CMS hat natürlich ein Forum oder einen Support. An dieser Stelle gehe ich nur auf Systeme ein, meines Wissens die ein eigenes Unterforum für Barrierefreiheit unterhalten. Besuchen Sie ansonsten das jeweilige Oberforum zum CMS. </p>
<ul>
<li><a href="https://wordpress.org/support/forum/accessibility/">WordPress</a></li>
<li><a href="https://groups.drupal.org/accessibility">Drupal</a></li>
</ul>
<p>Falls Sie weitere Austauschmöglichkeiten kennen, freue ich mich über einen Hinweis. </p>
