{"id":2527,"date":"2019-06-30T17:11:17","date_gmt":"2019-06-30T15:11:17","guid":{"rendered":"http:\/\/www.netz-barrierefrei.de\/wordpress\/?page_id=2527"},"modified":"2020-07-31T15:21:48","modified_gmt":"2020-07-31T13:21:48","slug":"neuigkeiten-zur-barrierefreiheit-im-juni-2019","status":"publish","type":"page","link":"https:\/\/www.netz-barrierefrei.de\/wordpress\/newsletter-digitale-barrierefreiheit\/neuigkeiten-zur-barrierefreiheit-im-juni-2019\/","title":{"rendered":"Neuigkeiten zur Barrierefreiheit im Juni 2019"},"content":{"rendered":"<p><img loading=\"lazy\" decoding=\"async\" src=\"https:\/\/www.netz-barrierefrei.de\/wordpress\/wp-content\/uploads\/praesidenten.jpg\" alt=\"In Stein gehauene Pr\u00e4sidenten bei Mount Rushmore\" width=\"960\" height=\"559\" class=\"alignleft size-full wp-image-2529\" srcset=\"https:\/\/www.netz-barrierefrei.de\/wordpress\/wp-content\/uploads\/praesidenten.jpg 960w, https:\/\/www.netz-barrierefrei.de\/wordpress\/wp-content\/uploads\/praesidenten-300x175.jpg 300w, https:\/\/www.netz-barrierefrei.de\/wordpress\/wp-content\/uploads\/praesidenten-768x447.jpg 768w\" sizes=\"auto, (max-width: 960px) 100vw, 960px\" \/>Update: Kurzfristig haben sich zwei interessante Dinge ergeben, die ich erg\u00e4nzen m\u00f6chte:<\/p>\n<ul>\n<li>Die University of Illinois <a href=\"https:\/\/www.coursera.org\/learn\/accessibility\">bietet einen Onlinekurs zur Einf\u00fchrung in die Barrierefreiheit<\/a>. Der Kurs ist bereits gestartet, l\u00e4uft aber noch eine Weile. Einige Lektionen sind kostenlos.<\/li>\n<li>Die Bitkom sucht Vortr\u00e4ge zum Thema Barrierefreiheit f\u00fcr eine Veranstaltung in Heidelberg. Die Vortr\u00e4ge m\u00fcssen bis zum 28.7. eingereicht werden.<\/li>\n<\/ul>\n<p>Der Juni war relativ ruhig. F\u00fcr ein wenig Aufregung sorgte eine <a title=\"\u00f6ffnet in neuem Fenster\" target=\"_blank\" href=\"https:\/\/www.miamilighthouse.org\/\" rel=\"noopener noreferrer\">Untersuchung des Miami Lighthouse for the blind<\/a>: Die Websites der demokratischen Pr\u00e4sidentschaftskandidaten seien nicht barrierefrei.<br \/>\nLeider muss ich das kritisch kommentieren: Es werden einfache Mechanismen gefordert, mit denen sich Schrift und Kontrast ver\u00e4ndern lassen. Diese website-eigenen Funktionen sind aber heute nicht mehr vorgeschrieben und unter Experten verp\u00f6nt. Betriebssysteme, Browser und Hilfstechnik k\u00f6nnen das wesentlich besser, deswegen gelten website-eigene Funktionen heute nicht mehr als sinnvoll. Andererseits fehlen auf vielen Seiten Informationen in der amerikanischen Geb\u00e4rdensprache oder in Leichter Sprache, was tats\u00e4chlich eine Barriere ist. Nebenbei ist das PDF, in welchem das Studiendesign beschrieben wird, nicht barrierefrei. Falsch ist auch, auf den Americans with Disabilities Act als Richtlinie zu verweisen. In Bezug auf das Internet sind die aktuellen Web Accessibility Guidelines sowie f\u00fcr die USA die Section 508 ma\u00dfgeblich. <\/p>\n<div id=\"ez-toc-container\" class=\"ez-toc-v2_0_82_2 counter-hierarchy ez-toc-counter ez-toc-white ez-toc-container-direction\">\n<div class=\"ez-toc-title-container\">\n<p class=\"ez-toc-title\" style=\"cursor:inherit\">Inhalt<\/p>\n<span class=\"ez-toc-title-toggle\"><a href=\"#\" class=\"ez-toc-pull-right ez-toc-btn ez-toc-btn-xs ez-toc-btn-default ez-toc-toggle\" aria-label=\"Toggle Table of Content\"><span class=\"ez-toc-js-icon-con\"><span class=\"\"><span class=\"eztoc-hide\" style=\"display:none;\">Toggle<\/span><span class=\"ez-toc-icon-toggle-span\"><svg style=\"fill: #999;color:#999\" xmlns=\"http:\/\/www.w3.org\/2000\/svg\" class=\"list-377408\" width=\"20px\" height=\"20px\" viewBox=\"0 0 24 24\" fill=\"none\"><path d=\"M6 6H4v2h2V6zm14 0H8v2h12V6zM4 11h2v2H4v-2zm16 0H8v2h12v-2zM4 16h2v2H4v-2zm16 0H8v2h12v-2z\" fill=\"currentColor\"><\/path><\/svg><svg style=\"fill: #999;color:#999\" class=\"arrow-unsorted-368013\" xmlns=\"http:\/\/www.w3.org\/2000\/svg\" width=\"10px\" height=\"10px\" viewBox=\"0 0 24 24\" version=\"1.2\" baseProfile=\"tiny\"><path d=\"M18.2 9.3l-6.2-6.3-6.2 6.3c-.2.2-.3.4-.3.7s.1.5.3.7c.2.2.4.3.7.3h11c.3 0 .5-.1.7-.3.2-.2.3-.5.3-.7s-.1-.5-.3-.7zM5.8 14.7l6.2 6.3 6.2-6.3c.2-.2.3-.5.3-.7s-.1-.5-.3-.7c-.2-.2-.4-.3-.7-.3h-11c-.3 0-.5.1-.7.3-.2.2-.3.5-.3.7s.1.5.3.7z\"\/><\/svg><\/span><\/span><\/span><\/a><\/span><\/div>\n<nav><ul class='ez-toc-list ez-toc-list-level-1 ' ><li class='ez-toc-page-1 ez-toc-heading-level-2'><a class=\"ez-toc-link ez-toc-heading-1\" href=\"https:\/\/www.netz-barrierefrei.de\/wordpress\/newsletter-digitale-barrierefreiheit\/neuigkeiten-zur-barrierefreiheit-im-juni-2019\/#Interessante_Artikel\" >Interessante Artikel<\/a><\/li><li class='ez-toc-page-1 ez-toc-heading-level-2'><a class=\"ez-toc-link ez-toc-heading-2\" href=\"https:\/\/www.netz-barrierefrei.de\/wordpress\/newsletter-digitale-barrierefreiheit\/neuigkeiten-zur-barrierefreiheit-im-juni-2019\/#Buecher\" >B\u00fccher<\/a><\/li><li class='ez-toc-page-1 ez-toc-heading-level-2'><a class=\"ez-toc-link ez-toc-heading-3\" href=\"https:\/\/www.netz-barrierefrei.de\/wordpress\/newsletter-digitale-barrierefreiheit\/neuigkeiten-zur-barrierefreiheit-im-juni-2019\/#Veranstaltungen\" >Veranstaltungen<\/a><\/li><\/ul><\/nav><\/div>\n<h2><span class=\"ez-toc-section\" id=\"Interessante_Artikel\"><\/span>Interessante Artikel<span class=\"ez-toc-section-end\"><\/span><\/h2>\n<p>Die Bundesfachstelle Barrierefreiheit hat die Empfehlungen f\u00fcr digitale Barrierefreiheit des Bundes <a title=\"\u00f6ffnet in neuem Fenster\" target=\"_blank\" href=\"https:\/\/www.bundesfachstelle-barrierefreiheit.de\/DE\/Fachwissen\/Informationstechnik\/EU-Webseitenrichtlinie\/eu-webseiten-richtlinie_node.html?https=1\" rel=\"noopener noreferrer\">ver\u00f6ffentlicht<\/a>. Da auf Landes- und Kommunalebene die Unterschiede in den Anforderungen nicht so gro\u00df sein werden, sollten auch die Verantwortlichen aus diesen Bereichen einen Blick darauf werfen.<br \/>\nDie Wirtschaft sieht Barrierefreiheit vor allem als Kostenfaktor. Dass sie aber mittelfristig davon profitiert, zeige ich <a title=\"\u00f6ffnet in neuem Fenster\" target=\"_blank\" href=\"https:\/\/www.netz-barrierefrei.de\/wordpress\/warum-die-wirtschaft-von-barrierefreiheit-profitiert\/\" rel=\"noopener noreferrer\">in einem Blogbeitrag<\/a>.<br \/>\nDie \u00f6sterreichische Hilfsgemeinschaft bietet Informationen zur Gestaltung sehbehindertengerechter Printprodukte. Alle folgenden Artikel sind in Englisch.<br \/>\nWie hoch sind die Kosten einer nicht-barrierefreien Website? Ziemlich hoch, meint der Autor <a title=\"\u00f6ffnet in neuem Fenster\" target=\"_blank\" href=\"https:\/\/cloudwedge.com\/web-accessibility\/the-true-cost-of-not-making-your-website-accessible\/\" rel=\"noopener noreferrer\">dieses Artikels<\/a>. Dabei verweist er nicht nur auf die potentiellen Kunden, die das Angebot nicht nutzen k\u00f6nnen. Wichtig ist auch der Reputationsverlust bei mangelnder Barrierefreiheit.<br \/>\nSie wollen Barrierefreiheit umsetzen, aber Ihr Team ist skeptisch? Susanna Zaraysky <a title=\"\u00f6ffnet in neuem Fenster\" target=\"_blank\" href=\"https:\/\/medium.com\/google-design\/making-the-case-for-accessibility-350da9e30c84\" rel=\"noopener noreferrer\">zeigt in einem Artikel<\/a>, wie Sie andere Menschen von Barrierefreiheit \u00fcberzeugen. Es geht vor allem darum, das Thema auf eine pers\u00f6nliche und damit oft verst\u00e4ndliche Ebene herunterzubrechen.<br \/>\nZumindest im deutschen Diskurs um Diversity spielt Barrierefreiheit bislang eine untergeordnete Rolle. <a title=\"\u00f6ffnet in neuem Fenster\" target=\"_blank\" href=\"https:\/\/ashcar.medium.com\/empower-all-users-part-one-beyond-accessibility-9f0742b4ff01\" rel=\"noopener noreferrer\">Ashley Carter sieht Barrierefreiheit als wichtigen Faktor<\/a>, um Nutzer zu st\u00e4rken. Empowerment ist ein wichtiger Baustein einer Diversity-Strategie.<br \/>\nDaran schlie\u00dft auch ein weiterer Artikel an: M\u00f6chte man behinderte Menschen besch\u00e4ftigen bzw. weiter besch\u00e4ftigen, ist Barrierefreiheit eine der wichtigsten Herausforderungen. Viele behinderte Menschen sind arbeitslos, auch weil Barrierefreiheit am Arbeitsplatz oft nicht gegeben ist. Durch den demografischen Wandel wird sich das noch versch\u00e4rfen, <a title=\"\u00f6ffnet in neuem Fenster\" target=\"_blank\" href=\"https:\/\/www.leonardcheshire.org\/about-us\/our-news\/press-releases\/technology-key-close-disability-employment-gap\" rel=\"noopener noreferrer\">so ein Artikel<\/a>.<br \/>\nDer European Accessibility Act wurde im offiziellen Journal der EU ver\u00f6ffentlicht. Zu diesem Anlass hat das European Disability Forum seine <a href=\"https:\/\/www.edf-feph.org\/\" target=\"_blank\" rel=\"noopener noreferrer\">Einsch\u00e4tzung zu dem Act ver\u00f6ffentlicht<\/a>. <\/p>\n<h2><span class=\"ez-toc-section\" id=\"Buecher\"><\/span>B\u00fccher<span class=\"ez-toc-section-end\"><\/span><\/h2>\n<p>Gleich zwei interessante Publikationen gab es im Juni. Das Buch von Klaas Posselt  und Dirk Fr\u00f6lich besch\u00e4ftigt sich mit barrierefreien PDFs und deren Erstellung.<br \/>\nKostenlos gibt es das <a title=\"\u00f6ffnet in neuem Fenster\" target=\"_blank\" href=\"https:\/\/rgd.ca\/\" rel=\"noopener noreferrer\">englisch-sprachige Buch Accessibility 2<\/a> zum barrierefreien grafischen Design, das soeben neu aufgelegt und \u00fcberarbeitet wurde. Herausgeber ist das RGD und die Regierung von Ontario. <\/p>\n<h2><span class=\"ez-toc-section\" id=\"Veranstaltungen\"><\/span>Veranstaltungen<span class=\"ez-toc-section-end\"><\/span><\/h2>\n<p>Das Sommerloch ist perfekt geeignet, um den Rest des Jahres zu planen. Auf meiner Website habe ich interessante Events in Sachen Barrierefreiheit geb\u00fcndelt.<br \/>\n[newsletter2go]<\/p>\n","protected":false},"excerpt":{"rendered":"<p>Update: Kurzfristig haben sich zwei interessante Dinge ergeben, die ich erg\u00e4nzen m\u00f6chte: Die University of Illinois bietet einen Onlinekurs zur Einf\u00fchrung in die Barrierefreiheit. Der&#8230;<\/p>\n<div class=\"more-link-wrapper\"><a class=\"more-link\" href=\"https:\/\/www.netz-barrierefrei.de\/wordpress\/newsletter-digitale-barrierefreiheit\/neuigkeiten-zur-barrierefreiheit-im-juni-2019\/\">Weiterlesen<span class=\"screen-reader-text\">Neuigkeiten zur Barrierefreiheit im Juni 2019<\/span><\/a><\/div>\n","protected":false},"author":1,"featured_media":0,"parent":1450,"menu_order":0,"comment_status":"closed","ping_status":"closed","template":"","meta":{"footnotes":""},"class_list":["post-2527","page","type-page","status-publish","hentry","entry"],"_links":{"self":[{"href":"https:\/\/www.netz-barrierefrei.de\/wordpress\/wp-json\/wp\/v2\/pages\/2527","targetHints":{"allow":["GET"]}}],"collection":[{"href":"https:\/\/www.netz-barrierefrei.de\/wordpress\/wp-json\/wp\/v2\/pages"}],"about":[{"href":"https:\/\/www.netz-barrierefrei.de\/wordpress\/wp-json\/wp\/v2\/types\/page"}],"author":[{"embeddable":true,"href":"https:\/\/www.netz-barrierefrei.de\/wordpress\/wp-json\/wp\/v2\/users\/1"}],"replies":[{"embeddable":true,"href":"https:\/\/www.netz-barrierefrei.de\/wordpress\/wp-json\/wp\/v2\/comments?post=2527"}],"version-history":[{"count":22,"href":"https:\/\/www.netz-barrierefrei.de\/wordpress\/wp-json\/wp\/v2\/pages\/2527\/revisions"}],"predecessor-version":[{"id":10277,"href":"https:\/\/www.netz-barrierefrei.de\/wordpress\/wp-json\/wp\/v2\/pages\/2527\/revisions\/10277"}],"up":[{"embeddable":true,"href":"https:\/\/www.netz-barrierefrei.de\/wordpress\/wp-json\/wp\/v2\/pages\/1450"}],"wp:attachment":[{"href":"https:\/\/www.netz-barrierefrei.de\/wordpress\/wp-json\/wp\/v2\/media?parent=2527"}],"curies":[{"name":"wp","href":"https:\/\/api.w.org\/{rel}","templated":true}]}}

<p><img loading="lazy" decoding="async" src="https://www.netz-barrierefrei.de/wordpress/wp-content/uploads/praesidenten.jpg" alt="In Stein gehauene Präsidenten bei Mount Rushmore" width="960" height="559" class="alignleft size-full wp-image-2529" srcset="https://www.netz-barrierefrei.de/wordpress/wp-content/uploads/praesidenten.jpg 960w, https://www.netz-barrierefrei.de/wordpress/wp-content/uploads/praesidenten-300x175.jpg 300w, https://www.netz-barrierefrei.de/wordpress/wp-content/uploads/praesidenten-768x447.jpg 768w" sizes="auto, (max-width: 960px) 100vw, 960px" />Update: Kurzfristig haben sich zwei interessante Dinge ergeben, die ich ergänzen möchte:</p>
<ul>
<li>Die University of Illinois <a href="https://www.coursera.org/learn/accessibility">bietet einen Onlinekurs zur Einführung in die Barrierefreiheit</a>. Der Kurs ist bereits gestartet, läuft aber noch eine Weile. Einige Lektionen sind kostenlos.</li>
<li>Die Bitkom sucht Vorträge zum Thema Barrierefreiheit für eine Veranstaltung in Heidelberg. Die Vorträge müssen bis zum 28.7. eingereicht werden.</li>
</ul>
<p>Der Juni war relativ ruhig. Für ein wenig Aufregung sorgte eine <a title="öffnet in neuem Fenster" target="_blank" href="https://www.miamilighthouse.org/" rel="noopener noreferrer">Untersuchung des Miami Lighthouse for the blind</a>: Die Websites der demokratischen Präsidentschaftskandidaten seien nicht barrierefrei.<br />
Leider muss ich das kritisch kommentieren: Es werden einfache Mechanismen gefordert, mit denen sich Schrift und Kontrast verändern lassen. Diese website-eigenen Funktionen sind aber heute nicht mehr vorgeschrieben und unter Experten verpönt. Betriebssysteme, Browser und Hilfstechnik können das wesentlich besser, deswegen gelten website-eigene Funktionen heute nicht mehr als sinnvoll. Andererseits fehlen auf vielen Seiten Informationen in der amerikanischen Gebärdensprache oder in Leichter Sprache, was tatsächlich eine Barriere ist. Nebenbei ist das PDF, in welchem das Studiendesign beschrieben wird, nicht barrierefrei. Falsch ist auch, auf den Americans with Disabilities Act als Richtlinie zu verweisen. In Bezug auf das Internet sind die aktuellen Web Accessibility Guidelines sowie für die USA die Section 508 maßgeblich. </p>
<div id="ez-toc-container" class="ez-toc-v2_0_82_2 counter-hierarchy ez-toc-counter ez-toc-white ez-toc-container-direction">
<div class="ez-toc-title-container">
<p class="ez-toc-title" style="cursor:inherit">Inhalt</p>
<span class="ez-toc-title-toggle"><a href="#" class="ez-toc-pull-right ez-toc-btn ez-toc-btn-xs ez-toc-btn-default ez-toc-toggle" aria-label="Toggle Table of Content"><span class="ez-toc-js-icon-con"><span class=""><span class="eztoc-hide" style="display:none;">Toggle</span><span class="ez-toc-icon-toggle-span"><svg style="fill: #999;color:#999" xmlns="http://www.w3.org/2000/svg" class="list-377408" width="20px" height="20px" viewBox="0 0 24 24" fill="none"><path d="M6 6H4v2h2V6zm14 0H8v2h12V6zM4 11h2v2H4v-2zm16 0H8v2h12v-2zM4 16h2v2H4v-2zm16 0H8v2h12v-2z" fill="currentColor"></path></svg><svg style="fill: #999;color:#999" class="arrow-unsorted-368013" xmlns="http://www.w3.org/2000/svg" width="10px" height="10px" viewBox="0 0 24 24" version="1.2" baseProfile="tiny"><path d="M18.2 9.3l-6.2-6.3-6.2 6.3c-.2.2-.3.4-.3.7s.1.5.3.7c.2.2.4.3.7.3h11c.3 0 .5-.1.7-.3.2-.2.3-.5.3-.7s-.1-.5-.3-.7zM5.8 14.7l6.2 6.3 6.2-6.3c.2-.2.3-.5.3-.7s-.1-.5-.3-.7c-.2-.2-.4-.3-.7-.3h-11c-.3 0-.5.1-.7.3-.2.2-.3.5-.3.7s.1.5.3.7z"/></svg></span></span></span></a></span></div>
<nav><ul class='ez-toc-list ez-toc-list-level-1 ' ><li class='ez-toc-page-1 ez-toc-heading-level-2'><a class="ez-toc-link ez-toc-heading-1" href="https://www.netz-barrierefrei.de/wordpress/newsletter-digitale-barrierefreiheit/neuigkeiten-zur-barrierefreiheit-im-juni-2019/#Interessante_Artikel" >Interessante Artikel</a></li><li class='ez-toc-page-1 ez-toc-heading-level-2'><a class="ez-toc-link ez-toc-heading-2" href="https://www.netz-barrierefrei.de/wordpress/newsletter-digitale-barrierefreiheit/neuigkeiten-zur-barrierefreiheit-im-juni-2019/#Buecher" >Bücher</a></li><li class='ez-toc-page-1 ez-toc-heading-level-2'><a class="ez-toc-link ez-toc-heading-3" href="https://www.netz-barrierefrei.de/wordpress/newsletter-digitale-barrierefreiheit/neuigkeiten-zur-barrierefreiheit-im-juni-2019/#Veranstaltungen" >Veranstaltungen</a></li></ul></nav></div>
<h2><span class="ez-toc-section" id="Interessante_Artikel"></span>Interessante Artikel<span class="ez-toc-section-end"></span></h2>
<p>Die Bundesfachstelle Barrierefreiheit hat die Empfehlungen für digitale Barrierefreiheit des Bundes <a title="öffnet in neuem Fenster" target="_blank" href="https://www.bundesfachstelle-barrierefreiheit.de/DE/Fachwissen/Informationstechnik/EU-Webseitenrichtlinie/eu-webseiten-richtlinie_node.html?https=1" rel="noopener noreferrer">veröffentlicht</a>. Da auf Landes- und Kommunalebene die Unterschiede in den Anforderungen nicht so groß sein werden, sollten auch die Verantwortlichen aus diesen Bereichen einen Blick darauf werfen.<br />
Die Wirtschaft sieht Barrierefreiheit vor allem als Kostenfaktor. Dass sie aber mittelfristig davon profitiert, zeige ich <a title="öffnet in neuem Fenster" target="_blank" href="https://www.netz-barrierefrei.de/wordpress/warum-die-wirtschaft-von-barrierefreiheit-profitiert/" rel="noopener noreferrer">in einem Blogbeitrag</a>.<br />
Die österreichische Hilfsgemeinschaft bietet Informationen zur Gestaltung sehbehindertengerechter Printprodukte. Alle folgenden Artikel sind in Englisch.<br />
Wie hoch sind die Kosten einer nicht-barrierefreien Website? Ziemlich hoch, meint der Autor <a title="öffnet in neuem Fenster" target="_blank" href="https://cloudwedge.com/web-accessibility/the-true-cost-of-not-making-your-website-accessible/" rel="noopener noreferrer">dieses Artikels</a>. Dabei verweist er nicht nur auf die potentiellen Kunden, die das Angebot nicht nutzen können. Wichtig ist auch der Reputationsverlust bei mangelnder Barrierefreiheit.<br />
Sie wollen Barrierefreiheit umsetzen, aber Ihr Team ist skeptisch? Susanna Zaraysky <a title="öffnet in neuem Fenster" target="_blank" href="https://medium.com/google-design/making-the-case-for-accessibility-350da9e30c84" rel="noopener noreferrer">zeigt in einem Artikel</a>, wie Sie andere Menschen von Barrierefreiheit überzeugen. Es geht vor allem darum, das Thema auf eine persönliche und damit oft verständliche Ebene herunterzubrechen.<br />
Zumindest im deutschen Diskurs um Diversity spielt Barrierefreiheit bislang eine untergeordnete Rolle. <a title="öffnet in neuem Fenster" target="_blank" href="https://ashcar.medium.com/empower-all-users-part-one-beyond-accessibility-9f0742b4ff01" rel="noopener noreferrer">Ashley Carter sieht Barrierefreiheit als wichtigen Faktor</a>, um Nutzer zu stärken. Empowerment ist ein wichtiger Baustein einer Diversity-Strategie.<br />
Daran schließt auch ein weiterer Artikel an: Möchte man behinderte Menschen beschäftigen bzw. weiter beschäftigen, ist Barrierefreiheit eine der wichtigsten Herausforderungen. Viele behinderte Menschen sind arbeitslos, auch weil Barrierefreiheit am Arbeitsplatz oft nicht gegeben ist. Durch den demografischen Wandel wird sich das noch verschärfen, <a title="öffnet in neuem Fenster" target="_blank" href="https://www.leonardcheshire.org/about-us/our-news/press-releases/technology-key-close-disability-employment-gap" rel="noopener noreferrer">so ein Artikel</a>.<br />
Der European Accessibility Act wurde im offiziellen Journal der EU veröffentlicht. Zu diesem Anlass hat das European Disability Forum seine <a href="https://www.edf-feph.org/" target="_blank" rel="noopener noreferrer">Einschätzung zu dem Act veröffentlicht</a>. </p>
<h2><span class="ez-toc-section" id="Buecher"></span>Bücher<span class="ez-toc-section-end"></span></h2>
<p>Gleich zwei interessante Publikationen gab es im Juni. Das Buch von Klaas Posselt  und Dirk Frölich beschäftigt sich mit barrierefreien PDFs und deren Erstellung.<br />
Kostenlos gibt es das <a title="öffnet in neuem Fenster" target="_blank" href="https://rgd.ca/" rel="noopener noreferrer">englisch-sprachige Buch Accessibility 2</a> zum barrierefreien grafischen Design, das soeben neu aufgelegt und überarbeitet wurde. Herausgeber ist das RGD und die Regierung von Ontario. </p>
<h2><span class="ez-toc-section" id="Veranstaltungen"></span>Veranstaltungen<span class="ez-toc-section-end"></span></h2>
<p>Das Sommerloch ist perfekt geeignet, um den Rest des Jahres zu planen. Auf meiner Website habe ich interessante Events in Sachen Barrierefreiheit gebündelt.<br />
[newsletter2go]</p>

<p>Update: Kurzfristig haben sich zwei interessante Dinge ergeben, die ich ergänzen möchte: Die University of Illinois bietet einen Onlinekurs zur Einführung in die Barrierefreiheit. Der&#8230;</p>
<div class="more-link-wrapper"><a class="more-link" href="https://www.netz-barrierefrei.de/wordpress/newsletter-digitale-barrierefreiheit/neuigkeiten-zur-barrierefreiheit-im-juni-2019/">Weiterlesen<span class="screen-reader-text">Neuigkeiten zur Barrierefreiheit im Juni 2019</span></a></div>
