{"id":3336,"date":"2019-09-26T11:32:38","date_gmt":"2019-09-26T09:32:38","guid":{"rendered":"https:\/\/www.netz-barrierefrei.de\/wordpress\/?page_id=3336"},"modified":"2024-12-01T13:23:36","modified_gmt":"2024-12-01T11:23:36","slug":"barrierefreiheit-bei-audio-und-video-multimedia-fuer-alle","status":"publish","type":"page","link":"https:\/\/www.netz-barrierefrei.de\/wordpress\/barrierefreiheit-bei-audio-und-video-multimedia-fuer-alle\/","title":{"rendered":"Barrierefreie Video- und Audio-Inhalte &#8211; Multimedia f\u00fcr alle"},"content":{"rendered":"<p><iframe loading=\"lazy\" src=\"https:\/\/digitale-barrierefreiheit.podigee.io\/4-multimedia-barrierefrei\/embed?context=external&#038;theme=default\" style=\"border: 0\" frameBorder=\"0\" height=\"100\" width=\"100%\"><\/iframe><br \/>\nSie m\u00f6chten Ihre Audio- und Video-Clips barrierefrei anbieten? Dann erfahren Sie hier, wie es geht. <a href=\"https:\/\/digitale-barrierefreiheit.podigee.io\/episodes\">Hier geht es zum Podcast zur digitalen Barrierefreiheit<\/a>.<br \/>\nDie rechtlichen Anforderungen an multimediale Inhalte <a href=\"https:\/\/www.w3.org\/TR\/WCAG21\/#identify-input-purpose\">finden Sie in der WCAG 2.1<\/a> unter der Guideline &#8222;1.2 Time-based Media&#8220;. An dieser Stelle besch\u00e4ftigen wir uns mit Best Practices<\/p>\n<div id=\"ez-toc-container\" class=\"ez-toc-v2_0_82_2 counter-hierarchy ez-toc-counter ez-toc-white ez-toc-container-direction\">\n<div class=\"ez-toc-title-container\">\n<p class=\"ez-toc-title\" style=\"cursor:inherit\">Inhalt<\/p>\n<span class=\"ez-toc-title-toggle\"><a href=\"#\" class=\"ez-toc-pull-right ez-toc-btn ez-toc-btn-xs ez-toc-btn-default ez-toc-toggle\" aria-label=\"Toggle Table of Content\"><span class=\"ez-toc-js-icon-con\"><span class=\"\"><span class=\"eztoc-hide\" style=\"display:none;\">Toggle<\/span><span class=\"ez-toc-icon-toggle-span\"><svg style=\"fill: #999;color:#999\" xmlns=\"http:\/\/www.w3.org\/2000\/svg\" class=\"list-377408\" width=\"20px\" height=\"20px\" viewBox=\"0 0 24 24\" fill=\"none\"><path d=\"M6 6H4v2h2V6zm14 0H8v2h12V6zM4 11h2v2H4v-2zm16 0H8v2h12v-2zM4 16h2v2H4v-2zm16 0H8v2h12v-2z\" fill=\"currentColor\"><\/path><\/svg><svg style=\"fill: #999;color:#999\" class=\"arrow-unsorted-368013\" xmlns=\"http:\/\/www.w3.org\/2000\/svg\" width=\"10px\" height=\"10px\" viewBox=\"0 0 24 24\" version=\"1.2\" baseProfile=\"tiny\"><path d=\"M18.2 9.3l-6.2-6.3-6.2 6.3c-.2.2-.3.4-.3.7s.1.5.3.7c.2.2.4.3.7.3h11c.3 0 .5-.1.7-.3.2-.2.3-.5.3-.7s-.1-.5-.3-.7zM5.8 14.7l6.2 6.3 6.2-6.3c.2-.2.3-.5.3-.7s-.1-.5-.3-.7c-.2-.2-.4-.3-.7-.3h-11c-.3 0-.5.1-.7.3-.2.2-.3.5-.3.7s.1.5.3.7z\"\/><\/svg><\/span><\/span><\/span><\/a><\/span><\/div>\n<nav><ul class='ez-toc-list ez-toc-list-level-1 ' ><li class='ez-toc-page-1 ez-toc-heading-level-2'><a class=\"ez-toc-link ez-toc-heading-1\" href=\"https:\/\/www.netz-barrierefrei.de\/wordpress\/barrierefreiheit-bei-audio-und-video-multimedia-fuer-alle\/#Anforderungen_aus_der_WCAG\" >Anforderungen aus der WCAG<\/a><\/li><li class='ez-toc-page-1 ez-toc-heading-level-2'><a class=\"ez-toc-link ez-toc-heading-2\" href=\"https:\/\/www.netz-barrierefrei.de\/wordpress\/barrierefreiheit-bei-audio-und-video-multimedia-fuer-alle\/#Best-moegliche_Aufnahme-Qualitaet\" >Best-m\u00f6gliche Aufnahme-Qualit\u00e4t<\/a><\/li><li class='ez-toc-page-1 ez-toc-heading-level-2'><a class=\"ez-toc-link ez-toc-heading-3\" href=\"https:\/\/www.netz-barrierefrei.de\/wordpress\/barrierefreiheit-bei-audio-und-video-multimedia-fuer-alle\/#Barrierefreier_Mediapleyer\" >Barrierefreier Mediapleyer<\/a><\/li><li class='ez-toc-page-1 ez-toc-heading-level-2'><a class=\"ez-toc-link ez-toc-heading-4\" href=\"https:\/\/www.netz-barrierefrei.de\/wordpress\/barrierefreiheit-bei-audio-und-video-multimedia-fuer-alle\/#Audio-Inhalte\" >Audio-Inhalte<\/a><\/li><li class='ez-toc-page-1 ez-toc-heading-level-2'><a class=\"ez-toc-link ez-toc-heading-5\" href=\"https:\/\/www.netz-barrierefrei.de\/wordpress\/barrierefreiheit-bei-audio-und-video-multimedia-fuer-alle\/#Videos\" >Videos<\/a><\/li><li class='ez-toc-page-1 ez-toc-heading-level-2'><a class=\"ez-toc-link ez-toc-heading-6\" href=\"https:\/\/www.netz-barrierefrei.de\/wordpress\/barrierefreiheit-bei-audio-und-video-multimedia-fuer-alle\/#Text-Transkript\" >Text-Transkript<\/a><\/li><li class='ez-toc-page-1 ez-toc-heading-level-2'><a class=\"ez-toc-link ez-toc-heading-7\" href=\"https:\/\/www.netz-barrierefrei.de\/wordpress\/barrierefreiheit-bei-audio-und-video-multimedia-fuer-alle\/#Untertitel\" >Untertitel<\/a><\/li><li class='ez-toc-page-1 ez-toc-heading-level-2'><a class=\"ez-toc-link ez-toc-heading-8\" href=\"https:\/\/www.netz-barrierefrei.de\/wordpress\/barrierefreiheit-bei-audio-und-video-multimedia-fuer-alle\/#Audiodeskription\" >Audiodeskription<\/a><\/li><li class='ez-toc-page-1 ez-toc-heading-level-2'><a class=\"ez-toc-link ez-toc-heading-9\" href=\"https:\/\/www.netz-barrierefrei.de\/wordpress\/barrierefreiheit-bei-audio-und-video-multimedia-fuer-alle\/#Gebaerdensprache\" >Geb\u00e4rdensprache<\/a><\/li><li class='ez-toc-page-1 ez-toc-heading-level-2'><a class=\"ez-toc-link ez-toc-heading-10\" href=\"https:\/\/www.netz-barrierefrei.de\/wordpress\/barrierefreiheit-bei-audio-und-video-multimedia-fuer-alle\/#Leichte_Sprache_in_Videos\" >Leichte Sprache in Videos<\/a><\/li><li class='ez-toc-page-1 ez-toc-heading-level-2'><a class=\"ez-toc-link ez-toc-heading-11\" href=\"https:\/\/www.netz-barrierefrei.de\/wordpress\/barrierefreiheit-bei-audio-und-video-multimedia-fuer-alle\/#Zeit-_und_Kostenplanung\" >Zeit- und Kostenplanung<\/a><\/li><li class='ez-toc-page-1 ez-toc-heading-level-2'><a class=\"ez-toc-link ez-toc-heading-12\" href=\"https:\/\/www.netz-barrierefrei.de\/wordpress\/barrierefreiheit-bei-audio-und-video-multimedia-fuer-alle\/#Automatische_Transkription\" >Automatische Transkription<\/a><\/li><li class='ez-toc-page-1 ez-toc-heading-level-2'><a class=\"ez-toc-link ez-toc-heading-13\" href=\"https:\/\/www.netz-barrierefrei.de\/wordpress\/barrierefreiheit-bei-audio-und-video-multimedia-fuer-alle\/#Weitere_Infos\" >Weitere Infos<\/a><\/li><\/ul><\/nav><\/div>\n<h2><span class=\"ez-toc-section\" id=\"Anforderungen_aus_der_WCAG\"><\/span>Anforderungen aus der WCAG<span class=\"ez-toc-section-end\"><\/span><\/h2>\n<p>Die WCAG hat klare Anforderungen:<br \/>\nF\u00fcr Videos ohne Sprache oder mit geringem Sprach-Anteil muss eine Audiodeskription oder ein Text-Transkript bereitgestellt werden. Haben Sie ein kurzes Instagram-Video, in welchem eine Person interviewt wird, k\u00f6nnen Sie die visuellen Aspekte auch kurz im zugeh\u00f6rigen Text zum Video beschreiben und auf eine Audio-Beschreibung verzichten. Selbiges gilt, wenn eine Person alle relevanten visuellen Aspekte verbal beschreibt.<br \/>\nF\u00fcr Videos mit Sprache m\u00fcssen Untertitel oder ein Transkript bereitgestellt werden. Bei Videos ohne Sprache sollte \u00fcber den Begleittext klar werden, dass nicht gesprochen wird. Wenn keine Sprecherinnen zu sehen sind wei\u00df die Geh\u00f6rlose nicht, dass akkustisch nichts Relevantes passiert.<br \/>\nTranskripte m\u00fcssen ad\u00e4quat sein, also den Inhalt des Audio- oder Video-Inhahlts so beschreiben, dass m\u00f6glichst keine Informationen verloren gehen. <\/p>\n<h2><span class=\"ez-toc-section\" id=\"Best-moegliche_Aufnahme-Qualitaet\"><\/span>Best-m\u00f6gliche Aufnahme-Qualit\u00e4t<span class=\"ez-toc-section-end\"><\/span><\/h2>\n<p>Generell ist die bestm\u00f6gliche Aufnahmequalit\u00e4t anzustreben. &#8222;Quick and dirty&#8220; produzierte Inhalte k\u00f6nnen sehr problematisch sein. Mit dem Smartphone aufgenommene Audio- und Video-Inhalte k\u00f6nnen teils schwer verst\u00e4ndlich und erkennbar sein. Unbearbeitete Fotos sind schwierig, da das Bild-Objekt h\u00e4ufig schwer zu identifizieren ist. Versuchen Sie deshalb, die Inhalte m\u00f6glichst in der bestm\u00f6glichen Qualit\u00e4t anzubieten. Am besten sind dedizierte Studios, die eine gute Bild- und Ton-Qualit\u00e4t gew\u00e4hrleisten. Suchen Sie sich eine m\u00f6glichst ruhige Ecke, wenn Sie ein Interview im Freien durchf\u00fchren wollen. Verwenden Sie das bestm\u00f6gliche Equipment wie eine dedizierte Videokamera oder ein externes Mikrofon. Vermeiden Sie geringe Kontraste wie etwa eine hell gekleidete Person vor einer hellen Hauswand. Vermeiden Sie laute Nebenger\u00e4usche wie Verkehrsl\u00e4rm, aber auch das Brummen von Klimaanlagen und \u00e4hnlichem.<br \/>\nSchon bei der Konzeption und der Aufnahme sollte eine gute Qualit\u00e4t sichergestellt werden. Zwar l\u00e4sst sich viel in der Postproduktion<br \/>\nkorrigieren. Allerdings ist das unn\u00f6tige Mehrarbeit und es kann auch nicht alles verbessert werden.<br \/>\nAu\u00dferdem bieten auch die Smartphones bereits einige M\u00f6glichkeiten der Bearbeitung. Verzichten Sie in jedem Fall auf Effekte und Filter schon bei der Aufnahme, sie tragen selten zur Erkennbarkeit bei und k\u00f6nnen in der Post-Produktion besser angewendet werden. <\/p>\n<h2><span class=\"ez-toc-section\" id=\"Barrierefreier_Mediapleyer\"><\/span>Barrierefreier Mediapleyer<span class=\"ez-toc-section-end\"><\/span><\/h2>\n<p>Das A und O ist ein barrierefreier Media Player. Er sollte vollst\u00e4ndig per Tastatur bedienbar sein. Die Bedienelemente sollten gro\u00df und gut erkennbar sein. Zu- und abschaltbare Untertitel und Audio-Deskription sollten m\u00f6glichst unterst\u00fctzt werden. Es ist auch immer sinnvoll, den Inhalt zum Download in einem g\u00e4ngigen Format wie MP3, OGG, MPEG oder AVI bereitzustellen.<br \/>\nEin Beispiel daf\u00fcr ist der <a href=\"https:\/\/www.aktion-mensch.de\/inklusion\/barrierefreiheit\/barrierefreie-videos-fuer-alle\">Videoplayer der Aktion Mensch<\/a>: Dort k\u00f6nnen AudioDeskription, Untertitel und Geb\u00e4rdensprache zu- und abgeschaltet werden. Eine Alternative ist der <a href=\"https:\/\/ableplayer.github.io\/ableplayer\/\">Able Player<\/a>. <\/p>\n<h2><span class=\"ez-toc-section\" id=\"Audio-Inhalte\"><\/span>Audio-Inhalte<span class=\"ez-toc-section-end\"><\/span><\/h2>\n<p>Wenn Sie Podcasts oder andere Audio-Inhalte anbieten, sollten auch diese nat\u00fcrlich m\u00f6glichst zug\u00e4nglich sein. Verwenden Sie die best-m\u00f6gliche Audio-Qualit\u00e4t. Das hilft vor allem Schwerh\u00f6rigen. F\u00fcr sie sind laute Nebenger\u00e4usche und Rauschen st\u00f6rend. Schwierig ist auch, wenn unterschiedliche Sprecher unterschiedlich laut sind. Schwerh\u00f6rige m\u00fcssen bei jedem Sprecherwechsel die Lautst\u00e4rke regeln. F\u00fcr Audio- und Video-Inhalte m\u00f6chte ich Ihnen empfehlen, ein Text-Transkript zu erstellen. Ein Transkript ist eine vollst\u00e4ndige Verschriftlichung der gesprochenen Inhalte. <\/p>\n<h2><span class=\"ez-toc-section\" id=\"Videos\"><\/span>Videos<span class=\"ez-toc-section-end\"><\/span><\/h2>\n<p>Auch bei Videos sollten Sie auf eine optimale Erkennbarkeit und Verst\u00e4ndlichkeit des Gesprochenen achten. Zwar werden heute auch eher amateurhafte Aufnahmen vor allem in Social Media akzeptiert. Aber H\u00f6r- und Sehbehinderte haben es schwer, solche Inhalte wahrzunehmen. Bedenken Sie dabei auch, dass solche Inhalte h\u00e4ufig auf Smartphones mit eher mittelm\u00e4\u00dfigen Displays und Lautsprechern und h\u00e4ufig auch unterwegs in lauten und visuell nicht optimalen Umgebungen konsumiert werden.<br \/>\nPl\u00f6tzliche \u00c4nderungen der Sound-Lautst\u00e4rke oder der Beleuchtung sind f\u00fcr die genannten Gruppen ebenfalls nicht optimal. Sie sollten m\u00f6glichst gering gehalten werden.<br \/>\nSprecher sollten sich m\u00f6glichst der Kamera zuwenden. So gibt es neben dem Ton einen weiteren Kanal, \u00fcber den sie verstanden werden k\u00f6nnen. Aus Lippenbewegungen und K\u00f6rpersprache kann bis zu 30 Prozent Information abgeleitet werden. <\/p>\n<h2><span class=\"ez-toc-section\" id=\"Text-Transkript\"><\/span>Text-Transkript<span class=\"ez-toc-section-end\"><\/span><\/h2>\n<p>Ein Text-Transkript ist eine vollst\u00e4ndige Verschriftlichung gesprochener Inhalte. Das ist viel Flei\u00df-Arbeit. Doch bietet es viele Vorteile:<\/p>\n<ul>\n<li>Es macht die Inhalte f\u00fcr Geh\u00f6rlose und stark Schwerh\u00f6rige zug\u00e4nglich, welche die Alltagssprache verstehen.<\/li>\n<li>Es erh\u00f6ht dem Komfort. &#8222;Nachlesen&#8220; ist leichter als &#8222;Nachh\u00f6ren&#8220;.<\/li>\n<li>Sie haben zus\u00e4tzliche Inhalte f\u00fcr Ihre Website, die von Google besser indiziert werden k\u00f6nnen und Ihnen deshalb mehr Besucher bringen. Google h\u00f6rt und schaut sich keine Inhalte an. Aber Google kann Text indizieren. <\/li>\n<\/ul>\n<p>Text-Transkripte bieten sich im Wesentlichen f\u00fcr sprachlastige Inhalte an. Bei H\u00f6rspielen oder actions-lastigen Videos m\u00fcssten Sie auch Szenarien beschreiben, womit aus dem Transkript schon fast ein Drehbuch wird. <\/p>\n<h2><span class=\"ez-toc-section\" id=\"Untertitel\"><\/span>Untertitel<span class=\"ez-toc-section-end\"><\/span><\/h2>\n<p>F\u00fcr geh\u00f6rlose und schwerh\u00f6rige Menschen sollten in Videos Untertitel untergebracht werden. In Untertiteln wird das Gesprochene verschriftlicht, au\u00dferdem werden wichtige Ger\u00e4usche vermittelt, die zum Verst\u00e4ndnis des Clips wichtig sind.<br \/>\nUntertitel haben weitere Vorteile: Auch sie k\u00f6nnen von YouTube und damit von Google indiziert werden. Somit werden Ihre Video-Inhalte besser gefunden. Au\u00dferdem k\u00f6nnen Untertitel zum Beispiel n\u00fctzlich sein, wenn ein Sprecher schwer verst\u00e4ndlich ist, zum Beispiel wegen einem Dialekt oder Sprachfehler. Nebenbei kann sich auch jemand das Video anschauen, wenn er keine Lautsprecher oder Kopfh\u00f6rer zur Verf\u00fcgung hat. Studien zeigen, dass Untertitel vor allem von H\u00f6renden verwendet werden, weil sie den Sound in ihrer aktuellen Situation nicht h\u00f6ren wollen oder k\u00f6nnen.<br \/>\nEs gibt offene und geschlossene Untertitel (Open und Closed Captions). Closed Captions k\u00f6nnen ein- bzw. ausgeblendet werden und sind deshalb vorzuziehen.<br \/>\nVerschiedene Tools erleichtern die Erstellung von Untertiteln. In YouTube k\u00f6nnen Untertitel erstellt und f\u00fcr andere Anwendungen wie Facebook exportiert werden. Die automatische Untertitelung von YouTube ist derzeit nicht praxistauglich.<br \/>\nEin kostenloses Programm zum Erstellen ist Subtitle Edit. Die meisten professionellen Video-Editoren haben aber bereits eine L\u00f6sung daf\u00fcr integriert.<br \/>\nFragen Sie nach M\u00f6glichkeit einen Geh\u00f6rlosen, ob die Untertitel so ausreichend sind. Steht Ihnen kein Geh\u00f6rloser zur Verf\u00fcgung, schauen Sie sich das Video mit Ihren Untertiteln und ohne Ton an. K\u00f6nnen Sie verstehen, worum es geht? Besser ist es, wenn Sie einen am Video unbeteiligten Kollegen bitten, die Pr\u00fcfung vorzunehmen. Da Sie das Video schon kennen, sind Sie nicht wirklich objektiv. <\/p>\n<h2><span class=\"ez-toc-section\" id=\"Audiodeskription\"><\/span>Audiodeskription<span class=\"ez-toc-section-end\"><\/span><\/h2>\n<p>Die Audiodeskription (AD) ist eine Beschreibung von visuellen Video-Inhalten f\u00fcr blinde und sehbehinderte Menschen. Sie ist vor allem f\u00fcr Videos mit geringem Sprachanteil wichtig, da Blinde sonst nicht verstehen, worum es in dem Film geht. F\u00fcr sprach-lastige Videos ist sie verzichtbar.<br \/>\nIn der Regel wird die AD von spezialisierten Agenturen produziert. Das ist relativ teuer. Neben der eigentlichen Video-Produktion wird auch ein Sprecher ben\u00f6tigt, der die Inhalte einspricht. So kann die AD schon f\u00fcr bereits relativ kurze Clips mehrere tausend Euro kosten.<br \/>\nDie AD l\u00e4sst sich relativ leicht selbst erstellen. In der Regel wird eine zweite Tonspur neben der Originaltonspur des Filmes angelegt. Die Texte werden eingesprochen und anschlie\u00dfend mit dem Film synchronisiert.<br \/>\nH\u00f6ren Sie sich zun\u00e4chst den Film ohne Bild an, welche visuellen Infos sind f\u00fcr Nicht-Sehende wichtig? Achten Sie darauf, dass f\u00fcr die Beschreibung nur die Teile des Films genutzt werden k\u00f6nnen, in denen nicht gesprochen wird. Gegebenenfalls sollten Sie schon bei der Konzeption des Filmes entsprechende Pausen einplanen.<br \/>\nDie Tonqualit\u00e4t der AD sollte der Tonqualit\u00e4t des Films entsprechen, also keine verrauschten Aufnahmen mit schlechten Mikrofonen, wenn der Film nicht die gleiche Qualit\u00e4t hat.<br \/>\nFragen Sie nach M\u00f6glichkeit einen Blinden, ob er den Film mit AD versteht. Steht Ihnen kein Blinder zur Verf\u00fcgung, schauen Sie sich das Video mit AD ohne Bild an und pr\u00fcfen Sie, ob die AD ausreichend ist. Auch hier gilt wie bei Untertiteln auch: Bitten Sie einen unbeteiligten Kollegen um die Sichtung des Filmes. Er kann die Qualit\u00e4t der AD objektiver beurteilen.<br \/>\nEine Alternative zu einer zeitaufwendigen AD besteht darin, die wesentlichen visuellen Infos in die Moderation einzubauen. Ein Vorteil besteht darin, dass diese Infos auch Sehbehinderten zugutekommen, die normalerweise keine AD nutzen. \u00dcberlegen Sie, welche visuellen Informationen besonders wichtig sind und bauen Sie diese in den Moderationstext ein.<br \/>\nDerzeit unterst\u00fctzen weder Facebook noch YouTube die Zu- und Abschaltung von Audiodeskription, Sie werden also in der Regel zwei Versionen hochladen m\u00fcssen, einmal mit und ohne AD.<br \/>\nAus dem Videotitel sollte hervorgehen, das eine Audiodeskription enthalten ist: \u201eMein sch\u00f6nstes Urlaubsvideo\u201c f\u00fcr den Clip ohne AD und \u201eMein sch\u00f6nstes Urlaubsvideo mit Audiodeskription\u201c. <a href=\"https:\/\/www.netz-barrierefrei.de\/wordpress\/barrierefreies-internet\/barrierefreie-redaktion\/audiodeskription-erstellen\/\">Anleitung zur Erstellung einer AudioDeskription<\/a>. <\/p>\n<h2><span class=\"ez-toc-section\" id=\"Gebaerdensprache\"><\/span>Geb\u00e4rdensprache<span class=\"ez-toc-section-end\"><\/span><\/h2>\n<p>Bei Geb\u00e4rdensprache gibt es zwei M\u00f6glichkeiten: Sie k\u00f6nnen zu einem konventionellen Video eine Geb\u00e4rdensprach-Version erstellen. Der Avatar wird dann neben bzw. als Overlay im Video dem Video eingeblendet. Zeichnen Sie hingegen eine Veranstaltung auf, bei der eine Geb\u00e4rdensprach-Dolmetscherin mit auf der B\u00fchne steht, sollte sie &#8211; nat\u00fcrlich nur mit seinem Einverst\u00e4ndnis &#8211; mit aufgezeichnet werden. Theoretisch w\u00e4re es denkbar, die Geb\u00e4rdensprachdolmetscherin und die Veranstaltung separat aufzunehmen und das Ganze in der Post-Produktion zu synchronisieren. Das h\u00e4tte den Vorteil, dass der Geb\u00e4rdensprachdolmetscherinnen besser zu erkennen ist. Au\u00dferdem werden Autisten und Ablenkungsanf\u00e4llige Personen nicht durch den Dolmetscher irritiert. Ob das realistisch ist, kann ich allerdings nicht einsch\u00e4tzen.<br \/>\nF\u00fcr Inhalte in Geb\u00e4rdensprache gelten besondere Anforderungen, damit die Geb\u00e4rdenden m\u00f6glichst gut erkennbar sind, zum Beispiel soll ein heller Hintergrund und ein guter Blickwinkel verwendet werden.<br \/>\nF\u00fcr konventionelle Videos, bei denen eine Geb\u00e4rdensprach-Version produziert werden soll. Hier gilt \u00e4hnliches wie f\u00fcr die AudioDeskription: Die nicht zum Film geh\u00f6renden Bewegungen k\u00f6nnen Autisten oder Personen mit Konzentrationsst\u00f6rungen ablenken. Sie sollten also entweder zu- und abschaltbar sein &#8211; siehe den Aktion-Mensch-Player &#8211; oder es sollte ein Video mit und ohne Geb\u00e4rdensprache geben, was am Titel eindeutig kenntlich gemacht wird. Beim IT-Beauftragten der Bundesregierung finden Sie einen Leitfaden und eine Musterausschreibung f\u00fcr Geb\u00e4rdensprache verlinkt. <\/p>\n<h2><span class=\"ez-toc-section\" id=\"Leichte_Sprache_in_Videos\"><\/span>Leichte Sprache in Videos<span class=\"ez-toc-section-end\"><\/span><\/h2>\n<p>Das Thema verst\u00e4ndliche Sprache in Multimedia ist sehr komplex. Nat\u00fcrlich kann man die Beteiligten dazu anhalten, m\u00f6glichst verst\u00e4ndlich zu sprechen. Sind sie darin aber nicht erfahren oder geschult, verfallen sie schnell wieder in alte Sprech-Gewohnheiten. Zwar stehen im Film zus\u00e4tzliche Kommunikations-Ebenen wie K\u00f6rpersprache und Kontext zur Verf\u00fcgung. Dennoch d\u00fcrfte ein konventioneller Film eine Herausforderung f\u00fcr lernbehinderte Personen sein.<br \/>\nAuch hier k\u00f6nnen Sie bereits bei der Konzeption des Filmes darauf achten. Handelt es sich um ein geskriptetes Format, k\u00f6nnen m\u00f6glichst verst\u00e4ndliche Sprechertexte mit wenig Fachjargon und ohne Verschachtelungen vorgesehen werden. Inhalte in Leichter Sprache habe ich bisher nur bei der <a href=\"https:\/\/www.abm-medien.de\/\">Arbeitsgemeinschaft Behinderung und Medien<\/a> gesehen. <\/p>\n<h2><span class=\"ez-toc-section\" id=\"Zeit-_und_Kostenplanung\"><\/span>Zeit- und Kostenplanung<span class=\"ez-toc-section-end\"><\/span><\/h2>\n<p>Planen Sie einen barrierefreien Filrm, fallen zus\u00e4tzliche Kosten an.<br \/>\nMeine Empfehlung ist, dass sich wenn regelm\u00e4\u00dfig solche Filme entstehen zwei bis drei Personen inhouse darauf spezialisieren, diese Filme barrierefrei zu machen. Setzt man alle M\u00f6glichkeiten konsequent um, kann man bei externer Beauftragung von Kosten von ca. 1000 \u20ac pro Filmminute ausgehen. Das gilt f\u00fcr kurze Filme, bei l\u00e4ngeren Clips d\u00fcrften die Kosten pro Minute etwas geringer werden.<br \/>\nUntertitel und AudioDeskription lassen sich meiner Meinung nach gut inhouse erledigen. Falls Sie keine Geb\u00e4rdensprach-kundige Person im Haus haben, werden Sie die \u00dcbertragung in Geb\u00e4rdensprache allerdings extern beauftragen m\u00fcssen.<br \/>\nInsbesondere f\u00fcr AudioDeskription und Geb\u00e4rdensprache sollten Sie viel zus\u00e4tzliche Zeit einplanen. Gerade Geb\u00e4rdensprach-Dolmetscherinnen sind schwer zu bekommen. Fragen Sie am besten schon bei der Einholung von Angeboten an, wie viel Zeit f\u00fcr die Bearbeitung ben\u00f6tigt wird. Erfahrungsgem\u00e4\u00df sollten Sie f\u00fcr kurze Clips bereits 10 Werktage einplanen, f\u00fcr l\u00e4ngere Videos l\u00e4sst sich keine Aussage treffen, das h\u00e4ngt von der Auslastung des jeweiligen Dienstleisters ab. <\/p>\n<h2><span class=\"ez-toc-section\" id=\"Automatische_Transkription\"><\/span>Automatische Transkription<span class=\"ez-toc-section-end\"><\/span><\/h2>\n<p>Speech to Text ist eine der sich am schnellsten weiter entwickelnden Technologien. Das bietet sich an f\u00fcr die Erstellung von Text-Transkripten sowie f\u00fcr Untertitel f\u00fcr Videos. Die Qualit\u00e4t ist bereits recht gut. Allerdings ist eine manuelle Nachbearbeitung bis auf Weiteres unabdingbar. Dialekte, Eigen-Begriffe und exotische Namen \u00fcberfordern die TTS.<br \/>\nDie Anschaffung entsprechender Software lohnt sich nur, wenn Sie regelm\u00e4\u00dfig Inhalte transkribieren m\u00fcssen. Wenn Sie ohnehin einen Dienstleister beauftragen, wird dieser weit h\u00e4ufiger Inhalte \u00fcbertragen m\u00fcssen, deshalb lohnt es sich f\u00fcr ihn, so eine Software anzuschaffen.<\/p>\n<h2><span class=\"ez-toc-section\" id=\"Weitere_Infos\"><\/span>Weitere Infos<span class=\"ez-toc-section-end\"><\/span><\/h2>\n<ul>\n<li><a href=\"https:\/\/www.netz-barrierefrei.de\/wordpress\/barrierefreiheit-von-podcasts\/\">Barrierefreiheit f\u00fcr Podcasts<\/a><\/li>\n<\/li>\n<li><a href=\"https:\/\/netz-barrierefrei.de\/en\/multimedia.html\">Accessible Multimedia<\/a><\/li>\n<li>Mozilla. <a href=\"https:\/\/developer.mozilla.org\/en-US\/docs\/Learn_web_development\/Core\/Accessibility\/Multimedia\">Accessible Multimedia <\/a><\/li>\n<li>W3C. <a href=\"https:\/\/www.w3.org\/WAI\/media\/av\/\">Making Audio and Video Media Accessible<\/a><\/li>\n<li><a href=\"https:\/\/www.netz-barrierefrei.de\/wordpress\/barrierefreies-internet\/barrierefreie-redaktion\/audiodeskription-erstellen\/\">Audiodeskription erstellen<\/a><\/li>\n<\/ul>\n","protected":false},"excerpt":{"rendered":"<p>Sie m\u00f6chten Ihre Audio- und Video-Clips barrierefrei anbieten? Dann erfahren Sie hier, wie es geht. Hier geht es zum Podcast zur digitalen Barrierefreiheit. Die rechtlichen&#8230;<\/p>\n<div class=\"more-link-wrapper\"><a class=\"more-link\" href=\"https:\/\/www.netz-barrierefrei.de\/wordpress\/barrierefreiheit-bei-audio-und-video-multimedia-fuer-alle\/\">Weiterlesen<span class=\"screen-reader-text\">Barrierefreie Video- und Audio-Inhalte &#8211; Multimedia f\u00fcr alle<\/span><\/a><\/div>\n","protected":false},"author":1,"featured_media":0,"parent":0,"menu_order":0,"comment_status":"closed","ping_status":"closed","template":"","meta":{"footnotes":""},"class_list":["post-3336","page","type-page","status-publish","hentry","entry"],"_links":{"self":[{"href":"https:\/\/www.netz-barrierefrei.de\/wordpress\/wp-json\/wp\/v2\/pages\/3336","targetHints":{"allow":["GET"]}}],"collection":[{"href":"https:\/\/www.netz-barrierefrei.de\/wordpress\/wp-json\/wp\/v2\/pages"}],"about":[{"href":"https:\/\/www.netz-barrierefrei.de\/wordpress\/wp-json\/wp\/v2\/types\/page"}],"author":[{"embeddable":true,"href":"https:\/\/www.netz-barrierefrei.de\/wordpress\/wp-json\/wp\/v2\/users\/1"}],"replies":[{"embeddable":true,"href":"https:\/\/www.netz-barrierefrei.de\/wordpress\/wp-json\/wp\/v2\/comments?post=3336"}],"version-history":[{"count":29,"href":"https:\/\/www.netz-barrierefrei.de\/wordpress\/wp-json\/wp\/v2\/pages\/3336\/revisions"}],"predecessor-version":[{"id":9942,"href":"https:\/\/www.netz-barrierefrei.de\/wordpress\/wp-json\/wp\/v2\/pages\/3336\/revisions\/9942"}],"wp:attachment":[{"href":"https:\/\/www.netz-barrierefrei.de\/wordpress\/wp-json\/wp\/v2\/media?parent=3336"}],"curies":[{"name":"wp","href":"https:\/\/api.w.org\/{rel}","templated":true}]}}