{"id":3426,"date":"2019-10-16T10:38:53","date_gmt":"2019-10-16T08:38:53","guid":{"rendered":"https:\/\/www.netz-barrierefrei.de\/wordpress\/?page_id=3426"},"modified":"2023-08-28T17:20:12","modified_gmt":"2023-08-28T15:20:12","slug":"was-heisst-barrierefreies-internet","status":"publish","type":"page","link":"https:\/\/www.netz-barrierefrei.de\/wordpress\/barrierefreies-internet\/was-heisst-barrierefreies-internet\/","title":{"rendered":"Was hei\u00dft barrierefreies Internet?"},"content":{"rendered":"<p><script class=\"podigee-podcast-player\" src=\"https:\/\/player.podigee-cdn.net\/podcast-player\/javascripts\/podigee-podcast-player.js\" data-configuration=\"https:\/\/digitale-barrierefreiheit.podigee.io\/7-was-istbarrierefreiheit\/embed?context=external\"><\/script><br \/>\nVor zehn Jahren war es vorteilhaft, ins Internet zu kommen. Mittlerweile ist es ein echter Nachteil, nicht im Internet zu sein. Viele Produkte oder Dienstleistungen werden im Web kostenlos oder g\u00fcnstiger angeboten. Viele Informationen sind nur noch \u00fcber das Netz verf\u00fcgbar. Mit den sozialen Plattformen wird nicht nur der Austausch mit Freunden erleichtert, oft l\u00e4uft die Suche nach Jobs komplett \u00fcber Social Media.<br \/>\nNicht zuletzt ist das Internet f\u00fcr viele Arbeitspl\u00e4tze unverzichtbares Hilfsmittel. Wer also nicht ins Internet kommt, muss oft mit echten Nachteilen k\u00e4mpfen.<br \/>\nGleichzeitig ist das Internet f\u00fcr viele Menschen mit Behinderung nur schlecht oder kaum zug\u00e4nglich, weil Webseiten und Inhalte nicht barrierefrei sind. Was Barrierefreiheit bedeutet, erfahren Sie in diesem Beitrag. <\/p>\n<div id=\"ez-toc-container\" class=\"ez-toc-v2_0_82_2 counter-hierarchy ez-toc-counter ez-toc-white ez-toc-container-direction\">\n<div class=\"ez-toc-title-container\">\n<p class=\"ez-toc-title\" style=\"cursor:inherit\">Inhalt<\/p>\n<span class=\"ez-toc-title-toggle\"><a href=\"#\" class=\"ez-toc-pull-right ez-toc-btn ez-toc-btn-xs ez-toc-btn-default ez-toc-toggle\" aria-label=\"Toggle Table of Content\"><span class=\"ez-toc-js-icon-con\"><span class=\"\"><span class=\"eztoc-hide\" style=\"display:none;\">Toggle<\/span><span class=\"ez-toc-icon-toggle-span\"><svg style=\"fill: #999;color:#999\" xmlns=\"http:\/\/www.w3.org\/2000\/svg\" class=\"list-377408\" width=\"20px\" height=\"20px\" viewBox=\"0 0 24 24\" fill=\"none\"><path d=\"M6 6H4v2h2V6zm14 0H8v2h12V6zM4 11h2v2H4v-2zm16 0H8v2h12v-2zM4 16h2v2H4v-2zm16 0H8v2h12v-2z\" fill=\"currentColor\"><\/path><\/svg><svg style=\"fill: #999;color:#999\" class=\"arrow-unsorted-368013\" xmlns=\"http:\/\/www.w3.org\/2000\/svg\" width=\"10px\" height=\"10px\" viewBox=\"0 0 24 24\" version=\"1.2\" baseProfile=\"tiny\"><path d=\"M18.2 9.3l-6.2-6.3-6.2 6.3c-.2.2-.3.4-.3.7s.1.5.3.7c.2.2.4.3.7.3h11c.3 0 .5-.1.7-.3.2-.2.3-.5.3-.7s-.1-.5-.3-.7zM5.8 14.7l6.2 6.3 6.2-6.3c.2-.2.3-.5.3-.7s-.1-.5-.3-.7c-.2-.2-.4-.3-.7-.3h-11c-.3 0-.5.1-.7.3-.2.2-.3.5-.3.7s.1.5.3.7z\"\/><\/svg><\/span><\/span><\/span><\/a><\/span><\/div>\n<nav><ul class='ez-toc-list ez-toc-list-level-1 ' ><li class='ez-toc-page-1 ez-toc-heading-level-2'><a class=\"ez-toc-link ez-toc-heading-1\" href=\"https:\/\/www.netz-barrierefrei.de\/wordpress\/barrierefreies-internet\/was-heisst-barrierefreies-internet\/#Barrierefreiheit_%E2%80%93_die_Definition\" >Barrierefreiheit &#8211; die Definition<\/a><\/li><li class='ez-toc-page-1 ez-toc-heading-level-2'><a class=\"ez-toc-link ez-toc-heading-2\" href=\"https:\/\/www.netz-barrierefrei.de\/wordpress\/barrierefreies-internet\/was-heisst-barrierefreies-internet\/#Prinzipien_der_Barrierefreiheit\" >Prinzipien der Barrierefreiheit<\/a><ul class='ez-toc-list-level-3' ><li class='ez-toc-heading-level-3'><a class=\"ez-toc-link ez-toc-heading-3\" href=\"https:\/\/www.netz-barrierefrei.de\/wordpress\/barrierefreies-internet\/was-heisst-barrierefreies-internet\/#Das_Mehrkanal-Prinzip\" >Das Mehrkanal-Prinzip<\/a><\/li><li class='ez-toc-page-1 ez-toc-heading-level-3'><a class=\"ez-toc-link ez-toc-heading-4\" href=\"https:\/\/www.netz-barrierefrei.de\/wordpress\/barrierefreies-internet\/was-heisst-barrierefreies-internet\/#Selbstaendigkeit\" >Selbst\u00e4ndigkeit<\/a><\/li><li class='ez-toc-page-1 ez-toc-heading-level-3'><a class=\"ez-toc-link ez-toc-heading-5\" href=\"https:\/\/www.netz-barrierefrei.de\/wordpress\/barrierefreies-internet\/was-heisst-barrierefreies-internet\/#Universelles_Design\" >Universelles Design<\/a><\/li><\/ul><\/li><li class='ez-toc-page-1 ez-toc-heading-level-2'><a class=\"ez-toc-link ez-toc-heading-6\" href=\"https:\/\/www.netz-barrierefrei.de\/wordpress\/barrierefreies-internet\/was-heisst-barrierefreies-internet\/#Die_Anforderungen_von_Menschen_mit_Behinderung\" >Die Anforderungen von Menschen mit Behinderung<\/a><\/li><li class='ez-toc-page-1 ez-toc-heading-level-2'><a class=\"ez-toc-link ez-toc-heading-7\" href=\"https:\/\/www.netz-barrierefrei.de\/wordpress\/barrierefreies-internet\/was-heisst-barrierefreies-internet\/#Wie_sieht_die_Zukunft_aus\" >Wie sieht die Zukunft aus?<\/a><\/li><\/ul><\/nav><\/div>\n<h2><span class=\"ez-toc-section\" id=\"Barrierefreiheit_%E2%80%93_die_Definition\"><\/span>Barrierefreiheit &#8211; die Definition<span class=\"ez-toc-section-end\"><\/span><\/h2>\n<p>Das Behindertengleichstellungsgesetz definiert in Paragraph 4 Barrierefreiheit folgenderma\u00dfen:<\/p>\n<blockquote><p>\n&#8222;Barrierefrei sind bauliche und sonstige Anlagen, Verkehrsmittel, technische Gebrauchsgegenst\u00e4nde, Systeme der Informationsverarbeitung, akustische und visuelle Informationsquellen und Kommunikationseinrichtungen sowie andere gestaltete Lebensbereiche, wenn sie f\u00fcr behinderte Menschen in der allgemein \u00fcblichen Weise, ohne besondere Erschwernis und grunds\u00e4tzlich ohne fremde Hilfe zug\u00e4nglich und nutzbar sind.&#8220;\n<\/p><\/blockquote>\n<p>Die Definition klingt etwas sperrig, nennt aber die wesentlichen Punkte. Was hei\u00dft das im Bezug auf das Internet?<br \/>\n&#8211; In der allgemein \u00fcblichen Weise bedeutet, es wird zum Beispiel keine spezielle Version der Webseite f\u00fcr Menschen mit Behinderung angeboten, etwa eine Textversion einer Webseite f\u00fcr Blinde.<br \/>\n&#8211; Ohne besondere Erschwernis hei\u00dft, es d\u00fcrfen keine zus\u00e4tzlichen Anforderungen f\u00fcr Menschen mit Behinderung gestellt werden, damit die Webseite benutzbar ist. Das k\u00f6nnte z.B. die Installation einer zus\u00e4tzlichen Software sein.<br \/>\n&#8211; Eine Webseite muss so gestaltet sein, dass sie grunds\u00e4tzlich ohne fremde Hilfe bedienbar ist. Dass in Einzelf\u00e4llen Hilfe ben\u00f6tigt wird, ist in der Praxis unvermeidlich, aber die Programmierer d\u00fcrfen diese fremde Hilfe nicht einkalkulieren. Ein gutes Beispiel daf\u00fcr sind die graphischen Codes (CAPTCHAs), die oft gel\u00f6st werden m\u00fcssen, wenn man sich f\u00fcr einen Dienst registrieren m\u00f6chte. Sie sind f\u00fcr Blinde und Sehbehinderte oft ohne Fremde Hilfe nicht l\u00f6sbar, deswegen sollen alternative L\u00f6sungswege angeboten werden.<br \/>\nDie wesentlichen Regeln zur Barrierefreiheit im Internet stehen in den Web Content Accessibility Guidelines (WCAG) des World Wide Web Consortium (W3C). Das W3C entwickelt Richtlinien und Empfehlungen f\u00fcr das Internet und besch\u00e4ftigt eine spezielle Arbeitsgruppe, die sich mit der Barrierefreiheit von Webinhalten befasst.<br \/>\nDie letzte Version &#8211; die WCAG 2.1 &#8211; wurde 2018 ver\u00f6ffentlicht und im Auftrag der Aktion Mensch ins Deutsche \u00fcbersetzt. <\/p>\n<h2><span class=\"ez-toc-section\" id=\"Prinzipien_der_Barrierefreiheit\"><\/span>Prinzipien der Barrierefreiheit<span class=\"ez-toc-section-end\"><\/span><\/h2>\n<p>Obwohl die Barrierefreiheit f\u00fcr verschiedene Bereiche wie Bauen, Mobilit\u00e4t oder Informationstechnik jeweils eigene Anforderungen stellt, lassen sich alle Anforderungen auf drei Grunds\u00e4tze zur\u00fcckf\u00fchren. <\/p>\n<h3><span class=\"ez-toc-section\" id=\"Das_Mehrkanal-Prinzip\"><\/span>Das Mehrkanal-Prinzip<span class=\"ez-toc-section-end\"><\/span><\/h3>\n<p>Die wichtigste Grundlage der Barrierefreiheit ist das Mehrkanalprinzip oder 2-Sinne-Prinzip. Damit ist gemeint, dass eine Aktion auf mindestens zwei Weisen erledigt werden kann oder eine Information \u00fcber mindestens zwei Wege zug\u00e4nglich ist.<br \/>\nDas hei\u00dft zum Beispiel, dass eine Webseite sowohl per Maus als auch per Tastatur bedienbar sein muss oder dass ein Bild einen alternativen Text f\u00fcr Blinde hat oder das ein Video mit Untertitel f\u00fcr Geh\u00f6rlose ausgestattet wird. <\/p>\n<h3><span class=\"ez-toc-section\" id=\"Selbstaendigkeit\"><\/span>Selbst\u00e4ndigkeit<span class=\"ez-toc-section-end\"><\/span><\/h3>\n<p>Menschen mit Behinderung m\u00fcssen grunds\u00e4tzlich in der Lage sein, eine Aufgabe selbst\u00e4ndig ohne fremde Hilfe erledigen zu k\u00f6nnen, damit man von Barrierefreiheit sprechen kann. Wie oben erw\u00e4hnt ist das in der Praxis nicht immer m\u00f6glich. Der Webseitenbetreiber kann sich aber nicht darauf zur\u00fcckziehen, dass der Betroffene sich Hilfe holen kann, wenn er nicht zurecht kommt. <\/p>\n<h3><span class=\"ez-toc-section\" id=\"Universelles_Design\"><\/span>Universelles Design<span class=\"ez-toc-section-end\"><\/span><\/h3>\n<p>Optimal ist es, wenn eine L\u00f6sung f\u00fcr alle Menschen entwickelt wird. Vor einigen Jahren gab es noch spezielle Textversionen von Webseiten f\u00fcr Blinde. Eine Bank nannte ihre Webseite zum Online-Banking f\u00fcr Blinde barrierefrei. Das Problem war, dass diese Webseite im Gegensatz zur regul\u00e4ren Banking-Seite oft nicht funktionierte und einen Bruchteil der Funktionen der allgemeinen Banking-Seite enthielt. Universelles Design bedeutet, dass es eine L\u00f6sung f\u00fcr alle Anwender gibt, der Nutzer muss lediglich die M\u00f6glichkeit haben, die L\u00f6sung an seine Bed\u00fcrfnisse anpassen zu k\u00f6nnen. <\/p>\n<h2><span class=\"ez-toc-section\" id=\"Die_Anforderungen_von_Menschen_mit_Behinderung\"><\/span>Die Anforderungen von Menschen mit Behinderung<span class=\"ez-toc-section-end\"><\/span><\/h2>\n<p>Grunds\u00e4tzlich lassen sich vier Formen von Behinderung unterscheiden<br \/>\n&#8211;\tGeh\u00f6rlosigkeit und Schwerh\u00f6rigkeit<br \/>\n&#8211;\tBlindheit und Sehbehinderung<br \/>\n&#8211;\tmotorische Behinderung<br \/>\n&#8211;\tLernbehinderung<br \/>\n\tEinzelne Behinderungsformen stellen teilweise unterschiedliche Anforderungen an die Barrierefreiheit. Sogar innerhalb der einzelnen Gruppen k\u00f6nnen die Anforderungen sehr unterschiedlich sein.<br \/>\nSehbehinderte sind vor allem auf starke Kontraste und Textvergr\u00f6\u00dferung angewiesen. Blinden hingegen sind die Kontraste relativ egal, sie ben\u00f6tigen haupts\u00e4chlich Textalternativen und Strukturelemente f\u00fcr \u00dcberschriften oder Listen.<br \/>\nSchwerh\u00f6rige Menschen haben vor allem Probleme, wenn es um Audio- oder Videoinhalte geht. Geh\u00f6rlose sind auf Untertitel oder Inhalte in Geb\u00e4rdensprache angewiesen.<br \/>\nMenschen mit motorischer Behinderung arbeiten je nach dem, wie stark ihre Bewegungsf\u00e4higkeit eingeschr\u00e4nkt ist mit der Tastatur oder mit speziellen Eingabesystemen wie der Augensteuerung. F\u00fcr sie ist also vor allem die Tastaturbedienbarkeit wichtig und sie brauchen gro\u00dfe Klickfl\u00e4chen, da sie Schwierigkeiten haben, eine Maus  exakt zu steuern.<br \/>\nMenschen mit Lernbehinderung sto\u00dfen auf die gr\u00f6\u00dften Probleme. Sie ben\u00f6tigen Inhalte in Leichter Sprache und eine relativ einfache Seitenstruktur. <\/p>\n<h2><span class=\"ez-toc-section\" id=\"Wie_sieht_die_Zukunft_aus\"><\/span>Wie sieht die Zukunft aus?<span class=\"ez-toc-section-end\"><\/span><\/h2>\n<p>In den letzten Jahren hat sich das Web sehr schnell weiter entwickelt. Web 2.0-Anwendungen wie Facebook, Twitter oder Google+ stellen neue Herausforderungen an die Entwickler barrierefreier Webseiten und Hilfstechnik.<br \/>\nGleichzeitig hat sich durch Smartphones und Tablet-PCs auch f\u00fcr Menschen mit Behinderung der Zugang zum Internet ver\u00e4ndert. Kleine Anwendungen, die Apps, erleichtern den Zugang und die Nutzung des Internets. Tablets und Smartphones haben oft Hilfstechnik eingebaut, so dass sie f\u00fcr Menschen mit Behinderung den Zugang zum Internet erleichtern. Blinde und Sehbehinderte k\u00f6nnen sich zum Beispiel von ihrem Smartphone durch die Stadt navigieren lassen, Rollstuhlfahrer finden mit Wheelmap barrierefreie Orte.<br \/>\nGerade weil sich vieles verbessert hat und die Menschen immer st\u00e4rker im Internet unterwegs sind, werden Menschen mit Behinderung In Zukunft noch aktiver ein barrierefreies Internet einfordern. <\/p>\n","protected":false},"excerpt":{"rendered":"<p>Vor zehn Jahren war es vorteilhaft, ins Internet zu kommen. Mittlerweile ist es ein echter Nachteil, nicht im Internet zu sein. Viele Produkte oder Dienstleistungen&#8230;<\/p>\n<div class=\"more-link-wrapper\"><a class=\"more-link\" href=\"https:\/\/www.netz-barrierefrei.de\/wordpress\/barrierefreies-internet\/was-heisst-barrierefreies-internet\/\">Weiterlesen<span class=\"screen-reader-text\">Was hei\u00dft barrierefreies Internet?<\/span><\/a><\/div>\n","protected":false},"author":1,"featured_media":0,"parent":556,"menu_order":0,"comment_status":"closed","ping_status":"closed","template":"","meta":{"footnotes":""},"class_list":["post-3426","page","type-page","status-publish","hentry","entry"],"_links":{"self":[{"href":"https:\/\/www.netz-barrierefrei.de\/wordpress\/wp-json\/wp\/v2\/pages\/3426","targetHints":{"allow":["GET"]}}],"collection":[{"href":"https:\/\/www.netz-barrierefrei.de\/wordpress\/wp-json\/wp\/v2\/pages"}],"about":[{"href":"https:\/\/www.netz-barrierefrei.de\/wordpress\/wp-json\/wp\/v2\/types\/page"}],"author":[{"embeddable":true,"href":"https:\/\/www.netz-barrierefrei.de\/wordpress\/wp-json\/wp\/v2\/users\/1"}],"replies":[{"embeddable":true,"href":"https:\/\/www.netz-barrierefrei.de\/wordpress\/wp-json\/wp\/v2\/comments?post=3426"}],"version-history":[{"count":4,"href":"https:\/\/www.netz-barrierefrei.de\/wordpress\/wp-json\/wp\/v2\/pages\/3426\/revisions"}],"predecessor-version":[{"id":8364,"href":"https:\/\/www.netz-barrierefrei.de\/wordpress\/wp-json\/wp\/v2\/pages\/3426\/revisions\/8364"}],"up":[{"embeddable":true,"href":"https:\/\/www.netz-barrierefrei.de\/wordpress\/wp-json\/wp\/v2\/pages\/556"}],"wp:attachment":[{"href":"https:\/\/www.netz-barrierefrei.de\/wordpress\/wp-json\/wp\/v2\/media?parent=3426"}],"curies":[{"name":"wp","href":"https:\/\/api.w.org\/{rel}","templated":true}]}}