{"id":3646,"date":"2019-12-16T21:14:48","date_gmt":"2019-12-16T19:14:48","guid":{"rendered":"https:\/\/www.netz-barrierefrei.de\/wordpress\/?page_id=3646"},"modified":"2025-02-27T08:12:24","modified_gmt":"2025-02-27T06:12:24","slug":"schulungen-zu-barrierefreien-pdfs-adobe-acrobat-microsoft-und-libreoffice","status":"publish","type":"page","link":"https:\/\/www.netz-barrierefrei.de\/wordpress\/leistungen\/schulungen-zu-barrierefreien-pdfs-adobe-acrobat-microsoft-und-libreoffice\/","title":{"rendered":"Schulung barrierefreie PDFs: Adobe Acrobat und InDesign"},"content":{"rendered":"<p><img loading=\"lazy\" decoding=\"async\" src=\"https:\/\/www.netz-barrierefrei.de\/wordpress\/wp-content\/uploads\/pdf.png\" alt=\"Logo von PDF\" width=\"720\" height=\"720\" class=\"alignleft size-full wp-image-1947\" srcset=\"https:\/\/www.netz-barrierefrei.de\/wordpress\/wp-content\/uploads\/pdf.png 720w, https:\/\/www.netz-barrierefrei.de\/wordpress\/wp-content\/uploads\/pdf-150x150.png 150w, https:\/\/www.netz-barrierefrei.de\/wordpress\/wp-content\/uploads\/pdf-300x300.png 300w\" sizes=\"auto, (max-width: 720px) 100vw, 720px\" \/>Aktuelle Gesetze verpflichten dazu, PDFs barrierefrei zu gestalten. Nicht alle PDFs k\u00f6nnen an Dienstleisterinnen herausgegeben werden. In vielen F\u00e4llen kann eine Schulung der Mitarbeiterinnen zur Erstellung barrierefreier Dokumente oder PDFs sinnvoll sein.<br \/>\nGerne schult Silta Ihre Mitarbeiterinnen darin, barrierefreie PDFs mit Adobe Acrobat Professional oder Adobe InDesign zu erstellen. Auch im Umgang mit <a href=\"https:\/\/www.netz-barrierefrei.de\/wordpress\/schulung-barrierefreie-dokumente-mit-microsoft-word-und-powerpoint\/\">Microsoft Office oder LibreOffice  bei barrierefreien PDF-Dokumenten kann Silta Sie schulen<\/a>.<br \/>\nOnline-Schulungen sind kosteng\u00fcnstig und zeitlich flexibel auch f\u00fcr Einzelpersonen und kleine Gruppen gut umsetzbar. Vor-Ort-Schulungen sind auf Anfrage m\u00f6glich.<br \/>\nDiese Schulungen werden von meinem Kooperationspartner, der Firma <a href=\"https:\/\/www.silta.ai\/barrierefreie-dokumente\">Silta durchgef\u00fchrt<\/a>. Gerne k\u00f6nnen Sie direkt dort anfragen.<\/p>\n<div id=\"ez-toc-container\" class=\"ez-toc-v2_0_82_2 counter-hierarchy ez-toc-counter ez-toc-white ez-toc-container-direction\">\n<div class=\"ez-toc-title-container\">\n<p class=\"ez-toc-title\" style=\"cursor:inherit\">Inhalt<\/p>\n<span class=\"ez-toc-title-toggle\"><a href=\"#\" class=\"ez-toc-pull-right ez-toc-btn ez-toc-btn-xs ez-toc-btn-default ez-toc-toggle\" aria-label=\"Toggle Table of Content\"><span class=\"ez-toc-js-icon-con\"><span class=\"\"><span class=\"eztoc-hide\" style=\"display:none;\">Toggle<\/span><span class=\"ez-toc-icon-toggle-span\"><svg style=\"fill: #999;color:#999\" xmlns=\"http:\/\/www.w3.org\/2000\/svg\" class=\"list-377408\" width=\"20px\" height=\"20px\" viewBox=\"0 0 24 24\" fill=\"none\"><path d=\"M6 6H4v2h2V6zm14 0H8v2h12V6zM4 11h2v2H4v-2zm16 0H8v2h12v-2zM4 16h2v2H4v-2zm16 0H8v2h12v-2z\" fill=\"currentColor\"><\/path><\/svg><svg style=\"fill: #999;color:#999\" class=\"arrow-unsorted-368013\" xmlns=\"http:\/\/www.w3.org\/2000\/svg\" width=\"10px\" height=\"10px\" viewBox=\"0 0 24 24\" version=\"1.2\" baseProfile=\"tiny\"><path d=\"M18.2 9.3l-6.2-6.3-6.2 6.3c-.2.2-.3.4-.3.7s.1.5.3.7c.2.2.4.3.7.3h11c.3 0 .5-.1.7-.3.2-.2.3-.5.3-.7s-.1-.5-.3-.7zM5.8 14.7l6.2 6.3 6.2-6.3c.2-.2.3-.5.3-.7s-.1-.5-.3-.7c-.2-.2-.4-.3-.7-.3h-11c-.3 0-.5.1-.7.3-.2.2-.3.5-.3.7s.1.5.3.7z\"\/><\/svg><\/span><\/span><\/span><\/a><\/span><\/div>\n<nav><ul class='ez-toc-list ez-toc-list-level-1 ' ><li class='ez-toc-page-1 ez-toc-heading-level-2'><a class=\"ez-toc-link ez-toc-heading-1\" href=\"https:\/\/www.netz-barrierefrei.de\/wordpress\/leistungen\/schulungen-zu-barrierefreien-pdfs-adobe-acrobat-microsoft-und-libreoffice\/#Inhalte_der_Schulungen\" >Inhalte der Schulungen<\/a><\/li><li class='ez-toc-page-1 ez-toc-heading-level-2'><a class=\"ez-toc-link ez-toc-heading-2\" href=\"https:\/\/www.netz-barrierefrei.de\/wordpress\/leistungen\/schulungen-zu-barrierefreien-pdfs-adobe-acrobat-microsoft-und-libreoffice\/#Online-Schulungen_zu_barrierefreien_PDFs\" >Online-Schulungen zu barrierefreien PDFs<\/a><\/li><li class='ez-toc-page-1 ez-toc-heading-level-2'><a class=\"ez-toc-link ez-toc-heading-3\" href=\"https:\/\/www.netz-barrierefrei.de\/wordpress\/leistungen\/schulungen-zu-barrierefreien-pdfs-adobe-acrobat-microsoft-und-libreoffice\/#Unsere_Referenzen\" >Unsere Referenzen<\/a><\/li><\/ul><\/nav><\/div>\n<h2><span class=\"ez-toc-section\" id=\"Inhalte_der_Schulungen\"><\/span>Inhalte der Schulungen<span class=\"ez-toc-section-end\"><\/span><\/h2>\n<p>Die Schulungen werden auf Ihre Bed\u00fcrfnisse zugeschnitten: Das hei\u00dft, Silta arbeitet mit Ihren Vorlagen oder Dokumenten.<br \/>\nInhalte der Schulungen sind zum Beispiel das barrierefreie Taggen der PDFs, die Anpassung der Lese-Reihenfolge, das Pr\u00fcfen von PDFs auf Barrierefreiheit, das Erstellen interaktiver barrierefreier PDF-Formulare, das Optimieren von aus Office erzeugten PDFs, Best Practices bei Bild-Beschreibungen, Umgang mit Brosch\u00fcren und Vorlagen in InDesign und vieles mehr. Sie erfahren, was hinter PDF UA f\u00fcr barrierefreie PDFs steckt und welche hilfreichen Tools es gibt, um sich die Arbeit zu erleichtern.<br \/>\nDaneben bietet Silta eine Schulung f\u00fcr Projekt-Verantwortliche: Sie erfahren, wie Sie einen einheitlichen Standard f\u00fcr barrierefreie PDFs sicherstellen, wie Sie einen kompetenten Dienstleister finden oder PDFs auf Barrierefreiheit pr\u00fcfen &#8211; <a href=\"https:\/\/www.netz-barrierefrei.de\/wordpress\/barrierefreiheits-workshops\/schulung-barrierefreie-pdf-basis-wissen-pruefung-und-qualitaetssicherung\/\">weitere Infos zur Basis-Schulung zu barrierefreien PDFs<\/a>.<br \/>\nZur Wiederholung und Vertiefung erhalten Sie ein Handout mit hilfreichen Anleitungen und weiterf\u00fchrenden Informationen. <\/p>\n<h2><span class=\"ez-toc-section\" id=\"Online-Schulungen_zu_barrierefreien_PDFs\"><\/span>Online-Schulungen zu barrierefreien PDFs <span class=\"ez-toc-section-end\"><\/span><\/h2>\n<p>Online-Schulungen zu barrierefreien PDFs kann Silta flexibel und orts-unabh\u00e4ngig anbieten. Diese Schulungen kann Silta schon f\u00fcr einzelne Personen oder kleine Gruppen durchf\u00fchren. Sie k\u00f6nnen inhaltlich und zeitlich flexibel an Ihre Bed\u00fcrfnisse angepasst werden.<br \/>\nVoraussetzung ist, dass Sie \u00fcber eine Ausstattung zur Online-Kommunikation verf\u00fcgen, \u00fcber die sich der Bildschirm teilen l\u00e4sst. Daf\u00fcr geeignet sind etwa WebEx, Zoom oder Teams. Bez\u00fcglich der L\u00f6sungen zur Online-Kommunikation ist Silta flexibel. Zudem sollten Sie nat\u00fcrlich die Programme besitzen, in deren Nutzung Sie geschult werden m\u00f6chten.<br \/>\nSilta empfiehlt f\u00fcr die Online-Schulung die Verwendung eines gro\u00dfen Bildschirms mit Splitscreen oder zwei Bildschirme. Damit ist es einfacher, das Geschehen zu verfolgen und gleichzeitig das eigene Programm zu bedienen. <\/p>\n<h2><span class=\"ez-toc-section\" id=\"Unsere_Referenzen\"><\/span>Unsere Referenzen<span class=\"ez-toc-section-end\"><\/span><\/h2>\n<p>Seit dem Jahr 2017 f\u00fchren wir Schulungen zu barrierefreien PDFs und Dokumenten durch. Wir haben umfassende Erfahrung in der Pr\u00fcfung und Qualit\u00e4tssicherung barrierefreier PDF-Dokumente. Zum Einen sind wir einer der gr\u00f6ssten Anbieter f\u00fcr Schulungen zur digitalen Barrierefreiheit in Deutschland. Zum Anderen setzen wir, zumeist f\u00fcr Grafik-Agenturen, PDFs barrierefrei um, zum Beispiel f\u00fcr das Bundesministerium f\u00fcr Arbeit und Soziales.<br \/>\nInhouse-Schulungen haben wir zum Beispiel f\u00fcr die TU Chemnitz, die HTW Dresden, die Uni Hamburg oder f\u00fcr die Aktion Mensch durchgef\u00fchrt. Daneben konnten wir zahlreiche Desktop Publischerinnen oder Grafikerinnen aus Agenturen schulen.<br \/>\nAnders als andere Expertinnen arbeiten wir mit Menschen mit Behinderung zusammen und k\u00f6nnen daher praxisn\u00e4her arbeiten. F\u00fcr uns ist Inklusion keine trockene Theorie, sondern gelebte Praxis.<br \/>\nDiese Schulungen werden von meinem Kooperationspartner, der Firma <a href=\"https:\/\/www.silta.ai\/\">Silta durchgef\u00fchrt<\/a>. Gerne k\u00f6nnen Sie direkt dort anfragen.<\/p>\n<ul>\n<li><a href=\"https:\/\/www.silta.ai\/barrierefreie-pdf-in-adobe-acrobat\">Infos zur Schulung: Barrierefreie PDF mit Acrobat erstellen<\/a><\/li>\n<li><a href=\"https:\/\/www.silta.ai\/barrierefreie-pdf-mit-indesign\">Infos zur Schulung barrierefreie PDF mit Adobe InDesign<\/a><\/li>\n<\/ul>\n","protected":false},"excerpt":{"rendered":"<p>Aktuelle Gesetze verpflichten dazu, PDFs barrierefrei zu gestalten. Nicht alle PDFs k\u00f6nnen an Dienstleisterinnen herausgegeben werden. In vielen F\u00e4llen kann eine Schulung der Mitarbeiterinnen zur&#8230;<\/p>\n<div class=\"more-link-wrapper\"><a class=\"more-link\" href=\"https:\/\/www.netz-barrierefrei.de\/wordpress\/leistungen\/schulungen-zu-barrierefreien-pdfs-adobe-acrobat-microsoft-und-libreoffice\/\">Weiterlesen<span class=\"screen-reader-text\">Schulung barrierefreie PDFs: Adobe Acrobat und InDesign<\/span><\/a><\/div>\n","protected":false},"author":1,"featured_media":0,"parent":1305,"menu_order":0,"comment_status":"closed","ping_status":"closed","template":"","meta":{"footnotes":""},"class_list":["post-3646","page","type-page","status-publish","hentry","entry"],"_links":{"self":[{"href":"https:\/\/www.netz-barrierefrei.de\/wordpress\/wp-json\/wp\/v2\/pages\/3646","targetHints":{"allow":["GET"]}}],"collection":[{"href":"https:\/\/www.netz-barrierefrei.de\/wordpress\/wp-json\/wp\/v2\/pages"}],"about":[{"href":"https:\/\/www.netz-barrierefrei.de\/wordpress\/wp-json\/wp\/v2\/types\/page"}],"author":[{"embeddable":true,"href":"https:\/\/www.netz-barrierefrei.de\/wordpress\/wp-json\/wp\/v2\/users\/1"}],"replies":[{"embeddable":true,"href":"https:\/\/www.netz-barrierefrei.de\/wordpress\/wp-json\/wp\/v2\/comments?post=3646"}],"version-history":[{"count":33,"href":"https:\/\/www.netz-barrierefrei.de\/wordpress\/wp-json\/wp\/v2\/pages\/3646\/revisions"}],"predecessor-version":[{"id":9895,"href":"https:\/\/www.netz-barrierefrei.de\/wordpress\/wp-json\/wp\/v2\/pages\/3646\/revisions\/9895"}],"up":[{"embeddable":true,"href":"https:\/\/www.netz-barrierefrei.de\/wordpress\/wp-json\/wp\/v2\/pages\/1305"}],"wp:attachment":[{"href":"https:\/\/www.netz-barrierefrei.de\/wordpress\/wp-json\/wp\/v2\/media?parent=3646"}],"curies":[{"name":"wp","href":"https:\/\/api.w.org\/{rel}","templated":true}]}}