{"id":4018,"date":"2020-03-29T17:25:40","date_gmt":"2020-03-29T15:25:40","guid":{"rendered":"https:\/\/www.netz-barrierefrei.de\/wordpress\/?page_id=4018"},"modified":"2020-10-08T19:45:20","modified_gmt":"2020-10-08T17:45:20","slug":"neues-zur-barrierefreiheit-ausgabe-04-2020","status":"publish","type":"page","link":"https:\/\/www.netz-barrierefrei.de\/wordpress\/newsletter-digitale-barrierefreiheit\/neues-zur-barrierefreiheit-ausgabe-04-2020\/","title":{"rendered":"Corona und Barrierefreiheit &#8211; Ausgabe 04-2020"},"content":{"rendered":"<p><img loading=\"lazy\" decoding=\"async\" src=\"https:\/\/www.netz-barrierefrei.de\/wordpress\/wp-content\/uploads\/corona.jpg\" alt=\"Schematische Darstellung des Corona-Virus\" width=\"960\" height=\"540\" class=\"alignleft size-full wp-image-4031\" srcset=\"https:\/\/www.netz-barrierefrei.de\/wordpress\/wp-content\/uploads\/corona.jpg 960w, https:\/\/www.netz-barrierefrei.de\/wordpress\/wp-content\/uploads\/corona-300x169.jpg 300w, https:\/\/www.netz-barrierefrei.de\/wordpress\/wp-content\/uploads\/corona-768x432.jpg 768w\" sizes=\"auto, (max-width: 960px) 100vw, 960px\" \/>Zun\u00e4chst m\u00f6chte ich hoffen, dass Sie und Ihre Lieben gesund sind und von der Pandemie bisher verschont wurden und bleiben. Und das auch die wirtschaftlichen Folgen Sie nicht zu sehr treffen.<br \/>\nSelten d\u00fcrfte ein Thema die gesamte Menschheit so besch\u00e4ftigt haben wie der Corona-Virus. Das geht nat\u00fcrlich auch an der Barrierefreiheits-Szene nicht spurlos vorbei. Im letzten Abschnitt des Newsletters habe ich verschiedene Informationen zum Thema Corona-Virus und Barrierefreiheit gesammelt. Deswegen ist dieser Newsletter deutlich l\u00e4nger als \u00e4ltere Ausgaben geworden.<br \/>\nBez\u00fcglich Veranstaltungen ist bereits absehbar, dass bis Ende April, vielleicht auch noch l\u00e4nger, keine Pr\u00e4senz-Veranstaltungen stattfinden werden. Die Deaf-IT-Konferenz, die PDF Days, die SightCity  und die Beyond Tellerand sind abgesagt oder verschoben. Insofern wird es erst einmal keine Hinweise mehr auf anstehende Veranstaltungen Dritter im Newsletter geben.<br \/>\nWir selbst haben bereits Ende letzten Jahres beschlossen, verst\u00e4rkt auf Online-Schulungen und Online-Konsultationen zur Barrierefreiheit zu setzen. Insofern ging die Umstellung auf digitale Schulungen bei uns relativ schnell. Aktuell setzen wir auf Skype, Zoom und Teams, sind aber offen f\u00fcr andere L\u00f6sungen. <\/p>\n<div id=\"ez-toc-container\" class=\"ez-toc-v2_0_82_2 counter-hierarchy ez-toc-counter ez-toc-white ez-toc-container-direction\">\n<div class=\"ez-toc-title-container\">\n<p class=\"ez-toc-title\" style=\"cursor:inherit\">Inhalt<\/p>\n<span class=\"ez-toc-title-toggle\"><a href=\"#\" class=\"ez-toc-pull-right ez-toc-btn ez-toc-btn-xs ez-toc-btn-default ez-toc-toggle\" aria-label=\"Toggle Table of Content\"><span class=\"ez-toc-js-icon-con\"><span class=\"\"><span class=\"eztoc-hide\" style=\"display:none;\">Toggle<\/span><span class=\"ez-toc-icon-toggle-span\"><svg style=\"fill: #999;color:#999\" xmlns=\"http:\/\/www.w3.org\/2000\/svg\" class=\"list-377408\" width=\"20px\" height=\"20px\" viewBox=\"0 0 24 24\" fill=\"none\"><path d=\"M6 6H4v2h2V6zm14 0H8v2h12V6zM4 11h2v2H4v-2zm16 0H8v2h12v-2zM4 16h2v2H4v-2zm16 0H8v2h12v-2z\" fill=\"currentColor\"><\/path><\/svg><svg style=\"fill: #999;color:#999\" class=\"arrow-unsorted-368013\" xmlns=\"http:\/\/www.w3.org\/2000\/svg\" width=\"10px\" height=\"10px\" viewBox=\"0 0 24 24\" version=\"1.2\" baseProfile=\"tiny\"><path d=\"M18.2 9.3l-6.2-6.3-6.2 6.3c-.2.2-.3.4-.3.7s.1.5.3.7c.2.2.4.3.7.3h11c.3 0 .5-.1.7-.3.2-.2.3-.5.3-.7s-.1-.5-.3-.7zM5.8 14.7l6.2 6.3 6.2-6.3c.2-.2.3-.5.3-.7s-.1-.5-.3-.7c-.2-.2-.4-.3-.7-.3h-11c-.3 0-.5.1-.7.3-.2.2-.3.5-.3.7s.1.5.3.7z\"\/><\/svg><\/span><\/span><\/span><\/a><\/span><\/div>\n<nav><ul class='ez-toc-list ez-toc-list-level-1 ' ><li class='ez-toc-page-1 ez-toc-heading-level-2'><a class=\"ez-toc-link ez-toc-heading-1\" href=\"https:\/\/www.netz-barrierefrei.de\/wordpress\/newsletter-digitale-barrierefreiheit\/neues-zur-barrierefreiheit-ausgabe-04-2020\/#Interessante_Artikel\" >Interessante Artikel<\/a><\/li><li class='ez-toc-page-1 ez-toc-heading-level-2'><a class=\"ez-toc-link ez-toc-heading-2\" href=\"https:\/\/www.netz-barrierefrei.de\/wordpress\/newsletter-digitale-barrierefreiheit\/neues-zur-barrierefreiheit-ausgabe-04-2020\/#Interessante_Tools\" >Interessante Tools<\/a><\/li><li class='ez-toc-page-1 ez-toc-heading-level-2'><a class=\"ez-toc-link ez-toc-heading-3\" href=\"https:\/\/www.netz-barrierefrei.de\/wordpress\/newsletter-digitale-barrierefreiheit\/neues-zur-barrierefreiheit-ausgabe-04-2020\/#Online-Schulungen_zur_Barrierefreiheit\" >Online-Schulungen zur Barrierefreiheit<\/a><\/li><li class='ez-toc-page-1 ez-toc-heading-level-2'><a class=\"ez-toc-link ez-toc-heading-4\" href=\"https:\/\/www.netz-barrierefrei.de\/wordpress\/newsletter-digitale-barrierefreiheit\/neues-zur-barrierefreiheit-ausgabe-04-2020\/#Barrierefreiheit_und_der_Corona-Virus\" >Barrierefreiheit und der Corona-Virus<\/a><\/li><li class='ez-toc-page-1 ez-toc-heading-level-2'><a class=\"ez-toc-link ez-toc-heading-5\" href=\"https:\/\/www.netz-barrierefrei.de\/wordpress\/newsletter-digitale-barrierefreiheit\/neues-zur-barrierefreiheit-ausgabe-04-2020\/#Newsletter_abonnieren\" >Newsletter abonnieren<\/a><\/li><\/ul><\/nav><\/div>\n<h2><span class=\"ez-toc-section\" id=\"Interessante_Artikel\"><\/span>Interessante Artikel<span class=\"ez-toc-section-end\"><\/span><\/h2>\n<p>Da zumindest der halbe M\u00e4rz von COVID19 dominiert wurde, bleibt die Liste interessanter Artikel dieses Mal relativ kurz.<br \/>\nEinen kleinen Tooltip gibt es von der inklusiven Medienarbeit. Es wird gezeigt, wie Audiodeskriptionen mit iMovie direkt in einer Videospur aufgenommen werden k\u00f6nnen.<br \/>\nInklusive Medienarbeit. <a href=\"https:\/\/www.inklusive-medienarbeit.de\/tool-tipp-audiodeskription-mit-imovie\/\" >Tool-Tipp: Audiodeskription mit iMovie<\/a><br \/>\nDie weiteren Beitr\u00e4ge sind auf Englisch. Die Barrierefreiheits-Funktionen in Smartphones haben es doch tats\u00e4chlich in die New York Times geschafft. Ich w\u00fcnsche mir mehr davon in den Mainstream-Medien.<br \/>\nNew York Times. Why Your Phone\u2019s Accessibility Options Are Useful for Everyone<br \/>\nBereits im letzten Jahr wurde ein Report \u00fcber Rechtsstreitigkeiten in den USA bez\u00fcglich barrierefreier Webseiten ver\u00f6ffentlicht. Diese steigen kontinuierlich an und betreffen vor allem bekannte Marken.<br \/>\nUSABLENET. <a href=\"https:\/\/blog.usablenet.com\/usablenet-releases-its-2019-ada-web-accessibility-and-app-lawsuit-report\" >USABLENET RELEASES ITS 2019 ADA WEB ACCESSIBILITY AND APP LAWSUIT REPORT<\/a><br \/>\nAufr\u00e4umen tr\u00e4gt auch zur Barrierefreiheit bei. Mit jetzigen Mitteln ist es nicht m\u00f6glich, s\u00e4mtliche PDFs einer Organisation barrierefrei zu machen. Also schmei\u00dfen Sie viele der oft \u00fcberfl\u00fcssigen Inhalte einfach weg und verzichten Sie auf doppelte Inhalte. Zu diesem Schluss kommt auch das Weblog Accessibility in Government.<br \/>\nAccessibility in Government. <a href=\"https:\/\/accessibility.blog.gov.uk\/2020\/02\/28\/cleaning-our-way-to-accessibility\/\" >Cleaning our way to accessibility<\/a><br \/>\nEine Abgrenzung zwischen User Experience und Barrierefreiheit ist nur in Grenzen sinnvoll. Schlie\u00dflich sind auch behinderte Nutzer User und deren Experience wird durch mangelhafte Barrierefreiheit eingeschr\u00e4nkt. Das zeigt auch ein Beitrag von Jaxenter.<br \/>\nJaxenter. <a href=\"https:\/\/devm.io\/ux\/web-accessibility-ux-170115\">All you need to know about web accessibility and UX<\/a><br \/>\nSie haben noch gar kein Produkt, aber eine gro\u00dfartige Idee? Level Access zeigt Ihnen, warum und wie Sie schon jetzt \u00fcber dessen Barrierefreiheit nachdenken sollten.<br \/>\nLevel Access. How to get started on accessibility before you even have a product<br \/>\nBarrierefreiheit wird vor allem in Deutschland als Verpflichtung und als Extra f\u00fcr behinderte Menschen behandelt und verkauft. Dabei spielt es mitten in die Unternehmensstrategie hinein. Es spielt eine wichtige Rolle bei unternehmerischer Verantwortung, Glaubw\u00fcrdigkeit und Vertrauensw\u00fcrdigkeit. Das zeigt ein Artikel auf dem Search Engine Journal.<br \/>\nSearch Engine Journal. <a href=\"https:\/\/www.searchenginejournal.com\/ethical-accessibility-practices-for-digital-businesses\/356632\/\" >Accessibility for Digital Businesses: How Your Company Can Be a Leader<\/a><\/p>\n<h2><span class=\"ez-toc-section\" id=\"Interessante_Tools\"><\/span>Interessante Tools <span class=\"ez-toc-section-end\"><\/span><\/h2>\n<p>Das DAISY-Consortium hat ein kostenloses Tool ver\u00f6ffentlicht, mit dem sich entsprechend vorbereitete Word-Dokumente in barrierefreie eBooks im ePub-Format umwandeln lassen.<br \/>\nDAISY Consortium. <a href=\"https:\/\/daisy.org\/activities\/software\/wordtoepub\/\" >WordToEPUB<\/a><br \/>\nDer Chrome-Browser hat in einer Beta-Version einen Simulator f\u00fcr verschiedene Sehbehinderungen integriert. Anscheinend liefern sich die Browser aktuell einen Wettbewerb um die besten Barrierefreiheits-Tools.<br \/>\nHeise Online. Hilfe f\u00fcr Sehbehinderte: Neue Chrome-Funktion f\u00fcr Entwickler <\/p>\n<h2><span class=\"ez-toc-section\" id=\"Online-Schulungen_zur_Barrierefreiheit\"><\/span>Online-Schulungen zur Barrierefreiheit<span class=\"ez-toc-section-end\"><\/span><\/h2>\n<p>Wie oben schon erw\u00e4hnt setzen wir verst\u00e4rkt auf Online-Schulungen zur Barrierefreiheit.<br \/>\n<a href=\"https:\/\/www.silta.ai\/schulungen\">Infos zu allen Schulungen<\/a><\/p>\n<h2><span class=\"ez-toc-section\" id=\"Barrierefreiheit_und_der_Corona-Virus\"><\/span>Barrierefreiheit und der Corona-Virus<span class=\"ez-toc-section-end\"><\/span><\/h2>\n<p>Leider sind wir in Deutschland von einer barrierefreien Kommunikation noch weit entfernt. So klagten viele Verb\u00e4nde \u00fcber mangelnde Informationen in Leichter und Geb\u00e4rdensprache. Da scheint sich die Situation mittlerweile verbessert zu haben. Allerdings fehlen meines Erachtens nach wie vor Informationen in einfacher Sprache. Personen mit Lese-Problemen und leichten Sprach-Einschr\u00e4nkungen haben nach wie vor kaum Zugang zu validen Informationen. Insofern ist es auch nicht \u00fcberaschend, wie viele Fake-News nicht nur in diesem Zusammenhang kursieren.<br \/>\nDie Aktion Mensch hat Informationen zum Corona-Virus in barrierefreien Formaten und Geb\u00e4rdensprache gesammelt.<br \/>\nAktion Mensch. Corona-Virus &#8211; Wichtige Informationen und Links f\u00fcr Menschen mit Behinderung im \u00dcberblick<br \/>\nDie Bundesfachstelle Barrierefreiheit hat eine Handreichung f\u00fcr Beh\u00f6rden zur barrierefreien Kommunikation zum Corona-Virus ver\u00f6ffentlicht.<br \/>\nBundesfachstelle Barrierefreiheit. Barrierefrei informieren und kommunizieren in Zeiten des Corona-Virus<br \/>\nPIKSL ist eine Initiative, die insbesondere Menschen mit Lernbehinderung bei der Entwicklung innovativer L\u00f6sungen aktiv einbindet. In einem Beitrag wird gezeigt, warum digitale Teilhabe insbesondere in Zeiten von Corona wichtig ist.<br \/>\nPIKSL. <a href=\"https:\/\/piksl.net\/news\/warum-digitale-teilhabe-in-zeiten-von-corona-umso-wichtiger-ist\/\" >Warum digitale Teilhabe in Zeiten von Corona umso wichtiger ist<\/a><br \/>\nDie Initiative So geht digital zeigt, warum auch soziale Organisationen sp\u00e4testens jetzt barrierefrei kommunizieren sollten.<br \/>\nSo geht digital. <a href=\"https:\/\/so-geht-digital.de\/digitale-barrierefreiheit\/\">Digitale Barrierefreiheit: Wenn nicht jetzt, wann dann?<\/a><br \/>\nIch selbst habe mich mit der Barrierefreiheit von Tools zur Online-Kommunikation besch\u00e4ftigt. Steuern Sie doch Ihre eigenen Erfahrungen bei.<br \/>\nnetz-barrierefrei. <a href=\"https:\/\/www.netz-barrierefrei.de\/wordpress\/welche-tools-zur-online-kommunikation-sind-barrierefrei\/\" >Welche Tools zur Online-Kommunikation sind barrierefrei?<\/a><br \/>\nDie weiteren Beitr\u00e4ge sind auf Englisch. SIGMA gibt Hinweise wie Informationen zur Corona-Pandemie barrierefrei verbreitet werden k\u00f6nnen.<br \/>\nSIGMA. <a href=\"https:\/\/www.nexerdigital.com\/news-and-thoughts\/advice-on-sharing-accessible-content-during-the-coronavirus-pandemic\/\">Advice on sharing accessible content during the Coronavirus pandemic<\/a><br \/>\nDas Center for inclusive design besch\u00e4ftigt sich ebenfalls mit dieser Frage.<br \/>\nCenter for inclusive design. Communicating inclusively in emergencies<br \/>\nDie Organisation Teach Access hat Links zum Thema barrierefreier Fern-Unterricht in einer Google Tabelle gesammelt. Leider sind Google Tabellen zumindest auf Windows-Rechnern selbst nicht besonders barrierefrei.<br \/>\nTeach Access. <a href=\"https:\/\/docs.google.com\/spreadsheets\/d\/14ttkr_mcwLNGpib4CbQ4_vJcIwKBikIi_B6tZGipUx4\/edit#gid=0\">Zur Google Tabelle<\/a><\/p>\n<h2><span class=\"ez-toc-section\" id=\"Newsletter_abonnieren\"><\/span>Newsletter abonnieren<span class=\"ez-toc-section-end\"><\/span><\/h2>\n<p>Hat Ihnen der Newsletter gefallen und haben Sie ihn noch nicht abonniert? Dann k\u00f6nnen Sie dieses bedauerliche Vers\u00e4umnis hier nacholen.<br \/>\n[newsletter2go]<\/p>\n","protected":false},"excerpt":{"rendered":"<p>Zun\u00e4chst m\u00f6chte ich hoffen, dass Sie und Ihre Lieben gesund sind und von der Pandemie bisher verschont wurden und bleiben. Und das auch die wirtschaftlichen&#8230;<\/p>\n<div class=\"more-link-wrapper\"><a class=\"more-link\" href=\"https:\/\/www.netz-barrierefrei.de\/wordpress\/newsletter-digitale-barrierefreiheit\/neues-zur-barrierefreiheit-ausgabe-04-2020\/\">Weiterlesen<span class=\"screen-reader-text\">Corona und Barrierefreiheit &#8211; Ausgabe 04-2020<\/span><\/a><\/div>\n","protected":false},"author":1,"featured_media":0,"parent":1450,"menu_order":0,"comment_status":"closed","ping_status":"closed","template":"","meta":{"footnotes":""},"class_list":["post-4018","page","type-page","status-publish","hentry","entry"],"_links":{"self":[{"href":"https:\/\/www.netz-barrierefrei.de\/wordpress\/wp-json\/wp\/v2\/pages\/4018","targetHints":{"allow":["GET"]}}],"collection":[{"href":"https:\/\/www.netz-barrierefrei.de\/wordpress\/wp-json\/wp\/v2\/pages"}],"about":[{"href":"https:\/\/www.netz-barrierefrei.de\/wordpress\/wp-json\/wp\/v2\/types\/page"}],"author":[{"embeddable":true,"href":"https:\/\/www.netz-barrierefrei.de\/wordpress\/wp-json\/wp\/v2\/users\/1"}],"replies":[{"embeddable":true,"href":"https:\/\/www.netz-barrierefrei.de\/wordpress\/wp-json\/wp\/v2\/comments?post=4018"}],"version-history":[{"count":24,"href":"https:\/\/www.netz-barrierefrei.de\/wordpress\/wp-json\/wp\/v2\/pages\/4018\/revisions"}],"predecessor-version":[{"id":10081,"href":"https:\/\/www.netz-barrierefrei.de\/wordpress\/wp-json\/wp\/v2\/pages\/4018\/revisions\/10081"}],"up":[{"embeddable":true,"href":"https:\/\/www.netz-barrierefrei.de\/wordpress\/wp-json\/wp\/v2\/pages\/1450"}],"wp:attachment":[{"href":"https:\/\/www.netz-barrierefrei.de\/wordpress\/wp-json\/wp\/v2\/media?parent=4018"}],"curies":[{"name":"wp","href":"https:\/\/api.w.org\/{rel}","templated":true}]}}