{"id":4796,"date":"2020-10-10T16:52:48","date_gmt":"2020-10-10T14:52:48","guid":{"rendered":"https:\/\/www.netz-barrierefrei.de\/wordpress\/?page_id=4796"},"modified":"2023-12-16T13:22:52","modified_gmt":"2023-12-16T11:22:52","slug":"sensibilisierung-was-ist-inklusive-kommunikation","status":"publish","type":"page","link":"https:\/\/www.netz-barrierefrei.de\/wordpress\/barrierefreiheits-workshops\/sensibilisierung-was-ist-inklusive-kommunikation\/","title":{"rendered":"Online-Sensibilisierung: Einf\u00fchrung in die inklusive Kommunikation"},"content":{"rendered":"<p><img loading=\"lazy\" decoding=\"async\" src=\"https:\/\/www.netz-barrierefrei.de\/wordpress\/wp-content\/uploads\/drei-figuren.jpg\" alt=\"drei-stilisierte figuren\" width=\"945\" height=\"720\" class=\"alignleft size-full wp-image-4798\" srcset=\"https:\/\/www.netz-barrierefrei.de\/wordpress\/wp-content\/uploads\/drei-figuren.jpg 945w, https:\/\/www.netz-barrierefrei.de\/wordpress\/wp-content\/uploads\/drei-figuren-300x229.jpg 300w, https:\/\/www.netz-barrierefrei.de\/wordpress\/wp-content\/uploads\/drei-figuren-768x585.jpg 768w\" sizes=\"auto, (max-width: 945px) 100vw, 945px\" \/>Hinweis: Diesen Kurs bieten wir nicht mehr als offene Schulung an.<br \/>\nOb Behinderung, Migrationshintergrund oder soziale Herkunft: Die Gesellschaft wird immer diverser. Zugleich wird von Unternehmen, Beh\u00f6rden und NGOs erwartet, dass sie mehr und f\u00fcr eine breitere \u00d6ffentlichkeit kommunizieren. In der Sensibilisierung \u201eInklusive Kommunikation\u201c erfahren Sie, worauf Sie achten sollten. <\/p>\n<div id=\"ez-toc-container\" class=\"ez-toc-v2_0_82_2 counter-hierarchy ez-toc-counter ez-toc-white ez-toc-container-direction\">\n<div class=\"ez-toc-title-container\">\n<p class=\"ez-toc-title\" style=\"cursor:inherit\">Inhalt<\/p>\n<span class=\"ez-toc-title-toggle\"><a href=\"#\" class=\"ez-toc-pull-right ez-toc-btn ez-toc-btn-xs ez-toc-btn-default ez-toc-toggle\" aria-label=\"Toggle Table of Content\"><span class=\"ez-toc-js-icon-con\"><span class=\"\"><span class=\"eztoc-hide\" style=\"display:none;\">Toggle<\/span><span class=\"ez-toc-icon-toggle-span\"><svg style=\"fill: #999;color:#999\" xmlns=\"http:\/\/www.w3.org\/2000\/svg\" class=\"list-377408\" width=\"20px\" height=\"20px\" viewBox=\"0 0 24 24\" fill=\"none\"><path d=\"M6 6H4v2h2V6zm14 0H8v2h12V6zM4 11h2v2H4v-2zm16 0H8v2h12v-2zM4 16h2v2H4v-2zm16 0H8v2h12v-2z\" fill=\"currentColor\"><\/path><\/svg><svg style=\"fill: #999;color:#999\" class=\"arrow-unsorted-368013\" xmlns=\"http:\/\/www.w3.org\/2000\/svg\" width=\"10px\" height=\"10px\" viewBox=\"0 0 24 24\" version=\"1.2\" baseProfile=\"tiny\"><path d=\"M18.2 9.3l-6.2-6.3-6.2 6.3c-.2.2-.3.4-.3.7s.1.5.3.7c.2.2.4.3.7.3h11c.3 0 .5-.1.7-.3.2-.2.3-.5.3-.7s-.1-.5-.3-.7zM5.8 14.7l6.2 6.3 6.2-6.3c.2-.2.3-.5.3-.7s-.1-.5-.3-.7c-.2-.2-.4-.3-.7-.3h-11c-.3 0-.5.1-.7.3-.2.2-.3.5-.3.7s.1.5.3.7z\"\/><\/svg><\/span><\/span><\/span><\/a><\/span><\/div>\n<nav><ul class='ez-toc-list ez-toc-list-level-1 ' ><li class='ez-toc-page-1 ez-toc-heading-level-2'><a class=\"ez-toc-link ez-toc-heading-1\" href=\"https:\/\/www.netz-barrierefrei.de\/wordpress\/barrierefreiheits-workshops\/sensibilisierung-was-ist-inklusive-kommunikation\/#Inhalte_der_Sensibilisierung\" >Inhalte der Sensibilisierung<\/a><\/li><li class='ez-toc-page-1 ez-toc-heading-level-2'><a class=\"ez-toc-link ez-toc-heading-2\" href=\"https:\/\/www.netz-barrierefrei.de\/wordpress\/barrierefreiheits-workshops\/sensibilisierung-was-ist-inklusive-kommunikation\/#Ziele_der_Sensibilisierung\" >Ziele der Sensibilisierung<\/a><\/li><li class='ez-toc-page-1 ez-toc-heading-level-2'><a class=\"ez-toc-link ez-toc-heading-3\" href=\"https:\/\/www.netz-barrierefrei.de\/wordpress\/barrierefreiheits-workshops\/sensibilisierung-was-ist-inklusive-kommunikation\/#Zielgruppen_der_Sensibilisierung\" >Zielgruppen der Sensibilisierung<\/a><\/li><li class='ez-toc-page-1 ez-toc-heading-level-2'><a class=\"ez-toc-link ez-toc-heading-4\" href=\"https:\/\/www.netz-barrierefrei.de\/wordpress\/barrierefreiheits-workshops\/sensibilisierung-was-ist-inklusive-kommunikation\/#Zeit_und_Ort\" >Zeit und Ort<\/a><\/li><li class='ez-toc-page-1 ez-toc-heading-level-2'><a class=\"ez-toc-link ez-toc-heading-5\" href=\"https:\/\/www.netz-barrierefrei.de\/wordpress\/barrierefreiheits-workshops\/sensibilisierung-was-ist-inklusive-kommunikation\/#Der_Dozent\" >Der Dozent<\/a><\/li><li class='ez-toc-page-1 ez-toc-heading-level-2'><a class=\"ez-toc-link ez-toc-heading-6\" href=\"https:\/\/www.netz-barrierefrei.de\/wordpress\/barrierefreiheits-workshops\/sensibilisierung-was-ist-inklusive-kommunikation\/#Anmeldung\" >Anmeldung<\/a><\/li><\/ul><\/nav><\/div>\n<h2><span class=\"ez-toc-section\" id=\"Inhalte_der_Sensibilisierung\"><\/span>Inhalte der Sensibilisierung<span class=\"ez-toc-section-end\"><\/span><\/h2>\n<p>Haben Sie sich schon einmal gefragt, warum Ihre Kommunikation h\u00e4ufig nur ein bestimmtes Milieu anspricht? Die Ursache ist oft, dass die Kommunikation meist unbewusst auf eine bestimmte Gruppe ausgerichtet ist. Die Aufmachung, die Sprache und die Gestaltung der Kommunikationsmittel sprechen bestimmte Personen besonders an. Gleichzeitig werden andere Personen eher abgeschreckt. Dazu k\u00f6nnen etwa \u00e4ltere, behinderte oder finanziell nicht so gut ausgestattete Personen geh\u00f6ren.<br \/>\nIn dieser Sensibilisierung lernen Sie, welche Stolpersteine es in der verbalen oder schriftlichen Kommunikation gibt. Inklusion ist dabei nicht nur auf Behinderung bezogen. Vielmehr schlie\u00dft eine inklusive Kommunikation alle Gruppen ein, die als benachteiligt gelten. Im Sinne der Diversity geht es darum, m\u00f6glichst viele unterschiedliche Menschen anzusprechen.<br \/>\nKommunikation meint nicht nur die \u00d6ffentlichkeitsarbeit online und offline. Es geht auch um die Gestaltung von Kampagnen und Veranstaltungen f\u00fcr eine m\u00f6glichst gro\u00dfe Zielgruppe. Oder wie Paul Watzlawick schon sagte: Man kann nicht nicht-kommunizieren. <\/p>\n<h2><span class=\"ez-toc-section\" id=\"Ziele_der_Sensibilisierung\"><\/span>Ziele der Sensibilisierung<span class=\"ez-toc-section-end\"><\/span><\/h2>\n<p>Kommunikation funktioniert in jeder Organisation anders. Unter anderem werden in dieser Sensibilisierung folgende Ziele verfolgt: <\/p>\n<ul>\n<li>Sie lernen, Diskriminierungen in der Kommunikation zu erkennen. <\/li>\n<li>Sie bekommen ein Gesp\u00fcr daf\u00fcr, was von benachteiligten Personen als diskriminierend wahrgenommenwerden kann.<\/li>\n<\/ul>\n<p>Was diese Schulung nicht leistet:<br \/>\nDie Sensibilisierung zeigt Ihnen, worauf Sie bei einer inklusiven Kommunikation achten sollten bzw. welche Stolperfallen Sie vermeiden sollten.<br \/>\nEs werden aber keine konkreten Ma\u00dfnahmen vorgeschlagen. Konkrete Ma\u00dfnahmen m\u00fcssen von der Organisation selbst entwickelt werden. Es gibt nicht die Ma\u00dfnahme, die auf jede Organisation passt.<br \/>\nIn dieser Sensibilisierung geht es auch nicht um eine besonders inklusive Sprache, wie sie etwa von Leidmedien bef\u00fcrwortet wird. Last not least geht es nicht um Geb\u00e4rdensprache, Leichte Sprache oder andere spezielle Kommunikationsformen, diese geh\u00f6ren in eine barrierefreie Kommunikation, sind aber nicht Gegenstand dieser Sensibilisierung. <\/p>\n<h2><span class=\"ez-toc-section\" id=\"Zielgruppen_der_Sensibilisierung\"><\/span>Zielgruppen der Sensibilisierung<span class=\"ez-toc-section-end\"><\/span><\/h2>\n<p>Die Sensibilisierung richtet sich an alle Personen, die inklusiv kommunizieren m\u00f6chten, sei es organisations-intern oder mit einer gr\u00f6\u00dferen \u00d6ffentlichkeit. Neben PR-Verantwortlichen und Redakteur:Innen sind auch Personaler:Innen angesprochen.<br \/>\nVorkenntnisse sind zur Teilnahme nicht erforderlich. Sie sollten Interesse an kommunikativen Prozessen mitbringen. <\/p>\n<h2><span class=\"ez-toc-section\" id=\"Zeit_und_Ort\"><\/span>Zeit und Ort <span class=\"ez-toc-section-end\"><\/span><\/h2>\n<p>Folgende Termine sind f\u00fcr die Sensibilisierung geplant:<br \/>\n[sc name=&#8220;kommunikation&#8220;]<br \/>\n[sc name=&#8220;zoom&#8220;]<br \/>\nDie Teilnahmekosten betragen 200 \u20ac pro Person zzgl. Umsatzsteuer. Sie erhalten eine pers\u00f6nliche Teilnahmebescheinigung.<br \/>\nAls Materialien erhalten Sie die Pr\u00e4sentation sowie ein gedrucktes Skript. <\/p>\n<h2><span class=\"ez-toc-section\" id=\"Der_Dozent\"><\/span>Der Dozent <span class=\"ez-toc-section-end\"><\/span><\/h2>\n<p>Domingos de Oliveira studierte Politikwissenschaft, Soziologie und Philosophie in Marburg. Er ist seit rund 10 Jahren als freier Redakteur in der Kommunikation f\u00fcr unterschiedliche Organisationen t\u00e4tig. Zu seinen Kunden z\u00e4hlt zum Beispiel die Aktion Mensch. Er engagiert sich unter anderem f\u00fcr arbeiterkind.de. Er ist selbst von Geburt an behindert, hat einen Migrationshintergrund und stammt aus einer Arbeiter-Familie. Dadurch kann er viele unterschiedliche Perspektiven in seine Arbeit einbringen. Er gibt regelm\u00e4\u00dfig Workshops zur Barrierefreiheit. Daneben bet\u00e4tigt er sich als Referent etwa f\u00fcr die Diversity-Konferenz des Tagesspiegels, f\u00fcr die Republica, die Inklusionstage des Bundessozialministeriums oder f\u00fcr die Diakonie Schleswig-Holstein. <\/p>\n<h2><span class=\"ez-toc-section\" id=\"Anmeldung\"><\/span>Anmeldung<span class=\"ez-toc-section-end\"><\/span><\/h2>\n<p>Melden Sie sich gerne formlos per Mail an. Auch Fragen k\u00f6nnen Sie gerne an die unten genannte Mail-Adresse senden. Mit Ihrer Anmeldung akzeptieren Sie unsere <a href=\"https:\/\/www.silta.ai\/allgemeine-geschaeftsbedingungen\">allgemeinen Teilnahme- und Gesch\u00e4ftsbedingungen<\/a>.<br \/>\n[sc name=&#8220;kontakt&#8220;]<\/p>\n","protected":false},"excerpt":{"rendered":"<p>Hinweis: Diesen Kurs bieten wir nicht mehr als offene Schulung an. Ob Behinderung, Migrationshintergrund oder soziale Herkunft: Die Gesellschaft wird immer diverser. Zugleich wird von&#8230;<\/p>\n<div class=\"more-link-wrapper\"><a class=\"more-link\" href=\"https:\/\/www.netz-barrierefrei.de\/wordpress\/barrierefreiheits-workshops\/sensibilisierung-was-ist-inklusive-kommunikation\/\">Weiterlesen<span class=\"screen-reader-text\">Online-Sensibilisierung: Einf\u00fchrung in die inklusive Kommunikation<\/span><\/a><\/div>\n","protected":false},"author":1,"featured_media":0,"parent":352,"menu_order":0,"comment_status":"closed","ping_status":"closed","template":"","meta":{"footnotes":""},"class_list":["post-4796","page","type-page","status-publish","hentry","entry"],"_links":{"self":[{"href":"https:\/\/www.netz-barrierefrei.de\/wordpress\/wp-json\/wp\/v2\/pages\/4796","targetHints":{"allow":["GET"]}}],"collection":[{"href":"https:\/\/www.netz-barrierefrei.de\/wordpress\/wp-json\/wp\/v2\/pages"}],"about":[{"href":"https:\/\/www.netz-barrierefrei.de\/wordpress\/wp-json\/wp\/v2\/types\/page"}],"author":[{"embeddable":true,"href":"https:\/\/www.netz-barrierefrei.de\/wordpress\/wp-json\/wp\/v2\/users\/1"}],"replies":[{"embeddable":true,"href":"https:\/\/www.netz-barrierefrei.de\/wordpress\/wp-json\/wp\/v2\/comments?post=4796"}],"version-history":[{"count":12,"href":"https:\/\/www.netz-barrierefrei.de\/wordpress\/wp-json\/wp\/v2\/pages\/4796\/revisions"}],"predecessor-version":[{"id":8739,"href":"https:\/\/www.netz-barrierefrei.de\/wordpress\/wp-json\/wp\/v2\/pages\/4796\/revisions\/8739"}],"up":[{"embeddable":true,"href":"https:\/\/www.netz-barrierefrei.de\/wordpress\/wp-json\/wp\/v2\/pages\/352"}],"wp:attachment":[{"href":"https:\/\/www.netz-barrierefrei.de\/wordpress\/wp-json\/wp\/v2\/media?parent=4796"}],"curies":[{"name":"wp","href":"https:\/\/api.w.org\/{rel}","templated":true}]}}

Online-Sensibilisierung: Einführung in die inklusive Kommunikation

<p><img loading="lazy" decoding="async" src="https://www.netz-barrierefrei.de/wordpress/wp-content/uploads/drei-figuren.jpg" alt="drei-stilisierte figuren" width="945" height="720" class="alignleft size-full wp-image-4798" srcset="https://www.netz-barrierefrei.de/wordpress/wp-content/uploads/drei-figuren.jpg 945w, https://www.netz-barrierefrei.de/wordpress/wp-content/uploads/drei-figuren-300x229.jpg 300w, https://www.netz-barrierefrei.de/wordpress/wp-content/uploads/drei-figuren-768x585.jpg 768w" sizes="auto, (max-width: 945px) 100vw, 945px" />Hinweis: Diesen Kurs bieten wir nicht mehr als offene Schulung an.<br />
Ob Behinderung, Migrationshintergrund oder soziale Herkunft: Die Gesellschaft wird immer diverser. Zugleich wird von Unternehmen, Behörden und NGOs erwartet, dass sie mehr und für eine breitere Öffentlichkeit kommunizieren. In der Sensibilisierung „Inklusive Kommunikation“ erfahren Sie, worauf Sie achten sollten. </p>
<div id="ez-toc-container" class="ez-toc-v2_0_82_2 counter-hierarchy ez-toc-counter ez-toc-white ez-toc-container-direction">
<div class="ez-toc-title-container">
<p class="ez-toc-title" style="cursor:inherit">Inhalt</p>
<span class="ez-toc-title-toggle"><a href="#" class="ez-toc-pull-right ez-toc-btn ez-toc-btn-xs ez-toc-btn-default ez-toc-toggle" aria-label="Toggle Table of Content"><span class="ez-toc-js-icon-con"><span class=""><span class="eztoc-hide" style="display:none;">Toggle</span><span class="ez-toc-icon-toggle-span"><svg style="fill: #999;color:#999" xmlns="http://www.w3.org/2000/svg" class="list-377408" width="20px" height="20px" viewBox="0 0 24 24" fill="none"><path d="M6 6H4v2h2V6zm14 0H8v2h12V6zM4 11h2v2H4v-2zm16 0H8v2h12v-2zM4 16h2v2H4v-2zm16 0H8v2h12v-2z" fill="currentColor"></path></svg><svg style="fill: #999;color:#999" class="arrow-unsorted-368013" xmlns="http://www.w3.org/2000/svg" width="10px" height="10px" viewBox="0 0 24 24" version="1.2" baseProfile="tiny"><path d="M18.2 9.3l-6.2-6.3-6.2 6.3c-.2.2-.3.4-.3.7s.1.5.3.7c.2.2.4.3.7.3h11c.3 0 .5-.1.7-.3.2-.2.3-.5.3-.7s-.1-.5-.3-.7zM5.8 14.7l6.2 6.3 6.2-6.3c.2-.2.3-.5.3-.7s-.1-.5-.3-.7c-.2-.2-.4-.3-.7-.3h-11c-.3 0-.5.1-.7.3-.2.2-.3.5-.3.7s.1.5.3.7z"/></svg></span></span></span></a></span></div>
<nav><ul class='ez-toc-list ez-toc-list-level-1 ' ><li class='ez-toc-page-1 ez-toc-heading-level-2'><a class="ez-toc-link ez-toc-heading-1" href="https://www.netz-barrierefrei.de/wordpress/barrierefreiheits-workshops/sensibilisierung-was-ist-inklusive-kommunikation/#Inhalte_der_Sensibilisierung" >Inhalte der Sensibilisierung</a></li><li class='ez-toc-page-1 ez-toc-heading-level-2'><a class="ez-toc-link ez-toc-heading-2" href="https://www.netz-barrierefrei.de/wordpress/barrierefreiheits-workshops/sensibilisierung-was-ist-inklusive-kommunikation/#Ziele_der_Sensibilisierung" >Ziele der Sensibilisierung</a></li><li class='ez-toc-page-1 ez-toc-heading-level-2'><a class="ez-toc-link ez-toc-heading-3" href="https://www.netz-barrierefrei.de/wordpress/barrierefreiheits-workshops/sensibilisierung-was-ist-inklusive-kommunikation/#Zielgruppen_der_Sensibilisierung" >Zielgruppen der Sensibilisierung</a></li><li class='ez-toc-page-1 ez-toc-heading-level-2'><a class="ez-toc-link ez-toc-heading-4" href="https://www.netz-barrierefrei.de/wordpress/barrierefreiheits-workshops/sensibilisierung-was-ist-inklusive-kommunikation/#Zeit_und_Ort" >Zeit und Ort</a></li><li class='ez-toc-page-1 ez-toc-heading-level-2'><a class="ez-toc-link ez-toc-heading-5" href="https://www.netz-barrierefrei.de/wordpress/barrierefreiheits-workshops/sensibilisierung-was-ist-inklusive-kommunikation/#Der_Dozent" >Der Dozent</a></li><li class='ez-toc-page-1 ez-toc-heading-level-2'><a class="ez-toc-link ez-toc-heading-6" href="https://www.netz-barrierefrei.de/wordpress/barrierefreiheits-workshops/sensibilisierung-was-ist-inklusive-kommunikation/#Anmeldung" >Anmeldung</a></li></ul></nav></div>
<h2><span class="ez-toc-section" id="Inhalte_der_Sensibilisierung"></span>Inhalte der Sensibilisierung<span class="ez-toc-section-end"></span></h2>
<p>Haben Sie sich schon einmal gefragt, warum Ihre Kommunikation häufig nur ein bestimmtes Milieu anspricht? Die Ursache ist oft, dass die Kommunikation meist unbewusst auf eine bestimmte Gruppe ausgerichtet ist. Die Aufmachung, die Sprache und die Gestaltung der Kommunikationsmittel sprechen bestimmte Personen besonders an. Gleichzeitig werden andere Personen eher abgeschreckt. Dazu können etwa ältere, behinderte oder finanziell nicht so gut ausgestattete Personen gehören.<br />
In dieser Sensibilisierung lernen Sie, welche Stolpersteine es in der verbalen oder schriftlichen Kommunikation gibt. Inklusion ist dabei nicht nur auf Behinderung bezogen. Vielmehr schließt eine inklusive Kommunikation alle Gruppen ein, die als benachteiligt gelten. Im Sinne der Diversity geht es darum, möglichst viele unterschiedliche Menschen anzusprechen.<br />
Kommunikation meint nicht nur die Öffentlichkeitsarbeit online und offline. Es geht auch um die Gestaltung von Kampagnen und Veranstaltungen für eine möglichst große Zielgruppe. Oder wie Paul Watzlawick schon sagte: Man kann nicht nicht-kommunizieren. </p>
<h2><span class="ez-toc-section" id="Ziele_der_Sensibilisierung"></span>Ziele der Sensibilisierung<span class="ez-toc-section-end"></span></h2>
<p>Kommunikation funktioniert in jeder Organisation anders. Unter anderem werden in dieser Sensibilisierung folgende Ziele verfolgt: </p>
<ul>
<li>Sie lernen, Diskriminierungen in der Kommunikation zu erkennen. </li>
<li>Sie bekommen ein Gespür dafür, was von benachteiligten Personen als diskriminierend wahrgenommenwerden kann.</li>
</ul>
<p>Was diese Schulung nicht leistet:<br />
Die Sensibilisierung zeigt Ihnen, worauf Sie bei einer inklusiven Kommunikation achten sollten bzw. welche Stolperfallen Sie vermeiden sollten.<br />
Es werden aber keine konkreten Maßnahmen vorgeschlagen. Konkrete Maßnahmen müssen von der Organisation selbst entwickelt werden. Es gibt nicht die Maßnahme, die auf jede Organisation passt.<br />
In dieser Sensibilisierung geht es auch nicht um eine besonders inklusive Sprache, wie sie etwa von Leidmedien befürwortet wird. Last not least geht es nicht um Gebärdensprache, Leichte Sprache oder andere spezielle Kommunikationsformen, diese gehören in eine barrierefreie Kommunikation, sind aber nicht Gegenstand dieser Sensibilisierung. </p>
<h2><span class="ez-toc-section" id="Zielgruppen_der_Sensibilisierung"></span>Zielgruppen der Sensibilisierung<span class="ez-toc-section-end"></span></h2>
<p>Die Sensibilisierung richtet sich an alle Personen, die inklusiv kommunizieren möchten, sei es organisations-intern oder mit einer größeren Öffentlichkeit. Neben PR-Verantwortlichen und Redakteur:Innen sind auch Personaler:Innen angesprochen.<br />
Vorkenntnisse sind zur Teilnahme nicht erforderlich. Sie sollten Interesse an kommunikativen Prozessen mitbringen. </p>
<h2><span class="ez-toc-section" id="Zeit_und_Ort"></span>Zeit und Ort <span class="ez-toc-section-end"></span></h2>
<p>Folgende Termine sind für die Sensibilisierung geplant:<br />
[sc name=&#8220;kommunikation&#8220;]<br />
[sc name=&#8220;zoom&#8220;]<br />
Die Teilnahmekosten betragen 200 € pro Person zzgl. Umsatzsteuer. Sie erhalten eine persönliche Teilnahmebescheinigung.<br />
Als Materialien erhalten Sie die Präsentation sowie ein gedrucktes Skript. </p>
<h2><span class="ez-toc-section" id="Der_Dozent"></span>Der Dozent <span class="ez-toc-section-end"></span></h2>
<p>Domingos de Oliveira studierte Politikwissenschaft, Soziologie und Philosophie in Marburg. Er ist seit rund 10 Jahren als freier Redakteur in der Kommunikation für unterschiedliche Organisationen tätig. Zu seinen Kunden zählt zum Beispiel die Aktion Mensch. Er engagiert sich unter anderem für arbeiterkind.de. Er ist selbst von Geburt an behindert, hat einen Migrationshintergrund und stammt aus einer Arbeiter-Familie. Dadurch kann er viele unterschiedliche Perspektiven in seine Arbeit einbringen. Er gibt regelmäßig Workshops zur Barrierefreiheit. Daneben betätigt er sich als Referent etwa für die Diversity-Konferenz des Tagesspiegels, für die Republica, die Inklusionstage des Bundessozialministeriums oder für die Diakonie Schleswig-Holstein. </p>
<h2><span class="ez-toc-section" id="Anmeldung"></span>Anmeldung<span class="ez-toc-section-end"></span></h2>
<p>Melden Sie sich gerne formlos per Mail an. Auch Fragen können Sie gerne an die unten genannte Mail-Adresse senden. Mit Ihrer Anmeldung akzeptieren Sie unsere <a href="https://www.silta.ai/allgemeine-geschaeftsbedingungen">allgemeinen Teilnahme- und Geschäftsbedingungen</a>.<br />
[sc name=&#8220;kontakt&#8220;]</p>

<p>Hinweis: Diesen Kurs bieten wir nicht mehr als offene Schulung an. Ob Behinderung, Migrationshintergrund oder soziale Herkunft: Die Gesellschaft wird immer diverser. Zugleich wird von&#8230;</p>
<div class="more-link-wrapper"><a class="more-link" href="https://www.netz-barrierefrei.de/wordpress/barrierefreiheits-workshops/sensibilisierung-was-ist-inklusive-kommunikation/">Weiterlesen<span class="screen-reader-text">Online-Sensibilisierung: Einführung in die inklusive Kommunikation</span></a></div>
