{"id":4944,"date":"2020-11-30T20:28:05","date_gmt":"2020-11-30T18:28:05","guid":{"rendered":"https:\/\/www.netz-barrierefrei.de\/wordpress\/?page_id=4944"},"modified":"2020-12-02T17:29:56","modified_gmt":"2020-12-02T15:29:56","slug":"buecher-fuer-alle-und-bessere-teilhabe-neues-zur-barrierefreiheit-12-2020","status":"publish","type":"page","link":"https:\/\/www.netz-barrierefrei.de\/wordpress\/newsletter-digitale-barrierefreiheit\/buecher-fuer-alle-und-bessere-teilhabe-neues-zur-barrierefreiheit-12-2020\/","title":{"rendered":"B\u00fccher f\u00fcr alle und bessere Teilhabe &#8211; Neues zur Barrierefreiheit 12 &#8211; 2020"},"content":{"rendered":"<p><img loading=\"lazy\" decoding=\"async\" src=\"https:\/\/www.netz-barrierefrei.de\/wordpress\/wp-content\/uploads\/ebooks.jpg\" alt=\"Mehrere eBooks\" width=\"960\" height=\"635\" class=\"alignleft size-full wp-image-4945\" srcset=\"https:\/\/www.netz-barrierefrei.de\/wordpress\/wp-content\/uploads\/ebooks.jpg 960w, https:\/\/www.netz-barrierefrei.de\/wordpress\/wp-content\/uploads\/ebooks-300x198.jpg 300w, https:\/\/www.netz-barrierefrei.de\/wordpress\/wp-content\/uploads\/ebooks-768x508.jpg 768w\" sizes=\"auto, (max-width: 960px) 100vw, 960px\" \/>Im November gab es keine gro\u00dfen Neuigkeiten zur digitalen Barrierefreiheit. Wussten Sie \u00fcbrigens, dass Sie Barrierefreiheit nicht nur f\u00fcr Menschen mit Behinderung umsetzen? Vielmehr sind Sie selbst es &#8211; oder sagen wir, Ihr \u00e4lteres Selbst &#8211; das von Barrierefreiheit profitieren wird.<br \/>\nEs muss etwas wie eine kognitive Dissonanz bei uns geben: Irgendwie kennen wir alle \u00e4ltere Menschen, die sich mit Treppen oder mit der Nutzung neuer Technologien wie Touch-Displays schwer tun. Dennoch bauen wir nach wie vor H\u00e4user mit Wendeltreppen und K\u00fcchenger\u00e4te mit Touch-Displays. Leider reicht diese Dissonanz bis in unsere Regierungen, die auf die Bremse treten, wenn es um h\u00e4rtere Bestimmungen zur Barrierefreiheit geht. <\/p>\n<div id=\"ez-toc-container\" class=\"ez-toc-v2_0_82_2 counter-hierarchy ez-toc-counter ez-toc-white ez-toc-container-direction\">\n<div class=\"ez-toc-title-container\">\n<p class=\"ez-toc-title\" style=\"cursor:inherit\">Inhalt<\/p>\n<span class=\"ez-toc-title-toggle\"><a href=\"#\" class=\"ez-toc-pull-right ez-toc-btn ez-toc-btn-xs ez-toc-btn-default ez-toc-toggle\" aria-label=\"Toggle Table of Content\"><span class=\"ez-toc-js-icon-con\"><span class=\"\"><span class=\"eztoc-hide\" style=\"display:none;\">Toggle<\/span><span class=\"ez-toc-icon-toggle-span\"><svg style=\"fill: #999;color:#999\" xmlns=\"http:\/\/www.w3.org\/2000\/svg\" class=\"list-377408\" width=\"20px\" height=\"20px\" viewBox=\"0 0 24 24\" fill=\"none\"><path d=\"M6 6H4v2h2V6zm14 0H8v2h12V6zM4 11h2v2H4v-2zm16 0H8v2h12v-2zM4 16h2v2H4v-2zm16 0H8v2h12v-2z\" fill=\"currentColor\"><\/path><\/svg><svg style=\"fill: #999;color:#999\" class=\"arrow-unsorted-368013\" xmlns=\"http:\/\/www.w3.org\/2000\/svg\" width=\"10px\" height=\"10px\" viewBox=\"0 0 24 24\" version=\"1.2\" baseProfile=\"tiny\"><path d=\"M18.2 9.3l-6.2-6.3-6.2 6.3c-.2.2-.3.4-.3.7s.1.5.3.7c.2.2.4.3.7.3h11c.3 0 .5-.1.7-.3.2-.2.3-.5.3-.7s-.1-.5-.3-.7zM5.8 14.7l6.2 6.3 6.2-6.3c.2-.2.3-.5.3-.7s-.1-.5-.3-.7c-.2-.2-.4-.3-.7-.3h-11c-.3 0-.5.1-.7.3-.2.2-.3.5-.3.7s.1.5.3.7z\"\/><\/svg><\/span><\/span><\/span><\/a><\/span><\/div>\n<nav><ul class='ez-toc-list ez-toc-list-level-1 ' ><li class='ez-toc-page-1 ez-toc-heading-level-2'><a class=\"ez-toc-link ez-toc-heading-1\" href=\"https:\/\/www.netz-barrierefrei.de\/wordpress\/newsletter-digitale-barrierefreiheit\/buecher-fuer-alle-und-bessere-teilhabe-neues-zur-barrierefreiheit-12-2020\/#Interessante_Artikel\" >Interessante Artikel<\/a><\/li><li class='ez-toc-page-1 ez-toc-heading-level-2'><a class=\"ez-toc-link ez-toc-heading-2\" href=\"https:\/\/www.netz-barrierefrei.de\/wordpress\/newsletter-digitale-barrierefreiheit\/buecher-fuer-alle-und-bessere-teilhabe-neues-zur-barrierefreiheit-12-2020\/#Tool-Tip_des_Monats\" >Tool-Tip des Monats<\/a><\/li><li class='ez-toc-page-1 ez-toc-heading-level-2'><a class=\"ez-toc-link ez-toc-heading-3\" href=\"https:\/\/www.netz-barrierefrei.de\/wordpress\/newsletter-digitale-barrierefreiheit\/buecher-fuer-alle-und-bessere-teilhabe-neues-zur-barrierefreiheit-12-2020\/#Veranstaltungen\" >Veranstaltungen<\/a><\/li><li class='ez-toc-page-1 ez-toc-heading-level-2'><a class=\"ez-toc-link ez-toc-heading-4\" href=\"https:\/\/www.netz-barrierefrei.de\/wordpress\/newsletter-digitale-barrierefreiheit\/buecher-fuer-alle-und-bessere-teilhabe-neues-zur-barrierefreiheit-12-2020\/#Newsletter_abonnieren\" >Newsletter abonnieren<\/a><\/li><\/ul><\/nav><\/div>\n<h2><span class=\"ez-toc-section\" id=\"Interessante_Artikel\"><\/span>Interessante Artikel<span class=\"ez-toc-section-end\"><\/span><\/h2>\n<p>Der internationale Expert:Innen-Zusammenschluss f\u00fcr Barrierefreiheit, die IAAP, hat jetzt eine Sektion f\u00fcr die DACH-Region. Aus Interesse habe ich mir das IAAP-Programm zur Qualifizierung angesehen und muss sagen, in der jetzigen Form ist es unrealistisch. Interessierte Personen m\u00fcssen sich das n\u00f6tige Wissen aus Dutzenden Quellen zusammensuchen, um das Zertifikat zu erhalten. Die Informationen sind in einem teils recht anspruchsvollen Englisch geschrieben. Berufsbegleitend ist das nicht realistisch. Hoffen wir mal, dass man in Deutschland bessere Wege der Qualifikation findet.<br \/>\nDer European Accessibility Act wirft seine Schatten voraus. Zur Erinnerung: Der EAA soll daf\u00fcr sorgen, dass unter anderem Publikationen und eCommerce-Angebote barrierefrei werden. Der Deutsche B\u00f6rsenverein hat zusammen mit dem Deutschen Zentrum f\u00fcr barrierefreies Lesen eine Initiative gestartet, um Verlage beim barrierefreien Publizieren zu unterst\u00fctzen.<br \/>\nB\u00f6rsenverein. Barrierefrei in die Zukunft<br \/>\nWie kann eine digitale Teilhabe f\u00fcr Menschen erm\u00f6glicht werden, die bisher noch zur\u00fcckstehen? Das Betterplace Lab hat im Auftrag der AWO eine Studie dazu erstellt.<br \/>\n<a href=\"https:\/\/www.betterplace-lab.org\/digitale-teilhabe-f%C3%BCr-eine-inklusive-gesellschaft-1\">Digitale Teilhabe f\u00fcr eine inklusive Gesellschaft<\/a><br \/>\nDie Website Muse by Clio gibt eine Schritt-f\u00fcr-Schritt-Anleitung zum barrierefreien Webdesign.<br \/>\nMuse by Clio. Designing for Digital Accessibility<br \/>\nInklusives Design ist gar nicht so schwierig. Bei Forbes gibt es 20 Best-Practice-Beispiele, vom Game-Controller bis zur Kosmetik-Linie.<br \/>\nForbes. Why Inclusive Product Design And Messaging Matters<br \/>\nBei UX Design gibt es 10 Tipps, wie man inklusives Design von Anfang an ber\u00fccksichtigen kann.<br \/>\nUX Design. 10 Tips to Design More inclusive products<\/p>\n<h2><span class=\"ez-toc-section\" id=\"Tool-Tip_des_Monats\"><\/span>Tool-Tip des Monats<span class=\"ez-toc-section-end\"><\/span><\/h2>\n<p>Im Internet gibt es z.B. auf YouTube schon einige Lektionen zur Geb\u00e4rdensprache. Wer sich intensiver damit besch\u00e4ftigen m\u00f6chte, sollte einen Blick auf den Sprachkalender zur Deutschen Geb\u00e4rdensprache 2021 werfen.<br \/>\nAuf der Website H\u00f6renswert wird ebenfalls ein <a href=\"https:\/\/www.hoerenswert.org\/2020\/11\/gebaerdenlernen\/?fbclid=IwAR1WuHFc8F5iLc3-7lc90tggkphPKetYhnQDMDEWFZqkjjpUhe05U7vQvik\">Kurs zum Erlernen von Geb\u00e4rden<\/a> angeboten. <\/p>\n<h2><span class=\"ez-toc-section\" id=\"Veranstaltungen\"><\/span>Veranstaltungen<span class=\"ez-toc-section-end\"><\/span><\/h2>\n<p>So voll der November mit Veranstaltungen war, so leer ist der Dezember und Januar. Nach aktuellem Stand w\u00e4re mir nur der Welt-Tag der Menschen mit Behinderung am 3.12. bekannt.<br \/>\nAm 10.12. gibt es einen virtuellen Stammtisch zur digitalen Barrierefreiheit.<br \/>\nWenn Ihnen der Newsletter gefallen hat, dann empfehlen Sie ihn gerne an interessierte Personen weiter.<br \/>\nDie n\u00e4chste Ausgabe des Newsletters wird erst in der zweiten Januar-Woche erscheinen. Deshalb d\u00fcrfen wir Ihnen jetzt schon trotz der f\u00fcr viele Menschen schwierigen Situation eine gute Zeit zwischen den Jahren und einen guten Rutsch ins neue Jahr w\u00fcnschen. <\/p>\n<h2><span class=\"ez-toc-section\" id=\"Newsletter_abonnieren\"><\/span>Newsletter abonnieren<span class=\"ez-toc-section-end\"><\/span><\/h2>\n<p>Falls Sie den Newsletter noch nicht abonniert haben, k\u00f6nnen Sie das an dieser Stelle nachholen. <a href=\"https:\/\/www.netz-barrierefrei.de\/wordpress\/newsletter-digitale-barrierefreiheit\/\">Zu den \u00e4lteren Ausgaben<\/a>.<br \/>\n[newsletter2go]<\/p>\n","protected":false},"excerpt":{"rendered":"<p>Im November gab es keine gro\u00dfen Neuigkeiten zur digitalen Barrierefreiheit. Wussten Sie \u00fcbrigens, dass Sie Barrierefreiheit nicht nur f\u00fcr Menschen mit Behinderung umsetzen? Vielmehr sind&#8230;<\/p>\n<div class=\"more-link-wrapper\"><a class=\"more-link\" href=\"https:\/\/www.netz-barrierefrei.de\/wordpress\/newsletter-digitale-barrierefreiheit\/buecher-fuer-alle-und-bessere-teilhabe-neues-zur-barrierefreiheit-12-2020\/\">Weiterlesen<span class=\"screen-reader-text\">B\u00fccher f\u00fcr alle und bessere Teilhabe &#8211; Neues zur Barrierefreiheit 12 &#8211; 2020<\/span><\/a><\/div>\n","protected":false},"author":1,"featured_media":0,"parent":1450,"menu_order":0,"comment_status":"closed","ping_status":"closed","template":"","meta":{"footnotes":""},"class_list":["post-4944","page","type-page","status-publish","hentry","entry"],"_links":{"self":[{"href":"https:\/\/www.netz-barrierefrei.de\/wordpress\/wp-json\/wp\/v2\/pages\/4944","targetHints":{"allow":["GET"]}}],"collection":[{"href":"https:\/\/www.netz-barrierefrei.de\/wordpress\/wp-json\/wp\/v2\/pages"}],"about":[{"href":"https:\/\/www.netz-barrierefrei.de\/wordpress\/wp-json\/wp\/v2\/types\/page"}],"author":[{"embeddable":true,"href":"https:\/\/www.netz-barrierefrei.de\/wordpress\/wp-json\/wp\/v2\/users\/1"}],"replies":[{"embeddable":true,"href":"https:\/\/www.netz-barrierefrei.de\/wordpress\/wp-json\/wp\/v2\/comments?post=4944"}],"version-history":[{"count":11,"href":"https:\/\/www.netz-barrierefrei.de\/wordpress\/wp-json\/wp\/v2\/pages\/4944\/revisions"}],"predecessor-version":[{"id":10496,"href":"https:\/\/www.netz-barrierefrei.de\/wordpress\/wp-json\/wp\/v2\/pages\/4944\/revisions\/10496"}],"up":[{"embeddable":true,"href":"https:\/\/www.netz-barrierefrei.de\/wordpress\/wp-json\/wp\/v2\/pages\/1450"}],"wp:attachment":[{"href":"https:\/\/www.netz-barrierefrei.de\/wordpress\/wp-json\/wp\/v2\/media?parent=4944"}],"curies":[{"name":"wp","href":"https:\/\/api.w.org\/{rel}","templated":true}]}}

Bücher für alle und bessere Teilhabe &#8211; Neues zur Barrierefreiheit 12 &#8211; 2020

<p><img loading="lazy" decoding="async" src="https://www.netz-barrierefrei.de/wordpress/wp-content/uploads/ebooks.jpg" alt="Mehrere eBooks" width="960" height="635" class="alignleft size-full wp-image-4945" srcset="https://www.netz-barrierefrei.de/wordpress/wp-content/uploads/ebooks.jpg 960w, https://www.netz-barrierefrei.de/wordpress/wp-content/uploads/ebooks-300x198.jpg 300w, https://www.netz-barrierefrei.de/wordpress/wp-content/uploads/ebooks-768x508.jpg 768w" sizes="auto, (max-width: 960px) 100vw, 960px" />Im November gab es keine großen Neuigkeiten zur digitalen Barrierefreiheit. Wussten Sie übrigens, dass Sie Barrierefreiheit nicht nur für Menschen mit Behinderung umsetzen? Vielmehr sind Sie selbst es &#8211; oder sagen wir, Ihr älteres Selbst &#8211; das von Barrierefreiheit profitieren wird.<br />
Es muss etwas wie eine kognitive Dissonanz bei uns geben: Irgendwie kennen wir alle ältere Menschen, die sich mit Treppen oder mit der Nutzung neuer Technologien wie Touch-Displays schwer tun. Dennoch bauen wir nach wie vor Häuser mit Wendeltreppen und Küchengeräte mit Touch-Displays. Leider reicht diese Dissonanz bis in unsere Regierungen, die auf die Bremse treten, wenn es um härtere Bestimmungen zur Barrierefreiheit geht. </p>
<div id="ez-toc-container" class="ez-toc-v2_0_82_2 counter-hierarchy ez-toc-counter ez-toc-white ez-toc-container-direction">
<div class="ez-toc-title-container">
<p class="ez-toc-title" style="cursor:inherit">Inhalt</p>
<span class="ez-toc-title-toggle"><a href="#" class="ez-toc-pull-right ez-toc-btn ez-toc-btn-xs ez-toc-btn-default ez-toc-toggle" aria-label="Toggle Table of Content"><span class="ez-toc-js-icon-con"><span class=""><span class="eztoc-hide" style="display:none;">Toggle</span><span class="ez-toc-icon-toggle-span"><svg style="fill: #999;color:#999" xmlns="http://www.w3.org/2000/svg" class="list-377408" width="20px" height="20px" viewBox="0 0 24 24" fill="none"><path d="M6 6H4v2h2V6zm14 0H8v2h12V6zM4 11h2v2H4v-2zm16 0H8v2h12v-2zM4 16h2v2H4v-2zm16 0H8v2h12v-2z" fill="currentColor"></path></svg><svg style="fill: #999;color:#999" class="arrow-unsorted-368013" xmlns="http://www.w3.org/2000/svg" width="10px" height="10px" viewBox="0 0 24 24" version="1.2" baseProfile="tiny"><path d="M18.2 9.3l-6.2-6.3-6.2 6.3c-.2.2-.3.4-.3.7s.1.5.3.7c.2.2.4.3.7.3h11c.3 0 .5-.1.7-.3.2-.2.3-.5.3-.7s-.1-.5-.3-.7zM5.8 14.7l6.2 6.3 6.2-6.3c.2-.2.3-.5.3-.7s-.1-.5-.3-.7c-.2-.2-.4-.3-.7-.3h-11c-.3 0-.5.1-.7.3-.2.2-.3.5-.3.7s.1.5.3.7z"/></svg></span></span></span></a></span></div>
<nav><ul class='ez-toc-list ez-toc-list-level-1 ' ><li class='ez-toc-page-1 ez-toc-heading-level-2'><a class="ez-toc-link ez-toc-heading-1" href="https://www.netz-barrierefrei.de/wordpress/newsletter-digitale-barrierefreiheit/buecher-fuer-alle-und-bessere-teilhabe-neues-zur-barrierefreiheit-12-2020/#Interessante_Artikel" >Interessante Artikel</a></li><li class='ez-toc-page-1 ez-toc-heading-level-2'><a class="ez-toc-link ez-toc-heading-2" href="https://www.netz-barrierefrei.de/wordpress/newsletter-digitale-barrierefreiheit/buecher-fuer-alle-und-bessere-teilhabe-neues-zur-barrierefreiheit-12-2020/#Tool-Tip_des_Monats" >Tool-Tip des Monats</a></li><li class='ez-toc-page-1 ez-toc-heading-level-2'><a class="ez-toc-link ez-toc-heading-3" href="https://www.netz-barrierefrei.de/wordpress/newsletter-digitale-barrierefreiheit/buecher-fuer-alle-und-bessere-teilhabe-neues-zur-barrierefreiheit-12-2020/#Veranstaltungen" >Veranstaltungen</a></li><li class='ez-toc-page-1 ez-toc-heading-level-2'><a class="ez-toc-link ez-toc-heading-4" href="https://www.netz-barrierefrei.de/wordpress/newsletter-digitale-barrierefreiheit/buecher-fuer-alle-und-bessere-teilhabe-neues-zur-barrierefreiheit-12-2020/#Newsletter_abonnieren" >Newsletter abonnieren</a></li></ul></nav></div>
<h2><span class="ez-toc-section" id="Interessante_Artikel"></span>Interessante Artikel<span class="ez-toc-section-end"></span></h2>
<p>Der internationale Expert:Innen-Zusammenschluss für Barrierefreiheit, die IAAP, hat jetzt eine Sektion für die DACH-Region. Aus Interesse habe ich mir das IAAP-Programm zur Qualifizierung angesehen und muss sagen, in der jetzigen Form ist es unrealistisch. Interessierte Personen müssen sich das nötige Wissen aus Dutzenden Quellen zusammensuchen, um das Zertifikat zu erhalten. Die Informationen sind in einem teils recht anspruchsvollen Englisch geschrieben. Berufsbegleitend ist das nicht realistisch. Hoffen wir mal, dass man in Deutschland bessere Wege der Qualifikation findet.<br />
Der European Accessibility Act wirft seine Schatten voraus. Zur Erinnerung: Der EAA soll dafür sorgen, dass unter anderem Publikationen und eCommerce-Angebote barrierefrei werden. Der Deutsche Börsenverein hat zusammen mit dem Deutschen Zentrum für barrierefreies Lesen eine Initiative gestartet, um Verlage beim barrierefreien Publizieren zu unterstützen.<br />
Börsenverein. Barrierefrei in die Zukunft<br />
Wie kann eine digitale Teilhabe für Menschen ermöglicht werden, die bisher noch zurückstehen? Das Betterplace Lab hat im Auftrag der AWO eine Studie dazu erstellt.<br />
<a href="https://www.betterplace-lab.org/digitale-teilhabe-f%C3%BCr-eine-inklusive-gesellschaft-1">Digitale Teilhabe für eine inklusive Gesellschaft</a><br />
Die Website Muse by Clio gibt eine Schritt-für-Schritt-Anleitung zum barrierefreien Webdesign.<br />
Muse by Clio. Designing for Digital Accessibility<br />
Inklusives Design ist gar nicht so schwierig. Bei Forbes gibt es 20 Best-Practice-Beispiele, vom Game-Controller bis zur Kosmetik-Linie.<br />
Forbes. Why Inclusive Product Design And Messaging Matters<br />
Bei UX Design gibt es 10 Tipps, wie man inklusives Design von Anfang an berücksichtigen kann.<br />
UX Design. 10 Tips to Design More inclusive products</p>
<h2><span class="ez-toc-section" id="Tool-Tip_des_Monats"></span>Tool-Tip des Monats<span class="ez-toc-section-end"></span></h2>
<p>Im Internet gibt es z.B. auf YouTube schon einige Lektionen zur Gebärdensprache. Wer sich intensiver damit beschäftigen möchte, sollte einen Blick auf den Sprachkalender zur Deutschen Gebärdensprache 2021 werfen.<br />
Auf der Website Hörenswert wird ebenfalls ein <a href="https://www.hoerenswert.org/2020/11/gebaerdenlernen/?fbclid=IwAR1WuHFc8F5iLc3-7lc90tggkphPKetYhnQDMDEWFZqkjjpUhe05U7vQvik">Kurs zum Erlernen von Gebärden</a> angeboten. </p>
<h2><span class="ez-toc-section" id="Veranstaltungen"></span>Veranstaltungen<span class="ez-toc-section-end"></span></h2>
<p>So voll der November mit Veranstaltungen war, so leer ist der Dezember und Januar. Nach aktuellem Stand wäre mir nur der Welt-Tag der Menschen mit Behinderung am 3.12. bekannt.<br />
Am 10.12. gibt es einen virtuellen Stammtisch zur digitalen Barrierefreiheit.<br />
Wenn Ihnen der Newsletter gefallen hat, dann empfehlen Sie ihn gerne an interessierte Personen weiter.<br />
Die nächste Ausgabe des Newsletters wird erst in der zweiten Januar-Woche erscheinen. Deshalb dürfen wir Ihnen jetzt schon trotz der für viele Menschen schwierigen Situation eine gute Zeit zwischen den Jahren und einen guten Rutsch ins neue Jahr wünschen. </p>
<h2><span class="ez-toc-section" id="Newsletter_abonnieren"></span>Newsletter abonnieren<span class="ez-toc-section-end"></span></h2>
<p>Falls Sie den Newsletter noch nicht abonniert haben, können Sie das an dieser Stelle nachholen. <a href="https://www.netz-barrierefrei.de/wordpress/newsletter-digitale-barrierefreiheit/">Zu den älteren Ausgaben</a>.<br />
[newsletter2go]</p>

<p>Im November gab es keine großen Neuigkeiten zur digitalen Barrierefreiheit. Wussten Sie übrigens, dass Sie Barrierefreiheit nicht nur für Menschen mit Behinderung umsetzen? Vielmehr sind&#8230;</p>
<div class="more-link-wrapper"><a class="more-link" href="https://www.netz-barrierefrei.de/wordpress/newsletter-digitale-barrierefreiheit/buecher-fuer-alle-und-bessere-teilhabe-neues-zur-barrierefreiheit-12-2020/">Weiterlesen<span class="screen-reader-text">Bücher für alle und bessere Teilhabe &#8211; Neues zur Barrierefreiheit 12 &#8211; 2020</span></a></div>
