{"id":5025,"date":"2021-01-04T15:04:55","date_gmt":"2021-01-04T13:04:55","guid":{"rendered":"https:\/\/www.netz-barrierefrei.de\/wordpress\/?page_id=5025"},"modified":"2023-12-16T13:22:15","modified_gmt":"2023-12-16T11:22:15","slug":"online-schulung-barrierefreie-online-veranstaltungen-durchfuehren","status":"publish","type":"page","link":"https:\/\/www.netz-barrierefrei.de\/wordpress\/barrierefreiheits-workshops\/online-schulung-barrierefreie-online-veranstaltungen-durchfuehren\/","title":{"rendered":"Online-Schulung: Barrierefreie Online-Veranstaltungen durchf\u00fchren"},"content":{"rendered":"<p><img loading=\"lazy\" decoding=\"async\" src=\"https:\/\/www.netz-barrierefrei.de\/wordpress\/wp-content\/uploads\/video-konferenz.jpg\" alt=\"Man winkt in Kamera\" width=\"960\" height=\"653\" class=\"alignleft size-full wp-image-3599\" srcset=\"https:\/\/www.netz-barrierefrei.de\/wordpress\/wp-content\/uploads\/video-konferenz.jpg 960w, https:\/\/www.netz-barrierefrei.de\/wordpress\/wp-content\/uploads\/video-konferenz-300x204.jpg 300w, https:\/\/www.netz-barrierefrei.de\/wordpress\/wp-content\/uploads\/video-konferenz-768x522.jpg 768w\" sizes=\"auto, (max-width: 960px) 100vw, 960px\" \/><br \/>\nImmer mehr Besprechungen und Veranstaltungen finden online statt. Dieser Trend wird sich voraussichtlich auch nach dem Ende der Corona-Krise fortsetzen. In dieser Schulung wollen wir zeigen, wie sich Online\u2014Veranstaltungen m\u00f6glichst barrierefrei gestalten lassen.<br \/>\nHinweis: Wegen geringer Nachfrage wird diese Schulung nicht mehr angeboten. Fragen Sie gerne die Kollegin <a href=\"https:\/\/events-barrierefrei.de\/\">Kerstin Hoffmann Wagner f\u00fcr eine Schulung oder Beratung zu barrierefreien Veranstaltungen an<\/a>.<\/p>\n<div id=\"ez-toc-container\" class=\"ez-toc-v2_0_82_2 counter-hierarchy ez-toc-counter ez-toc-white ez-toc-container-direction\">\n<div class=\"ez-toc-title-container\">\n<p class=\"ez-toc-title\" style=\"cursor:inherit\">Inhalt<\/p>\n<span class=\"ez-toc-title-toggle\"><a href=\"#\" class=\"ez-toc-pull-right ez-toc-btn ez-toc-btn-xs ez-toc-btn-default ez-toc-toggle\" aria-label=\"Toggle Table of Content\"><span class=\"ez-toc-js-icon-con\"><span class=\"\"><span class=\"eztoc-hide\" style=\"display:none;\">Toggle<\/span><span class=\"ez-toc-icon-toggle-span\"><svg style=\"fill: #999;color:#999\" xmlns=\"http:\/\/www.w3.org\/2000\/svg\" class=\"list-377408\" width=\"20px\" height=\"20px\" viewBox=\"0 0 24 24\" fill=\"none\"><path d=\"M6 6H4v2h2V6zm14 0H8v2h12V6zM4 11h2v2H4v-2zm16 0H8v2h12v-2zM4 16h2v2H4v-2zm16 0H8v2h12v-2z\" fill=\"currentColor\"><\/path><\/svg><svg style=\"fill: #999;color:#999\" class=\"arrow-unsorted-368013\" xmlns=\"http:\/\/www.w3.org\/2000\/svg\" width=\"10px\" height=\"10px\" viewBox=\"0 0 24 24\" version=\"1.2\" baseProfile=\"tiny\"><path d=\"M18.2 9.3l-6.2-6.3-6.2 6.3c-.2.2-.3.4-.3.7s.1.5.3.7c.2.2.4.3.7.3h11c.3 0 .5-.1.7-.3.2-.2.3-.5.3-.7s-.1-.5-.3-.7zM5.8 14.7l6.2 6.3 6.2-6.3c.2-.2.3-.5.3-.7s-.1-.5-.3-.7c-.2-.2-.4-.3-.7-.3h-11c-.3 0-.5.1-.7.3-.2.2-.3.5-.3.7s.1.5.3.7z\"\/><\/svg><\/span><\/span><\/span><\/a><\/span><\/div>\n<nav><ul class='ez-toc-list ez-toc-list-level-1 ' ><li class='ez-toc-page-1 ez-toc-heading-level-2'><a class=\"ez-toc-link ez-toc-heading-1\" href=\"https:\/\/www.netz-barrierefrei.de\/wordpress\/barrierefreiheits-workshops\/online-schulung-barrierefreie-online-veranstaltungen-durchfuehren\/#Themen_der_Schulung\" >Themen der Schulung<\/a><\/li><li class='ez-toc-page-1 ez-toc-heading-level-2'><a class=\"ez-toc-link ez-toc-heading-2\" href=\"https:\/\/www.netz-barrierefrei.de\/wordpress\/barrierefreiheits-workshops\/online-schulung-barrierefreie-online-veranstaltungen-durchfuehren\/#Zielgruppe\" >Zielgruppe<\/a><\/li><li class='ez-toc-page-1 ez-toc-heading-level-2'><a class=\"ez-toc-link ez-toc-heading-3\" href=\"https:\/\/www.netz-barrierefrei.de\/wordpress\/barrierefreiheits-workshops\/online-schulung-barrierefreie-online-veranstaltungen-durchfuehren\/#Worum_es_in_der_Schulung_nicht_geht\" >Worum es in der Schulung nicht geht<\/a><\/li><li class='ez-toc-page-1 ez-toc-heading-level-2'><a class=\"ez-toc-link ez-toc-heading-4\" href=\"https:\/\/www.netz-barrierefrei.de\/wordpress\/barrierefreiheits-workshops\/online-schulung-barrierefreie-online-veranstaltungen-durchfuehren\/#Der_Dozent\" >Der Dozent<\/a><\/li><\/ul><\/nav><\/div>\n<h2><span class=\"ez-toc-section\" id=\"Themen_der_Schulung\"><\/span>Themen der Schulung<span class=\"ez-toc-section-end\"><\/span><\/h2>\n<p>IN dieser Schulung wollen wir zeigen, wie Online-Veranstaltungen m\u00f6glichst barrierefrei durchgef\u00fchrt werden k\u00f6nnen. \u00dcber folgende Themen wollen wir sprechen. <\/p>\n<ul>\n<li>Welche Barrieren gibt es f\u00fcr behinderte Menschen bei Online- und Pr\u00e4senz-Veranstaltungen?<\/li>\n<li>Welche Vor- und Nachteile bieten Online- und Pr\u00e4senz-Veranstaltungen?\n<li>Wie k\u00f6nnen Online-Verannstaltungen m\u00f6glichst barrierefrei gestaltet werden? <\/li>\n<li>Welche Faktoren sind bei weiteren Aspekten wie dem Anmelde-Management oder der Zusammenarbeit w\u00e4hrend der Veranstaltung zu beachten?<\/li>\n<\/ul>\n<h2><span class=\"ez-toc-section\" id=\"Zielgruppe\"><\/span>Zielgruppe<span class=\"ez-toc-section-end\"><\/span><\/h2>\n<p>Die Schulung richtet sich an Verantwortliche f\u00fcr Veranstaltungen, etwa aus Institutionen oder aus Agenturen. <\/p>\n<h2><span class=\"ez-toc-section\" id=\"Worum_es_in_der_Schulung_nicht_geht\"><\/span>Worum es in der Schulung nicht geht<span class=\"ez-toc-section-end\"><\/span><\/h2>\n<p>Um keine falschen Erwartungen zu wecken, weisen wir darauf hin, dass einige Themen in der Schulung nicht behandelt werden k\u00f6nnen. <\/p>\n<ul>\n<li>Es geht nicht darum, wie Online-Veranstaltungen generell durchgef\u00fchrt werden. In der Regel nutzt man hierf\u00fcr entweder eine bestehende Kommunikationsl\u00f6sung oder beauftragt bei einer gr\u00f6\u00dferen Veranstaltung einen professionellen Dienstleister. <\/li>\n<li>Auch geht es nicht generell um das Durchf\u00fchren von barrierefreien Veranstaltungen wie etwa Pr\u00e4senz-Veranstaltungen. Da wir selbst keine Veranstaltungsmanager sind, sind wir mit der Planung gr\u00f6\u00dferer Veranstaltungen nicht vertraut. Zum Thema barrierefreie Pr\u00e4senz-Veranstaltungen finden Sie zahlreiche Leitf\u00e4den und Checklisten im Internet. <\/li>\n<li>Wir m\u00f6chten auch nicht \u00fcber Datenschutz bei bestimmten Kommunikations-Plattformen diskutieren. Datenschutz ist wichtig, hat aber keinen unmittelbaren Zusammenhang zur Barrierefreiheit.<\/li>\n<\/ul>\n<p>Nicht zuletzt m\u00f6chten wir darauf hinweisen, dass wir beim Thema Online-Veranstaltungen im Allgemeinen und barrierefreien Online-Veranstaltungen und hybriden Veranstaltungen im Besonderen nach unserer Einsch\u00e4tzung noch relativ am Anfang stehen. Nicht alle Fragen oder Aspekte konnten bisher gekl\u00e4rt werden.<br \/>\nDen ultimativen Leitfaden f\u00fcr barrierefreie Online-Veranstaltungen gibt es nicht. Vielmehr gibt es ein B\u00fcndel an Ma\u00dfnahmen, die je nach Art der Veranstaltung, Ressourcen und technischen M\u00f6glichkeiten umgesetzt werden k\u00f6nnen.<br \/>\nAuch hybride Veranstaltungen sind ein hochspannendes Konzept. Bislang fehlt es aber schlicht an praktischen Erfahrungen, so dass man hier zu Experimenten bereit sein muss.<br \/>\nF\u00fcr Ihre Teilnahme erhalten Sie folgende Unterlagen: Die Pr\u00e4sentation und ein kurzes Handout mit weiteren Informationen.<\/p>\n<h2><span class=\"ez-toc-section\" id=\"Der_Dozent\"><\/span>Der Dozent<span class=\"ez-toc-section-end\"><\/span><\/h2>\n<p>Domingos de Oliveira arbeitet seit dem Jahr 2009 als Berater und Dozent f\u00fcr digitale Barrierefreiheit. Er ist selbst von Geburt an blind und schwerh\u00f6rig. Er kennt daher wichtige Aspekte der Barrierefreiheit.<br \/>\nOliveira hat verschiedene Einrichtungen wie Bayern Innovativ oder die Aktion Mensch zur Barrierefreiheit von Online-Veranstaltungen beraten.<br \/>\nUnd nat\u00fcrlich hat er durch die Teilnahme an vielen Online-Veranstaltungen positive und negative Erfahrungen sammeln k\u00f6nnen, die in die Schulung einflie\u00dfen. <\/p>\n","protected":false},"excerpt":{"rendered":"<p>Immer mehr Besprechungen und Veranstaltungen finden online statt. Dieser Trend wird sich voraussichtlich auch nach dem Ende der Corona-Krise fortsetzen. In dieser Schulung wollen wir&#8230;<\/p>\n<div class=\"more-link-wrapper\"><a class=\"more-link\" href=\"https:\/\/www.netz-barrierefrei.de\/wordpress\/barrierefreiheits-workshops\/online-schulung-barrierefreie-online-veranstaltungen-durchfuehren\/\">Weiterlesen<span class=\"screen-reader-text\">Online-Schulung: Barrierefreie Online-Veranstaltungen durchf\u00fchren<\/span><\/a><\/div>\n","protected":false},"author":1,"featured_media":0,"parent":352,"menu_order":0,"comment_status":"closed","ping_status":"closed","template":"","meta":{"footnotes":""},"class_list":["post-5025","page","type-page","status-publish","hentry","entry"],"_links":{"self":[{"href":"https:\/\/www.netz-barrierefrei.de\/wordpress\/wp-json\/wp\/v2\/pages\/5025","targetHints":{"allow":["GET"]}}],"collection":[{"href":"https:\/\/www.netz-barrierefrei.de\/wordpress\/wp-json\/wp\/v2\/pages"}],"about":[{"href":"https:\/\/www.netz-barrierefrei.de\/wordpress\/wp-json\/wp\/v2\/types\/page"}],"author":[{"embeddable":true,"href":"https:\/\/www.netz-barrierefrei.de\/wordpress\/wp-json\/wp\/v2\/users\/1"}],"replies":[{"embeddable":true,"href":"https:\/\/www.netz-barrierefrei.de\/wordpress\/wp-json\/wp\/v2\/comments?post=5025"}],"version-history":[{"count":15,"href":"https:\/\/www.netz-barrierefrei.de\/wordpress\/wp-json\/wp\/v2\/pages\/5025\/revisions"}],"predecessor-version":[{"id":8738,"href":"https:\/\/www.netz-barrierefrei.de\/wordpress\/wp-json\/wp\/v2\/pages\/5025\/revisions\/8738"}],"up":[{"embeddable":true,"href":"https:\/\/www.netz-barrierefrei.de\/wordpress\/wp-json\/wp\/v2\/pages\/352"}],"wp:attachment":[{"href":"https:\/\/www.netz-barrierefrei.de\/wordpress\/wp-json\/wp\/v2\/media?parent=5025"}],"curies":[{"name":"wp","href":"https:\/\/api.w.org\/{rel}","templated":true}]}}