{"id":5437,"date":"2021-05-01T13:21:17","date_gmt":"2021-05-01T11:21:17","guid":{"rendered":"https:\/\/www.netz-barrierefrei.de\/wordpress\/?page_id=5437"},"modified":"2021-05-02T10:45:37","modified_gmt":"2021-05-02T08:45:37","slug":"lesestoff-und-eine-gescheiterte-klage-neues-zur-barrierefreiheit-5-2021","status":"publish","type":"page","link":"https:\/\/www.netz-barrierefrei.de\/wordpress\/newsletter-digitale-barrierefreiheit\/lesestoff-und-eine-gescheiterte-klage-neues-zur-barrierefreiheit-5-2021\/","title":{"rendered":"Lesestoff und eine gescheiterte Klage &#8211; Neues zur Barrierefreiheit 5-2021"},"content":{"rendered":"<p><img loading=\"lazy\" decoding=\"async\" src=\"https:\/\/www.netz-barrierefrei.de\/wordpress\/wp-content\/uploads\/barrierefreiheit-200-1-190x300.jpg\" alt=\"\" width=\"190\" height=\"300\" class=\"alignleft size-medium wp-image-5386\" srcset=\"https:\/\/www.netz-barrierefrei.de\/wordpress\/wp-content\/uploads\/barrierefreiheit-200-1-190x300.jpg 190w, https:\/\/www.netz-barrierefrei.de\/wordpress\/wp-content\/uploads\/barrierefreiheit-200-1.jpg 316w\" sizes=\"auto, (max-width: 190px) 100vw, 190px\" \/>Im April 2021 gab es kein gro\u00dfes Thema in der Barrierefreiheits-Szene, daf\u00fcr viele kleine Diskussionen.<br \/>\nDomingos freut sich dar\u00fcber, dass <a href=\"https:\/\/www.netz-barrierefrei.de\/wordpress\/qualifikationen\/buch-barrierefreies-internet\/\">sein Buch &#8222;Barrierefreiheit im Internet&#8220; wieder lieferbar ist<\/a>. Insgesamt ist der Markt an B\u00fcchern zur digitalen Barrierefreiheit in Deutschland relativ \u00fcberschaubar. Umso wichtiger, dass es ein verst\u00e4ndliches Buch zu diesem Thema gibt. <\/p>\n<div id=\"ez-toc-container\" class=\"ez-toc-v2_0_82_2 counter-hierarchy ez-toc-counter ez-toc-white ez-toc-container-direction\">\n<div class=\"ez-toc-title-container\">\n<p class=\"ez-toc-title\" style=\"cursor:inherit\">Inhalt<\/p>\n<span class=\"ez-toc-title-toggle\"><a href=\"#\" class=\"ez-toc-pull-right ez-toc-btn ez-toc-btn-xs ez-toc-btn-default ez-toc-toggle\" aria-label=\"Toggle Table of Content\"><span class=\"ez-toc-js-icon-con\"><span class=\"\"><span class=\"eztoc-hide\" style=\"display:none;\">Toggle<\/span><span class=\"ez-toc-icon-toggle-span\"><svg style=\"fill: #999;color:#999\" xmlns=\"http:\/\/www.w3.org\/2000\/svg\" class=\"list-377408\" width=\"20px\" height=\"20px\" viewBox=\"0 0 24 24\" fill=\"none\"><path d=\"M6 6H4v2h2V6zm14 0H8v2h12V6zM4 11h2v2H4v-2zm16 0H8v2h12v-2zM4 16h2v2H4v-2zm16 0H8v2h12v-2z\" fill=\"currentColor\"><\/path><\/svg><svg style=\"fill: #999;color:#999\" class=\"arrow-unsorted-368013\" xmlns=\"http:\/\/www.w3.org\/2000\/svg\" width=\"10px\" height=\"10px\" viewBox=\"0 0 24 24\" version=\"1.2\" baseProfile=\"tiny\"><path d=\"M18.2 9.3l-6.2-6.3-6.2 6.3c-.2.2-.3.4-.3.7s.1.5.3.7c.2.2.4.3.7.3h11c.3 0 .5-.1.7-.3.2-.2.3-.5.3-.7s-.1-.5-.3-.7zM5.8 14.7l6.2 6.3 6.2-6.3c.2-.2.3-.5.3-.7s-.1-.5-.3-.7c-.2-.2-.4-.3-.7-.3h-11c-.3 0-.5.1-.7.3-.2.2-.3.5-.3.7s.1.5.3.7z\"\/><\/svg><\/span><\/span><\/span><\/a><\/span><\/div>\n<nav><ul class='ez-toc-list ez-toc-list-level-1 ' ><li class='ez-toc-page-1 ez-toc-heading-level-2'><a class=\"ez-toc-link ez-toc-heading-1\" href=\"https:\/\/www.netz-barrierefrei.de\/wordpress\/newsletter-digitale-barrierefreiheit\/lesestoff-und-eine-gescheiterte-klage-neues-zur-barrierefreiheit-5-2021\/#Interessante_Beitraege\" >Interessante Beitr\u00e4ge<\/a><\/li><li class='ez-toc-page-1 ez-toc-heading-level-2'><a class=\"ez-toc-link ez-toc-heading-2\" href=\"https:\/\/www.netz-barrierefrei.de\/wordpress\/newsletter-digitale-barrierefreiheit\/lesestoff-und-eine-gescheiterte-klage-neues-zur-barrierefreiheit-5-2021\/#Veranstaltungen\" >Veranstaltungen<\/a><\/li><\/ul><\/nav><\/div>\n<h2><span class=\"ez-toc-section\" id=\"Interessante_Beitraege\"><\/span>Interessante Beitr\u00e4ge<span class=\"ez-toc-section-end\"><\/span><\/h2>\n<p>Die DIN EN 301 549 ist seit M\u00e4rz 2021 jetzt auch in Deutsch erh\u00e4ltlich. Daf\u00fcr ist ein berechtigtes Interesse nachzuweisen. Diese Norm definiert die Anforderungen an digitale Barrierefreiheit f\u00fcr \u00f6ffentliche Einrichtungen in der EU.<br \/>\n<a href=\"https:\/\/www.bfit-bund.de\/DE\/Presse\/presse.html\">Zuggang zur Norm bei der \u00dcberwachungsstelle des Bundes<\/a><br \/>\nInga Schiffler besch\u00e4ftigt sich in ihrem Blog mit der Frage, wie rechtssicher Texte in Leichter Sprache sein k\u00f6nnen.<br \/>\n<a href=\"https:\/\/www.inga-schiffler.net\/blog\/medizin-und-recht-in-leichter-sprache\/\">Leichte Sprache in der Medizin<\/a><br \/>\nDas Projekt Raketenwissenschaft hat Bilder f\u00fcr Texte in Leichter Sprache ver\u00f6ffentlicht. Diese Bilder k\u00f6nnen kostenlos genutzt werden.<br \/>\n<a href=\"https:\/\/bilder-sammlung.raketen-wissenschaft.de\/\">Zu den Leichte-Texte-Bildern von Raketenwissenschaft<\/a><br \/>\nWeiter gehts auf Englisch. \u00dcber kaum ein wichtiges Thema wird so wenig diskutiert wie \u00fcber die Frage der visuellen Lesbarkeit eines Textes. Die Barrierefreiheits-Richtlinien nehmen nur testbare Anforderungen auf. Da es aber kaum Daten zum Thema visuelle Lesbarkeit AKA barrierefreie Typografie gibt, fehlen uns bisher valide Aussagen. Das will die Readibility Group \u00e4ndern. Deren Arbeit wird in einem Artikel auf Medium vorgestellt.<br \/>\n<a href=\"https:\/\/medium.com\/the-readability-group\/whats-in-a-word-53bcf217d5c1\">Whats in a Word<\/a><br \/>\nIm Newsletter hatten wir \u00f6fter \u00fcber F\u00e4lle im Rahmen des Americans with Disabilities Act berichtet, die erfolgreich waren. Am Bekanntesten ist sicher der Fall Dominos Pizza. Allerdings ist soeben auch eine Klage vor einem Bundesgericht gescheitert. Kurz zur Erkl\u00e4rung: In den USA k\u00f6nnen private Einrichtungen im Rahmen des Americans with Disabilities Act (ADA) verklagt werden. Da der ADA allerdings rund 30 Jahre alt ist, umfasst er nicht ausdr\u00fccklich digitale Angebote. Es ist umstritten, ob digitale Angebote automatisch mit erfasst sind oder nicht. Pr\u00e4zedenzf\u00e4lle wie diese j\u00fcngste Gerichts-Entscheidung sind im US-amerikanischen Recht sehr wichtig, es bleibt abzuwarten, welche Folgen das Urteil auf andere laufende und k\u00fcnftige Klagen haben wird.<br \/>\nADA Does Not Require Websites Be Accessible, Appeals Court Holds<br \/>\nBarrierefreiheit verbessert die Qualit\u00e4t eines Produkts. Viele Menschen k\u00f6nnen zum Beispiel keine Information wahrnehmen, wenn sie nur \u00fcber Farbe kommuniziert wird oder finden Animationen st\u00f6rend. Ein Lessons-Learned-Bericht auf UX Magazine fasst solche und weitere Erkenntnisse zusammen.<br \/>\n<a href=\"https:\/\/uxmag.com\/articles\/accessible-designs-make-better-products-workdays-story\">Accessible Designs Make Better Products: Workday\u2019s Story <\/a><br \/>\nDie inklusive Gestaltung von Lernmaterialien wird in einer Zukunft des lebenslangen Lernens immer wichtiger. Eine Hilfe k\u00f6nnen die Guidelines f\u00fcr Universal Design for Learning sein.<br \/>\n<a href=\"https:\/\/udlguidelines.cast.org\/\">The UDL Guidelines<\/a><br \/>\nWissenschaftliche Publikationen waren bisher kaum barrierefrei. Dadurch bleibt Forshenden mit Behinderung der Zugang zur wissenschaft verschlossen. Ein Artikel im Science Editor weist auf die wichtige Rolle hin, welche die Herausgebenden bei der Barrierefreiheit spielen k\u00f6nnen.<br \/>\n<a href=\"https:\/\/www.csescienceeditor.org\/article\/the-important-role-of-the-editor-in-making-science-accessible\/\">The Important Role of the Editor in Making Science Accessible<\/a><br \/>\nWer h\u00e4tte es gedacht: Es gibt ein Toolkit, das einem helfen soll, qualifizierte Fachkr\u00e4fte f\u00fcr Barrierefreiheit einzustellen. Dabei sind Bausteine f\u00fcr Stellenbeschreibungen und Fragen f\u00fcrs Bewerbungsgespr\u00e4ch.<br \/>\n<a href=\"https:\/\/www.teachaccess.org\/resources\/accessibility-skills-hiring-toolkit\/\">Accessibility Skills Hiring Toolkit<\/a><br \/>\nDie ESL Foundation hat einen Bericht \u00fcber Innovationen bei der Besch\u00e4ftigung von Menschen mit Behinderung ver\u00f6ffentlicht. Die ESL veranstaltet die j\u00e4hrliche Zero Conference, auf der sich Expert:Innen zum Thema Behinderung und Technologie austauschen.<\/p>\n<h2><span class=\"ez-toc-section\" id=\"Veranstaltungen\"><\/span>Veranstaltungen<span class=\"ez-toc-section-end\"><\/span><\/h2>\n<p>Traditionell stehen im Mai und Juni viele Events zur Barrierefreiheit an. Highlight ist sicherlich der Global Accessibility Awareness Day am 20. Mai. An diesem Tag gibt es zum Beispiel den Digital Accessibility Summit des Bundes-Behindertenbeauftragten. Unser digitaler Barrierefreiheits-Stammtisch findet ab jetzt am 1. Donnerstag im Monat statt. Diese und weitere Events finden Sie auf unserer Veranstaltungs-Liste.<br \/>\nAus Kapazit\u00e4tsgr\u00fcnden haben wir die meisten offenen Barrierefreiheits-Schulungen aktuell ausgesetzt. Wann es wieder losgeht, erfahren Sie im Newsletter.<br \/>\n[newsletter2go]<\/p>\n","protected":false},"excerpt":{"rendered":"<p>Im April 2021 gab es kein gro\u00dfes Thema in der Barrierefreiheits-Szene, daf\u00fcr viele kleine Diskussionen. Domingos freut sich dar\u00fcber, dass sein Buch &#8222;Barrierefreiheit im Internet&#8220;&#8230;<\/p>\n<div class=\"more-link-wrapper\"><a class=\"more-link\" href=\"https:\/\/www.netz-barrierefrei.de\/wordpress\/newsletter-digitale-barrierefreiheit\/lesestoff-und-eine-gescheiterte-klage-neues-zur-barrierefreiheit-5-2021\/\">Weiterlesen<span class=\"screen-reader-text\">Lesestoff und eine gescheiterte Klage &#8211; Neues zur Barrierefreiheit 5-2021<\/span><\/a><\/div>\n","protected":false},"author":1,"featured_media":0,"parent":1450,"menu_order":0,"comment_status":"closed","ping_status":"closed","template":"","meta":{"footnotes":""},"class_list":["post-5437","page","type-page","status-publish","hentry","entry"],"_links":{"self":[{"href":"https:\/\/www.netz-barrierefrei.de\/wordpress\/wp-json\/wp\/v2\/pages\/5437","targetHints":{"allow":["GET"]}}],"collection":[{"href":"https:\/\/www.netz-barrierefrei.de\/wordpress\/wp-json\/wp\/v2\/pages"}],"about":[{"href":"https:\/\/www.netz-barrierefrei.de\/wordpress\/wp-json\/wp\/v2\/types\/page"}],"author":[{"embeddable":true,"href":"https:\/\/www.netz-barrierefrei.de\/wordpress\/wp-json\/wp\/v2\/users\/1"}],"replies":[{"embeddable":true,"href":"https:\/\/www.netz-barrierefrei.de\/wordpress\/wp-json\/wp\/v2\/comments?post=5437"}],"version-history":[{"count":11,"href":"https:\/\/www.netz-barrierefrei.de\/wordpress\/wp-json\/wp\/v2\/pages\/5437\/revisions"}],"predecessor-version":[{"id":10273,"href":"https:\/\/www.netz-barrierefrei.de\/wordpress\/wp-json\/wp\/v2\/pages\/5437\/revisions\/10273"}],"up":[{"embeddable":true,"href":"https:\/\/www.netz-barrierefrei.de\/wordpress\/wp-json\/wp\/v2\/pages\/1450"}],"wp:attachment":[{"href":"https:\/\/www.netz-barrierefrei.de\/wordpress\/wp-json\/wp\/v2\/media?parent=5437"}],"curies":[{"name":"wp","href":"https:\/\/api.w.org\/{rel}","templated":true}]}}

<p><img loading="lazy" decoding="async" src="https://www.netz-barrierefrei.de/wordpress/wp-content/uploads/barrierefreiheit-200-1-190x300.jpg" alt="" width="190" height="300" class="alignleft size-medium wp-image-5386" srcset="https://www.netz-barrierefrei.de/wordpress/wp-content/uploads/barrierefreiheit-200-1-190x300.jpg 190w, https://www.netz-barrierefrei.de/wordpress/wp-content/uploads/barrierefreiheit-200-1.jpg 316w" sizes="auto, (max-width: 190px) 100vw, 190px" />Im April 2021 gab es kein großes Thema in der Barrierefreiheits-Szene, dafür viele kleine Diskussionen.<br />
Domingos freut sich darüber, dass <a href="https://www.netz-barrierefrei.de/wordpress/qualifikationen/buch-barrierefreies-internet/">sein Buch &#8222;Barrierefreiheit im Internet&#8220; wieder lieferbar ist</a>. Insgesamt ist der Markt an Büchern zur digitalen Barrierefreiheit in Deutschland relativ überschaubar. Umso wichtiger, dass es ein verständliches Buch zu diesem Thema gibt. </p>
<div id="ez-toc-container" class="ez-toc-v2_0_82_2 counter-hierarchy ez-toc-counter ez-toc-white ez-toc-container-direction">
<div class="ez-toc-title-container">
<p class="ez-toc-title" style="cursor:inherit">Inhalt</p>
<span class="ez-toc-title-toggle"><a href="#" class="ez-toc-pull-right ez-toc-btn ez-toc-btn-xs ez-toc-btn-default ez-toc-toggle" aria-label="Toggle Table of Content"><span class="ez-toc-js-icon-con"><span class=""><span class="eztoc-hide" style="display:none;">Toggle</span><span class="ez-toc-icon-toggle-span"><svg style="fill: #999;color:#999" xmlns="http://www.w3.org/2000/svg" class="list-377408" width="20px" height="20px" viewBox="0 0 24 24" fill="none"><path d="M6 6H4v2h2V6zm14 0H8v2h12V6zM4 11h2v2H4v-2zm16 0H8v2h12v-2zM4 16h2v2H4v-2zm16 0H8v2h12v-2z" fill="currentColor"></path></svg><svg style="fill: #999;color:#999" class="arrow-unsorted-368013" xmlns="http://www.w3.org/2000/svg" width="10px" height="10px" viewBox="0 0 24 24" version="1.2" baseProfile="tiny"><path d="M18.2 9.3l-6.2-6.3-6.2 6.3c-.2.2-.3.4-.3.7s.1.5.3.7c.2.2.4.3.7.3h11c.3 0 .5-.1.7-.3.2-.2.3-.5.3-.7s-.1-.5-.3-.7zM5.8 14.7l6.2 6.3 6.2-6.3c.2-.2.3-.5.3-.7s-.1-.5-.3-.7c-.2-.2-.4-.3-.7-.3h-11c-.3 0-.5.1-.7.3-.2.2-.3.5-.3.7s.1.5.3.7z"/></svg></span></span></span></a></span></div>
<nav><ul class='ez-toc-list ez-toc-list-level-1 ' ><li class='ez-toc-page-1 ez-toc-heading-level-2'><a class="ez-toc-link ez-toc-heading-1" href="https://www.netz-barrierefrei.de/wordpress/newsletter-digitale-barrierefreiheit/lesestoff-und-eine-gescheiterte-klage-neues-zur-barrierefreiheit-5-2021/#Interessante_Beitraege" >Interessante Beiträge</a></li><li class='ez-toc-page-1 ez-toc-heading-level-2'><a class="ez-toc-link ez-toc-heading-2" href="https://www.netz-barrierefrei.de/wordpress/newsletter-digitale-barrierefreiheit/lesestoff-und-eine-gescheiterte-klage-neues-zur-barrierefreiheit-5-2021/#Veranstaltungen" >Veranstaltungen</a></li></ul></nav></div>
<h2><span class="ez-toc-section" id="Interessante_Beitraege"></span>Interessante Beiträge<span class="ez-toc-section-end"></span></h2>
<p>Die DIN EN 301 549 ist seit März 2021 jetzt auch in Deutsch erhältlich. Dafür ist ein berechtigtes Interesse nachzuweisen. Diese Norm definiert die Anforderungen an digitale Barrierefreiheit für öffentliche Einrichtungen in der EU.<br />
<a href="https://www.bfit-bund.de/DE/Presse/presse.html">Zuggang zur Norm bei der Überwachungsstelle des Bundes</a><br />
Inga Schiffler beschäftigt sich in ihrem Blog mit der Frage, wie rechtssicher Texte in Leichter Sprache sein können.<br />
<a href="https://www.inga-schiffler.net/blog/medizin-und-recht-in-leichter-sprache/">Leichte Sprache in der Medizin</a><br />
Das Projekt Raketenwissenschaft hat Bilder für Texte in Leichter Sprache veröffentlicht. Diese Bilder können kostenlos genutzt werden.<br />
<a href="https://bilder-sammlung.raketen-wissenschaft.de/">Zu den Leichte-Texte-Bildern von Raketenwissenschaft</a><br />
Weiter gehts auf Englisch. Über kaum ein wichtiges Thema wird so wenig diskutiert wie über die Frage der visuellen Lesbarkeit eines Textes. Die Barrierefreiheits-Richtlinien nehmen nur testbare Anforderungen auf. Da es aber kaum Daten zum Thema visuelle Lesbarkeit AKA barrierefreie Typografie gibt, fehlen uns bisher valide Aussagen. Das will die Readibility Group ändern. Deren Arbeit wird in einem Artikel auf Medium vorgestellt.<br />
<a href="https://medium.com/the-readability-group/whats-in-a-word-53bcf217d5c1">Whats in a Word</a><br />
Im Newsletter hatten wir öfter über Fälle im Rahmen des Americans with Disabilities Act berichtet, die erfolgreich waren. Am Bekanntesten ist sicher der Fall Dominos Pizza. Allerdings ist soeben auch eine Klage vor einem Bundesgericht gescheitert. Kurz zur Erklärung: In den USA können private Einrichtungen im Rahmen des Americans with Disabilities Act (ADA) verklagt werden. Da der ADA allerdings rund 30 Jahre alt ist, umfasst er nicht ausdrücklich digitale Angebote. Es ist umstritten, ob digitale Angebote automatisch mit erfasst sind oder nicht. Präzedenzfälle wie diese jüngste Gerichts-Entscheidung sind im US-amerikanischen Recht sehr wichtig, es bleibt abzuwarten, welche Folgen das Urteil auf andere laufende und künftige Klagen haben wird.<br />
ADA Does Not Require Websites Be Accessible, Appeals Court Holds<br />
Barrierefreiheit verbessert die Qualität eines Produkts. Viele Menschen können zum Beispiel keine Information wahrnehmen, wenn sie nur über Farbe kommuniziert wird oder finden Animationen störend. Ein Lessons-Learned-Bericht auf UX Magazine fasst solche und weitere Erkenntnisse zusammen.<br />
<a href="https://uxmag.com/articles/accessible-designs-make-better-products-workdays-story">Accessible Designs Make Better Products: Workday’s Story </a><br />
Die inklusive Gestaltung von Lernmaterialien wird in einer Zukunft des lebenslangen Lernens immer wichtiger. Eine Hilfe können die Guidelines für Universal Design for Learning sein.<br />
<a href="https://udlguidelines.cast.org/">The UDL Guidelines</a><br />
Wissenschaftliche Publikationen waren bisher kaum barrierefrei. Dadurch bleibt Forshenden mit Behinderung der Zugang zur wissenschaft verschlossen. Ein Artikel im Science Editor weist auf die wichtige Rolle hin, welche die Herausgebenden bei der Barrierefreiheit spielen können.<br />
<a href="https://www.csescienceeditor.org/article/the-important-role-of-the-editor-in-making-science-accessible/">The Important Role of the Editor in Making Science Accessible</a><br />
Wer hätte es gedacht: Es gibt ein Toolkit, das einem helfen soll, qualifizierte Fachkräfte für Barrierefreiheit einzustellen. Dabei sind Bausteine für Stellenbeschreibungen und Fragen fürs Bewerbungsgespräch.<br />
<a href="https://www.teachaccess.org/resources/accessibility-skills-hiring-toolkit/">Accessibility Skills Hiring Toolkit</a><br />
Die ESL Foundation hat einen Bericht über Innovationen bei der Beschäftigung von Menschen mit Behinderung veröffentlicht. Die ESL veranstaltet die jährliche Zero Conference, auf der sich Expert:Innen zum Thema Behinderung und Technologie austauschen.</p>
<h2><span class="ez-toc-section" id="Veranstaltungen"></span>Veranstaltungen<span class="ez-toc-section-end"></span></h2>
<p>Traditionell stehen im Mai und Juni viele Events zur Barrierefreiheit an. Highlight ist sicherlich der Global Accessibility Awareness Day am 20. Mai. An diesem Tag gibt es zum Beispiel den Digital Accessibility Summit des Bundes-Behindertenbeauftragten. Unser digitaler Barrierefreiheits-Stammtisch findet ab jetzt am 1. Donnerstag im Monat statt. Diese und weitere Events finden Sie auf unserer Veranstaltungs-Liste.<br />
Aus Kapazitätsgründen haben wir die meisten offenen Barrierefreiheits-Schulungen aktuell ausgesetzt. Wann es wieder losgeht, erfahren Sie im Newsletter.<br />
[newsletter2go]</p>

<p>Im April 2021 gab es kein großes Thema in der Barrierefreiheits-Szene, dafür viele kleine Diskussionen. Domingos freut sich darüber, dass sein Buch &#8222;Barrierefreiheit im Internet&#8220;&#8230;</p>
<div class="more-link-wrapper"><a class="more-link" href="https://www.netz-barrierefrei.de/wordpress/newsletter-digitale-barrierefreiheit/lesestoff-und-eine-gescheiterte-klage-neues-zur-barrierefreiheit-5-2021/">Weiterlesen<span class="screen-reader-text">Lesestoff und eine gescheiterte Klage &#8211; Neues zur Barrierefreiheit 5-2021</span></a></div>
