{"id":546,"date":"2018-03-16T14:22:05","date_gmt":"2018-03-16T12:22:05","guid":{"rendered":"http:\/\/www.netz-barrierefrei.de\/wordpress\/?page_id=546"},"modified":"2023-04-16T18:40:24","modified_gmt":"2023-04-16T16:40:24","slug":"behinderte-und-social-media","status":"publish","type":"page","link":"https:\/\/www.netz-barrierefrei.de\/wordpress\/barrierefreies-web-2-0-ein-leitfaden-zu-social-media-und-behinderung\/behinderte-und-social-media\/","title":{"rendered":"Behinderte und Social Media"},"content":{"rendered":"<p><iframe loading=\"lazy\" src=\"https:\/\/digitale-barrierefreiheit.podigee.io\/65-social-media\/embed?context=external&#038;theme=default\" style=\"border: 0\" frameBorder=\"0\" height=\"100\" width=\"100%\"><\/iframe><br \/>\nJe nach Behinderung sind unterschiedliche Medien im Internet gefragt. Blinde tauschen sich bevorzugt \u00fcber Mail aus, Geh\u00f6rlose nutzen Skype oder andere Videodienste f\u00fcr ihre Geb\u00e4rdensprach-Videos, Andere nutzen Foren oder Chats. Dienste wie Facebook, InstaGram und Twitter haben das Ganze ein wenig ausgehebelt, da man hier alles posten kann: Nachrichten, Videos und Fotos. Der Netzwerk-effekt f\u00fchrt dazu, dass die alten Medien an Zuspruch verlieren, obwohl sie immer noch genutzt werden. Ein Vorteil der gro\u00dfen Netzwerke ist, dass hier auch problemlos Nicht-Behinderte erreicht werden k\u00f6nnen. Mailinglisten von Blinden zum Beispiel sind f\u00fcr Sehende &#8211; und nicht nur f\u00fcr sie &#8211; unattraktiv.<br \/>\nBehinderte Menschen sind dank Smartphones und mobilem Internet mittlerweile sehr stark im Social Web vertreten. Dabei gibt es grunds\u00e4tzlich keinen gro\u00dfen Unterschied zur Nutzung von Nicht-Behinderten. Das Web 2.0 wird genutzt zur Kontaktpflege, zur Selbstdarstellung oder zur Information.<br \/>\nEs gibt allerdings noch mehr: So bietet Facebook die Heimat f\u00fcr zahllose Selbsthilfe-Gruppen. Es gibt allgemeinen Gruppen, wo sich Behinderte zum Beispiel \u00fcber Pflege oder Schwerbehindertenausweis austauschen. Und es gibt Gruppen zu einzelnen Behinderungen oder Erkrankungen wie Blindheit, Multiple Sklerose oder Diabetes.<br \/>\nDas hat dazu gef\u00fchrt, dass viele spezielle Online-Foren weniger stark frequentiert werden. Ein Kuriosum besteht darin, dass diese Foren ein gewisses Ma\u00df an Anonymit\u00e4t gew\u00e4hrt haben &#8211; die meisten Menschen dort sind mit Pseudonymen und Symbolfotos unterwegs, w\u00e4hrend es bei Facebook meist echte Namen und Fotos der Personen sind. Offenbar sind sich die meisten User dieser Problematik nicht bewusst. Wenn du selbst solche Gruppen betreibst oder sonstige Austausch-M\u00f6glichkeiten anbietest, empfehle ich einen entsprechenden Hinweis in den Disclaimer aufzunehmen.<br \/>\nSelbsthilfe funktioniert umso besser, je mehr Menschen daran teilnehmen, deshalb gibt es einen schleichenden Verlust bei Online-Foren zugunsten von Facebook. Wenn man in einem Forum nicht innerhalb eines Tages eine Antwort erh\u00e4lt, wird man sich fr\u00fcher oder sp\u00e4ter davon abwenden.<br \/>\nKonsum und Austausch sind nur zwei Aspekte des Social Web. Es gibt au\u00dferdem zahlreiche Blogs, Podcasts, YouTube-Channels und mehr, auf dem Behinderte eigene Inhalte produzieren. Dabei geht es oft um Behinderung, aber nicht immer. Behinderte teilen ihre eigenen Erfahrungen und erreichen ein teils beachtliches Publikum weit \u00fcber die Behindertenkreise hinaus.<br \/>\n<span class=\"removed_link\" title=\"https:\/\/www.bpb.de\/lernen\/digitale-bildung\/medienpaedagogik\/214270\/einfach-internet-online-leitfaeden\">Leitf\u00e4den zum einfachen Internet- und Social-Media-Zugang f\u00fcr Behinderte<\/span><\/p>\n","protected":false},"excerpt":{"rendered":"<p>Je nach Behinderung sind unterschiedliche Medien im Internet gefragt. Blinde tauschen sich bevorzugt \u00fcber Mail aus, Geh\u00f6rlose nutzen Skype oder andere Videodienste f\u00fcr ihre Geb\u00e4rdensprach-Videos,&#8230;<\/p>\n<div class=\"more-link-wrapper\"><a class=\"more-link\" href=\"https:\/\/www.netz-barrierefrei.de\/wordpress\/barrierefreies-web-2-0-ein-leitfaden-zu-social-media-und-behinderung\/behinderte-und-social-media\/\">Weiterlesen<span class=\"screen-reader-text\">Behinderte und Social Media<\/span><\/a><\/div>\n","protected":false},"author":1,"featured_media":0,"parent":531,"menu_order":0,"comment_status":"closed","ping_status":"closed","template":"","meta":{"footnotes":""},"class_list":["post-546","page","type-page","status-publish","hentry","entry"],"_links":{"self":[{"href":"https:\/\/www.netz-barrierefrei.de\/wordpress\/wp-json\/wp\/v2\/pages\/546","targetHints":{"allow":["GET"]}}],"collection":[{"href":"https:\/\/www.netz-barrierefrei.de\/wordpress\/wp-json\/wp\/v2\/pages"}],"about":[{"href":"https:\/\/www.netz-barrierefrei.de\/wordpress\/wp-json\/wp\/v2\/types\/page"}],"author":[{"embeddable":true,"href":"https:\/\/www.netz-barrierefrei.de\/wordpress\/wp-json\/wp\/v2\/users\/1"}],"replies":[{"embeddable":true,"href":"https:\/\/www.netz-barrierefrei.de\/wordpress\/wp-json\/wp\/v2\/comments?post=546"}],"version-history":[{"count":7,"href":"https:\/\/www.netz-barrierefrei.de\/wordpress\/wp-json\/wp\/v2\/pages\/546\/revisions"}],"predecessor-version":[{"id":7545,"href":"https:\/\/www.netz-barrierefrei.de\/wordpress\/wp-json\/wp\/v2\/pages\/546\/revisions\/7545"}],"up":[{"embeddable":true,"href":"https:\/\/www.netz-barrierefrei.de\/wordpress\/wp-json\/wp\/v2\/pages\/531"}],"wp:attachment":[{"href":"https:\/\/www.netz-barrierefrei.de\/wordpress\/wp-json\/wp\/v2\/media?parent=546"}],"curies":[{"name":"wp","href":"https:\/\/api.w.org\/{rel}","templated":true}]}}