{"id":567,"date":"2018-03-21T18:43:48","date_gmt":"2018-03-21T16:43:48","guid":{"rendered":"http:\/\/www.netz-barrierefrei.de\/wordpress\/?page_id=567"},"modified":"2023-07-21T15:17:16","modified_gmt":"2023-07-21T13:17:16","slug":"wahrnehmen-und-verstehen","status":"publish","type":"page","link":"https:\/\/www.netz-barrierefrei.de\/wordpress\/barrierefreies-internet\/formen-von-einschraenkungen\/wahrnehmen-und-verstehen\/","title":{"rendered":"Kognitive St\u00f6rungen"},"content":{"rendered":"<p>Eine ganze Reihe von Erkrankungen oder St\u00f6rungen k\u00f6nnen dazu f\u00fchren, dass Nutzer Probleme beim Bedienen von Webseiten oder Verstehen von Inhalten haben. Das beginnt bei der Lese-Rechtschreibschw\u00e4che und reicht bis zur Lernbehinderung. Lernbehinderung wurde fr\u00fcher als geistige Behinderung bezeichnet und ist nicht mit Lernst\u00f6rungen wie Dyslexie zu verwechseln.<\/p>\n<p>Auch wenn die Ursachen und Auswirkungen der Probleme bei Analphabetismus, Lernst\u00f6rung und Lernbehinderung sehr unterschiedlich sind, sind die Barrieren bei der Nutzung von Technik sehr \u00e4hnlich. Alle drei Gruppen haben zum Beispiel Probleme, komplizierte Texte zu lesen und zu verstehen. Schwierig ist auch der Umgang mit komplizierten Formularen im Internet oder die Bedienung von Webanwendungen. Au\u00dferdem kann es problematisch sein, die gew\u00fcnschte Information zu finden, weil Navigation und Suche zu kompliziert sind.<\/p>\n<p>Einige Menschen reagieren negativ auf starke Reize wie grelle Farben, Flackern und schnelle Bewegungen. Bekanntestes Beispiel sind die epileptischen Anf\u00e4lle, aber auch viele Autisten m\u00f6gen keine starken Reize.<\/p>\n<p>H\u00e4ufig kann es auch n\u00fctzlich sein, Informationen in nichttextlicher Form anzubieten. Ich sagte schon zu Beginn, dass eine Information im Idealfall auf mindestens zwei Wegen vermittelt werden sollte. Obwohl wir recht beeindruckt von multimedialen Inhalten sind, ist das Internet nach wie vor in erster Linie textbasiert. Aber wenn wir f\u00fcr Blinde Nicht-Textinhalte mit Text erg\u00e4nzen, k\u00f6nnen wir Text-Inhalte mit anderen Formaten erg\u00e4nzen. Das k\u00f6nnen z.B. Videos oder Podcasts sein, Informationsgrafiken, schematische Darstellungen, vieles ist denkbar. Und das erleichtert oft auch anderen Menschen ohne eine Behinderung das Verst\u00e4ndnis der Inhalte.<\/p>\n<div id=\"ez-toc-container\" class=\"ez-toc-v2_0_82_2 counter-hierarchy ez-toc-counter ez-toc-white ez-toc-container-direction\">\n<div class=\"ez-toc-title-container\">\n<p class=\"ez-toc-title\" style=\"cursor:inherit\">Inhalt<\/p>\n<span class=\"ez-toc-title-toggle\"><a href=\"#\" class=\"ez-toc-pull-right ez-toc-btn ez-toc-btn-xs ez-toc-btn-default ez-toc-toggle\" aria-label=\"Toggle Table of Content\"><span class=\"ez-toc-js-icon-con\"><span class=\"\"><span class=\"eztoc-hide\" style=\"display:none;\">Toggle<\/span><span class=\"ez-toc-icon-toggle-span\"><svg style=\"fill: #999;color:#999\" xmlns=\"http:\/\/www.w3.org\/2000\/svg\" class=\"list-377408\" width=\"20px\" height=\"20px\" viewBox=\"0 0 24 24\" fill=\"none\"><path d=\"M6 6H4v2h2V6zm14 0H8v2h12V6zM4 11h2v2H4v-2zm16 0H8v2h12v-2zM4 16h2v2H4v-2zm16 0H8v2h12v-2z\" fill=\"currentColor\"><\/path><\/svg><svg style=\"fill: #999;color:#999\" class=\"arrow-unsorted-368013\" xmlns=\"http:\/\/www.w3.org\/2000\/svg\" width=\"10px\" height=\"10px\" viewBox=\"0 0 24 24\" version=\"1.2\" baseProfile=\"tiny\"><path d=\"M18.2 9.3l-6.2-6.3-6.2 6.3c-.2.2-.3.4-.3.7s.1.5.3.7c.2.2.4.3.7.3h11c.3 0 .5-.1.7-.3.2-.2.3-.5.3-.7s-.1-.5-.3-.7zM5.8 14.7l6.2 6.3 6.2-6.3c.2-.2.3-.5.3-.7s-.1-.5-.3-.7c-.2-.2-.4-.3-.7-.3h-11c-.3 0-.5.1-.7.3-.2.2-.3.5-.3.7s.1.5.3.7z\"\/><\/svg><\/span><\/span><\/span><\/a><\/span><\/div>\n<nav><ul class='ez-toc-list ez-toc-list-level-1 ' ><li class='ez-toc-page-1 ez-toc-heading-level-3'><a class=\"ez-toc-link ez-toc-heading-1\" href=\"https:\/\/www.netz-barrierefrei.de\/wordpress\/barrierefreies-internet\/formen-von-einschraenkungen\/wahrnehmen-und-verstehen\/#Uebungen\" >\u00dcbungen<\/a><\/li><li class='ez-toc-page-1 ez-toc-heading-level-3'><a class=\"ez-toc-link ez-toc-heading-2\" href=\"https:\/\/www.netz-barrierefrei.de\/wordpress\/barrierefreies-internet\/formen-von-einschraenkungen\/wahrnehmen-und-verstehen\/#Lektuereempfehlungen\" >Lekt\u00fcreempfehlungen<\/a><\/li><\/ul><\/nav><\/div>\n<h3><span class=\"ez-toc-section\" id=\"Uebungen\"><\/span>\u00dcbungen<span class=\"ez-toc-section-end\"><\/span><\/h3>\n<ul>\n<li>Welche Ma\u00dfnahmen w\u00fcrdest du f\u00fcr die einzlenen Gruppen mit Wahrnehmungs- oder Verst\u00e4ndnisst\u00f6rungen vorschlagen:<\/li>\n<li>\n<ul>\n<li>bei Lese-Rechtschreibschw\u00e4che<\/li>\n<li>bei einer Lernbehinderung<\/li>\n<li>bei Lernst\u00f6rungen wie Dyslexie oder Dyskalkulie<\/li>\n<\/ul>\n<\/li>\n<li>Haben die einzelnen Gruppen selbst M\u00f6glichkeiten, St\u00f6rquellen auf Webseiten auszuschlie\u00dfen? Wenn ja, welche?<\/li>\n<\/ul>\n<h3><span class=\"ez-toc-section\" id=\"Lektuereempfehlungen\"><\/span>Lekt\u00fcreempfehlungen<span class=\"ez-toc-section-end\"><\/span><\/h3>\n<ul>\n<li><span class=\"removed_link\" title=\"http:\/\/www.einfach-fuer-alle.de\/artikel\/dyslexie\/\">Lernbehinderung und Barrierefreiheit<\/span><\/li>\n<li><span class=\"removed_link\" title=\"http:\/\/autismus-kultur.de\/\">Autismus-Kultur<\/span> &#8211; Webseite zu Autismus und Asperger-Syndrom<\/li>\n<li>Aspgerger-Wahrnehmung &#8211; beschreibt die Wahrnehmungswelt von Autisten und Asperger-Betroffenen<\/li>\n<li><a href=\"https:\/\/www.netz-barrierefrei.de\/wordpress\/barrierefreies-internet\/formen-von-einschraenkungen\/autismus\/\">Barrierefreies Web f\u00fcr Autisten<\/a><\/li>\n<li><a href=\"https:\/\/netz-barrierefrei.de\/en\/cognitive-disabled.html\">Accessibility for cognitively disabled<\/a><\/li>\n<li><span class=\"removed_link\" title=\"http:\/\/de.wikipedia.org\/wiki\/Lernst%C3%B6rung\">Artikel zu Lernst\u00f6rungen<\/span> auf der Wikipedia<\/li>\n<li>Autismus und Computer &#8211; eine sehr interessante Seite mit vielen Links zum Thema<\/li>\n<\/ul>\n","protected":false},"excerpt":{"rendered":"<p>Eine ganze Reihe von Erkrankungen oder St\u00f6rungen k\u00f6nnen dazu f\u00fchren, dass Nutzer Probleme beim Bedienen von Webseiten oder Verstehen von Inhalten haben. Das beginnt bei&#8230;<\/p>\n<div class=\"more-link-wrapper\"><a class=\"more-link\" href=\"https:\/\/www.netz-barrierefrei.de\/wordpress\/barrierefreies-internet\/formen-von-einschraenkungen\/wahrnehmen-und-verstehen\/\">Weiterlesen<span class=\"screen-reader-text\">Kognitive St\u00f6rungen<\/span><\/a><\/div>\n","protected":false},"author":1,"featured_media":0,"parent":558,"menu_order":0,"comment_status":"closed","ping_status":"closed","template":"","meta":{"footnotes":""},"class_list":["post-567","page","type-page","status-publish","hentry","entry"],"_links":{"self":[{"href":"https:\/\/www.netz-barrierefrei.de\/wordpress\/wp-json\/wp\/v2\/pages\/567","targetHints":{"allow":["GET"]}}],"collection":[{"href":"https:\/\/www.netz-barrierefrei.de\/wordpress\/wp-json\/wp\/v2\/pages"}],"about":[{"href":"https:\/\/www.netz-barrierefrei.de\/wordpress\/wp-json\/wp\/v2\/types\/page"}],"author":[{"embeddable":true,"href":"https:\/\/www.netz-barrierefrei.de\/wordpress\/wp-json\/wp\/v2\/users\/1"}],"replies":[{"embeddable":true,"href":"https:\/\/www.netz-barrierefrei.de\/wordpress\/wp-json\/wp\/v2\/comments?post=567"}],"version-history":[{"count":12,"href":"https:\/\/www.netz-barrierefrei.de\/wordpress\/wp-json\/wp\/v2\/pages\/567\/revisions"}],"predecessor-version":[{"id":8799,"href":"https:\/\/www.netz-barrierefrei.de\/wordpress\/wp-json\/wp\/v2\/pages\/567\/revisions\/8799"}],"up":[{"embeddable":true,"href":"https:\/\/www.netz-barrierefrei.de\/wordpress\/wp-json\/wp\/v2\/pages\/558"}],"wp:attachment":[{"href":"https:\/\/www.netz-barrierefrei.de\/wordpress\/wp-json\/wp\/v2\/media?parent=567"}],"curies":[{"name":"wp","href":"https:\/\/api.w.org\/{rel}","templated":true}]}}

Kognitive Störungen

<p>Eine ganze Reihe von Erkrankungen oder Störungen können dazu führen, dass Nutzer Probleme beim Bedienen von Webseiten oder Verstehen von Inhalten haben. Das beginnt bei der Lese-Rechtschreibschwäche und reicht bis zur Lernbehinderung. Lernbehinderung wurde früher als geistige Behinderung bezeichnet und ist nicht mit Lernstörungen wie Dyslexie zu verwechseln.</p>
<p>Auch wenn die Ursachen und Auswirkungen der Probleme bei Analphabetismus, Lernstörung und Lernbehinderung sehr unterschiedlich sind, sind die Barrieren bei der Nutzung von Technik sehr ähnlich. Alle drei Gruppen haben zum Beispiel Probleme, komplizierte Texte zu lesen und zu verstehen. Schwierig ist auch der Umgang mit komplizierten Formularen im Internet oder die Bedienung von Webanwendungen. Außerdem kann es problematisch sein, die gewünschte Information zu finden, weil Navigation und Suche zu kompliziert sind.</p>
<p>Einige Menschen reagieren negativ auf starke Reize wie grelle Farben, Flackern und schnelle Bewegungen. Bekanntestes Beispiel sind die epileptischen Anfälle, aber auch viele Autisten mögen keine starken Reize.</p>
<p>Häufig kann es auch nützlich sein, Informationen in nichttextlicher Form anzubieten. Ich sagte schon zu Beginn, dass eine Information im Idealfall auf mindestens zwei Wegen vermittelt werden sollte. Obwohl wir recht beeindruckt von multimedialen Inhalten sind, ist das Internet nach wie vor in erster Linie textbasiert. Aber wenn wir für Blinde Nicht-Textinhalte mit Text ergänzen, können wir Text-Inhalte mit anderen Formaten ergänzen. Das können z.B. Videos oder Podcasts sein, Informationsgrafiken, schematische Darstellungen, vieles ist denkbar. Und das erleichtert oft auch anderen Menschen ohne eine Behinderung das Verständnis der Inhalte.</p>
<div id="ez-toc-container" class="ez-toc-v2_0_82_2 counter-hierarchy ez-toc-counter ez-toc-white ez-toc-container-direction">
<div class="ez-toc-title-container">
<p class="ez-toc-title" style="cursor:inherit">Inhalt</p>
<span class="ez-toc-title-toggle"><a href="#" class="ez-toc-pull-right ez-toc-btn ez-toc-btn-xs ez-toc-btn-default ez-toc-toggle" aria-label="Toggle Table of Content"><span class="ez-toc-js-icon-con"><span class=""><span class="eztoc-hide" style="display:none;">Toggle</span><span class="ez-toc-icon-toggle-span"><svg style="fill: #999;color:#999" xmlns="http://www.w3.org/2000/svg" class="list-377408" width="20px" height="20px" viewBox="0 0 24 24" fill="none"><path d="M6 6H4v2h2V6zm14 0H8v2h12V6zM4 11h2v2H4v-2zm16 0H8v2h12v-2zM4 16h2v2H4v-2zm16 0H8v2h12v-2z" fill="currentColor"></path></svg><svg style="fill: #999;color:#999" class="arrow-unsorted-368013" xmlns="http://www.w3.org/2000/svg" width="10px" height="10px" viewBox="0 0 24 24" version="1.2" baseProfile="tiny"><path d="M18.2 9.3l-6.2-6.3-6.2 6.3c-.2.2-.3.4-.3.7s.1.5.3.7c.2.2.4.3.7.3h11c.3 0 .5-.1.7-.3.2-.2.3-.5.3-.7s-.1-.5-.3-.7zM5.8 14.7l6.2 6.3 6.2-6.3c.2-.2.3-.5.3-.7s-.1-.5-.3-.7c-.2-.2-.4-.3-.7-.3h-11c-.3 0-.5.1-.7.3-.2.2-.3.5-.3.7s.1.5.3.7z"/></svg></span></span></span></a></span></div>
<nav><ul class='ez-toc-list ez-toc-list-level-1 ' ><li class='ez-toc-page-1 ez-toc-heading-level-3'><a class="ez-toc-link ez-toc-heading-1" href="https://www.netz-barrierefrei.de/wordpress/barrierefreies-internet/formen-von-einschraenkungen/wahrnehmen-und-verstehen/#Uebungen" >Übungen</a></li><li class='ez-toc-page-1 ez-toc-heading-level-3'><a class="ez-toc-link ez-toc-heading-2" href="https://www.netz-barrierefrei.de/wordpress/barrierefreies-internet/formen-von-einschraenkungen/wahrnehmen-und-verstehen/#Lektuereempfehlungen" >Lektüreempfehlungen</a></li></ul></nav></div>
<h3><span class="ez-toc-section" id="Uebungen"></span>Übungen<span class="ez-toc-section-end"></span></h3>
<ul>
<li>Welche Maßnahmen würdest du für die einzlenen Gruppen mit Wahrnehmungs- oder Verständnisstörungen vorschlagen:</li>
<li>
<ul>
<li>bei Lese-Rechtschreibschwäche</li>
<li>bei einer Lernbehinderung</li>
<li>bei Lernstörungen wie Dyslexie oder Dyskalkulie</li>
</ul>
</li>
<li>Haben die einzelnen Gruppen selbst Möglichkeiten, Störquellen auf Webseiten auszuschließen? Wenn ja, welche?</li>
</ul>
<h3><span class="ez-toc-section" id="Lektuereempfehlungen"></span>Lektüreempfehlungen<span class="ez-toc-section-end"></span></h3>
<ul>
<li><span class="removed_link" title="http://www.einfach-fuer-alle.de/artikel/dyslexie/">Lernbehinderung und Barrierefreiheit</span></li>
<li><span class="removed_link" title="http://autismus-kultur.de/">Autismus-Kultur</span> &#8211; Webseite zu Autismus und Asperger-Syndrom</li>
<li>Aspgerger-Wahrnehmung &#8211; beschreibt die Wahrnehmungswelt von Autisten und Asperger-Betroffenen</li>
<li><a href="https://www.netz-barrierefrei.de/wordpress/barrierefreies-internet/formen-von-einschraenkungen/autismus/">Barrierefreies Web für Autisten</a></li>
<li><a href="https://netz-barrierefrei.de/en/cognitive-disabled.html">Accessibility for cognitively disabled</a></li>
<li><span class="removed_link" title="http://de.wikipedia.org/wiki/Lernst%C3%B6rung">Artikel zu Lernstörungen</span> auf der Wikipedia</li>
<li>Autismus und Computer &#8211; eine sehr interessante Seite mit vielen Links zum Thema</li>
</ul>

<p>Eine ganze Reihe von Erkrankungen oder Störungen können dazu führen, dass Nutzer Probleme beim Bedienen von Webseiten oder Verstehen von Inhalten haben. Das beginnt bei&#8230;</p>
<div class="more-link-wrapper"><a class="more-link" href="https://www.netz-barrierefrei.de/wordpress/barrierefreies-internet/formen-von-einschraenkungen/wahrnehmen-und-verstehen/">Weiterlesen<span class="screen-reader-text">Kognitive Störungen</span></a></div>
