{"id":7401,"date":"2023-02-27T11:19:56","date_gmt":"2023-02-27T09:19:56","guid":{"rendered":"https:\/\/www.netz-barrierefrei.de\/wordpress\/?page_id=7401"},"modified":"2023-02-27T11:19:56","modified_gmt":"2023-02-27T09:19:56","slug":"mehr-technik-tipps-ausgabe-2-2023","status":"publish","type":"page","link":"https:\/\/www.netz-barrierefrei.de\/wordpress\/newsletter-digitale-barrierefreiheit\/mehr-technik-tipps-ausgabe-2-2023\/","title":{"rendered":"Mehr Technik-Tipps &#8211; Ausgabe 2-2023"},"content":{"rendered":"<p>Wir haben uns entschlossen, mehr Technik-Artikel und Werkzeuge in den Newsletter aufzunehmen, dazu gibt es unter den Veranstaltungen einen neuen Abschnitt.<\/p>\n<div id=\"ez-toc-container\" class=\"ez-toc-v2_0_82_2 counter-hierarchy ez-toc-counter ez-toc-white ez-toc-container-direction\">\n<div class=\"ez-toc-title-container\">\n<p class=\"ez-toc-title\" style=\"cursor:inherit\">Inhalt<\/p>\n<span class=\"ez-toc-title-toggle\"><a href=\"#\" class=\"ez-toc-pull-right ez-toc-btn ez-toc-btn-xs ez-toc-btn-default ez-toc-toggle\" aria-label=\"Toggle Table of Content\"><span class=\"ez-toc-js-icon-con\"><span class=\"\"><span class=\"eztoc-hide\" style=\"display:none;\">Toggle<\/span><span class=\"ez-toc-icon-toggle-span\"><svg style=\"fill: #999;color:#999\" xmlns=\"http:\/\/www.w3.org\/2000\/svg\" class=\"list-377408\" width=\"20px\" height=\"20px\" viewBox=\"0 0 24 24\" fill=\"none\"><path d=\"M6 6H4v2h2V6zm14 0H8v2h12V6zM4 11h2v2H4v-2zm16 0H8v2h12v-2zM4 16h2v2H4v-2zm16 0H8v2h12v-2z\" fill=\"currentColor\"><\/path><\/svg><svg style=\"fill: #999;color:#999\" class=\"arrow-unsorted-368013\" xmlns=\"http:\/\/www.w3.org\/2000\/svg\" width=\"10px\" height=\"10px\" viewBox=\"0 0 24 24\" version=\"1.2\" baseProfile=\"tiny\"><path d=\"M18.2 9.3l-6.2-6.3-6.2 6.3c-.2.2-.3.4-.3.7s.1.5.3.7c.2.2.4.3.7.3h11c.3 0 .5-.1.7-.3.2-.2.3-.5.3-.7s-.1-.5-.3-.7zM5.8 14.7l6.2 6.3 6.2-6.3c.2-.2.3-.5.3-.7s-.1-.5-.3-.7c-.2-.2-.4-.3-.7-.3h-11c-.3 0-.5.1-.7.3-.2.2-.3.5-.3.7s.1.5.3.7z\"\/><\/svg><\/span><\/span><\/span><\/a><\/span><\/div>\n<nav><ul class='ez-toc-list ez-toc-list-level-1 ' ><li class='ez-toc-page-1 ez-toc-heading-level-2'><a class=\"ez-toc-link ez-toc-heading-1\" href=\"https:\/\/www.netz-barrierefrei.de\/wordpress\/newsletter-digitale-barrierefreiheit\/mehr-technik-tipps-ausgabe-2-2023\/#Interessante_Beitraege\" >Interessante Beitr\u00e4ge<\/a><\/li><li class='ez-toc-page-1 ez-toc-heading-level-2'><a class=\"ez-toc-link ez-toc-heading-2\" href=\"https:\/\/www.netz-barrierefrei.de\/wordpress\/newsletter-digitale-barrierefreiheit\/mehr-technik-tipps-ausgabe-2-2023\/#Veranstaltungen\" >Veranstaltungen<\/a><\/li><li class='ez-toc-page-1 ez-toc-heading-level-2'><a class=\"ez-toc-link ez-toc-heading-3\" href=\"https:\/\/www.netz-barrierefrei.de\/wordpress\/newsletter-digitale-barrierefreiheit\/mehr-technik-tipps-ausgabe-2-2023\/#Technische_Beitraege\" >Technische Beitr\u00e4ge<\/a><\/li><li class='ez-toc-page-1 ez-toc-heading-level-2'><a class=\"ez-toc-link ez-toc-heading-4\" href=\"https:\/\/www.netz-barrierefrei.de\/wordpress\/newsletter-digitale-barrierefreiheit\/mehr-technik-tipps-ausgabe-2-2023\/#Newsletter_abonnieren\" >Newsletter abonnieren<\/a><\/li><\/ul><\/nav><\/div>\n<h2><span class=\"ez-toc-section\" id=\"Interessante_Beitraege\"><\/span>Interessante Beitr\u00e4ge<span class=\"ez-toc-section-end\"><\/span><\/h2>\n<p>Die Bundesinitiative f\u00fcr Barrierefreiheit hat gro\u00dfes vor: So soll im Jahr 2023 das Allgemeine sowie das Behinderten-Gleichstellungs-Gesetz und das Barrierefreiheits-St\u00e4rkungs-Gesetz \u00fcberarbeitet werden. Weitere Infos gibt es im folgenden PDF.<\/p>\n<p><a href=\"https:\/\/www.bmas.de\/SharedDocs\/Downloads\/DE\/Pressemitteilungen\/2022\/eckpunkte-bundesinitiative-barrierefreiheit.pdf?__blob=publicationFile&#038;v=2\">Eckpunkte der Initiative<\/a><\/p>\n<p>Ein neu gegr\u00fcndetes AccessibleEU-Zentrum  soll dazu beitragen, mehr Barrierefreiheit im EU-Binnenmarkt umzusetzen, so ein Bericht bei Kobinet. <\/p>\n<p><a href=\"https:\/\/kobinet-nachrichten.org\/2023\/01\/27\/30-jahre-eu-binnenmarkt-jetzt-soll-die-barrierefreiheit-folgen\/?seopsv3\">https:\/\/kobinet-nachrichten.org\/2023\/01\/27\/30-jahre-eu-binnenmarkt-jetzt-soll-die-barrierefreiheit-folgen\/?seopsv3<\/a><\/p>\n<p>Bei Silta gibt es eine Checkliste zu barrierefreien PDF.<\/p>\n<p><a href=\"https:\/\/www.silta.ai\/checkliste-barrierefreie-pdf\">Checkliste: Barrierefreie PDF<\/a><\/p>\n<p>Weiter gehts auf Englisch: Bei WebAIM gibt es Tipps, wie Sie eine Community rund um Barrierefreiheit aufbauen.<\/a><br \/>\n<a href=\"https:\/\/webaim.org\/articles\/communities\/creating\">Creating a Community that Values Accessibility<\/a><\/p>\n<p>Die Zahl der Klagen im Rahmen des Americans with Disabilities Act sind im Jahr 2022 um 12 Prozent gestiegen, wie diese \u00dcbersicht zeigt.<br \/>\n<a href=\"https:\/\/www.adatitleiii.com\/2023\/01\/plaintiffs-set-a-new-record-for-website-accessibility-lawsuit-filings-in-2022\/\">Plaintiffs Set a New Record for Website Accessibility Lawsuit Filings in 2022<\/a><\/p>\n<p>ChatGPT ist wohl einer der gr\u00f6ssten Hypes seit dem Tamagotchi. Ein Blogbeitrag diskutiert dessen Einfluss auf die Barrierefreiheit.<\/p>\n<p><a href=\"https:\/\/inklusiv.ca\/will-chatgpt-threaten-the-future-of-the-digital-accessibility-field\/\">Will ChatGPT threaten the future of the digital accessibility field? <\/a><\/p>\n<p>Ein kostenloser Kurs f\u00fchrt in die barrierefreie Web-Entwicklung ein.<\/p>\n<p><a href=\"https:\/\/web.dev\/learn\/accessibility\/\">Learn Accessibility<\/a><\/p>\n<h2><span class=\"ez-toc-section\" id=\"Veranstaltungen\"><\/span>Veranstaltungen<span class=\"ez-toc-section-end\"><\/span><\/h2>\n<p>Wie immer m\u00f6chten wir auf unsere beliebten <a href=\"https:\/\/www.silta.ai\/schulungen\">Online-Schulungen zu barrierefreien PDF und Webseiten<\/a> hinweisen. Melden Sie sich jetzt an. <\/p>\n<p>Im Februar und M\u00e4rz gibt es eine Reihe von kostenlosen Online-Veranstaltungen zur digitalen Barrierefreiheit, darunter die Zero Conference und die axe-con. Im Juni gibt es eine deutschsprachige Konferenz des Rheinwerk-Verlages, Silta wird dort einen Workshop zu barrierefreien Web-Formularen leiten. Diese und weitere Veranstaltungen finden Sie in der Veranstaltungsliste.<\/p>\n<h2><span class=\"ez-toc-section\" id=\"Technische_Beitraege\"><\/span>Technische Beitr\u00e4ge<span class=\"ez-toc-section-end\"><\/span><\/h2>\n<ul>\n<li>A beginner\u2019s complete guide to form accessibility<\/li>\n<li><a href=\"https:\/\/speckyboy.com\/css-practices-that-can-hurt-accessibility\/\">The CSS Practices That Can Hurt Accessibility<\/a><\/li>\n<li><a href=\"https:\/\/accessibility.blog.gov.uk\/2023\/01\/06\/a-new-accessibility-strategy-for-the-gov-uk-design-system\/\">A new accessibility strategy for the GOV.UK Design System<\/a>\n<li><a href=\"https:\/\/www.digitala11y.com\/accessibility-tools-and-resources-for-designers\/\">Accessibility Tools and Resources for Designers<\/a>\n<li><a href=\"https:\/\/whatsock.github.io\/visual-aria\/github-bookmarklet\/visual-aria.htm\">Visual ARIA Bookmarklet &#8211; aktualisiertes Bookmarklet zur Visualisierung von ARIA auf Webseiten<\/a><\/li>\n<li><a href=\"https:\/\/docs.fitko.de\/resources\/kolibri\/\">KoliBri &#8211; Komponenten-Bibliothek f\u00fcr die BarrierefreiheitKoliBri &#8211; Komponenten-Bibliothek f\u00fcr die Barrierefreiheit<\/a><\/li>\n<li>Neurodiversity Design System<\/li>\n<\/ul>\n<h2><span class=\"ez-toc-section\" id=\"Newsletter_abonnieren\"><\/span>Newsletter abonnieren<span class=\"ez-toc-section-end\"><\/span><\/h2>\n<p>Falls Sie den Newsletter bisher nicht abonniert haben, k\u00f6nnen Sie das hier nachholen.<\/p>\n<p><script id=\"n2g_script\">!function(e,t,n,c,r,a,i){e.Newsletter2GoTrackingObject=r,e[r]=e[r]||function(){(e[r].q=e[r].q||[]).push(arguments)},e[r].l=1*new Date,a=t.createElement(n),i=t.getElementsByTagName(n)[0],a.async=1,a.src=c,i.parentNode.insertBefore(a,i)}(window,document,\"script\",\"https:\/\/static.newsletter2go.com\/utils.js\",\"n2g\");var config = {\"container\": {\"type\": \"div\",\"class\": \"\",\"style\": \"\"},\"row\": {\"type\": \"div\",\"class\": \"\",\"style\": \"margin-top: 15px;\"},\"columnLeft\": {\"type\": \"div\",\"class\": \"\",\"style\": \"\"},\"columnRight\": {\"type\": \"div\",\"class\": \"\",\"style\": \"\"},\"label\": {\"type\": \"label\",\"class\": \"\",\"style\": \"\"}};n2g('create', '7y99q8k3-wv08nhwz-14bo');n2g('subscribe:createForm', config);<\/script><\/p>\n","protected":false},"excerpt":{"rendered":"<p>Wir haben uns entschlossen, mehr Technik-Artikel und Werkzeuge in den Newsletter aufzunehmen, dazu gibt es unter den Veranstaltungen einen neuen Abschnitt. Interessante Beitr\u00e4ge Die Bundesinitiative&#8230;<\/p>\n<div class=\"more-link-wrapper\"><a class=\"more-link\" href=\"https:\/\/www.netz-barrierefrei.de\/wordpress\/newsletter-digitale-barrierefreiheit\/mehr-technik-tipps-ausgabe-2-2023\/\">Weiterlesen<span class=\"screen-reader-text\">Mehr Technik-Tipps &#8211; Ausgabe 2-2023<\/span><\/a><\/div>\n","protected":false},"author":1,"featured_media":0,"parent":1450,"menu_order":0,"comment_status":"closed","ping_status":"closed","template":"","meta":{"footnotes":""},"class_list":["post-7401","page","type-page","status-publish","hentry","entry"],"_links":{"self":[{"href":"https:\/\/www.netz-barrierefrei.de\/wordpress\/wp-json\/wp\/v2\/pages\/7401","targetHints":{"allow":["GET"]}}],"collection":[{"href":"https:\/\/www.netz-barrierefrei.de\/wordpress\/wp-json\/wp\/v2\/pages"}],"about":[{"href":"https:\/\/www.netz-barrierefrei.de\/wordpress\/wp-json\/wp\/v2\/types\/page"}],"author":[{"embeddable":true,"href":"https:\/\/www.netz-barrierefrei.de\/wordpress\/wp-json\/wp\/v2\/users\/1"}],"replies":[{"embeddable":true,"href":"https:\/\/www.netz-barrierefrei.de\/wordpress\/wp-json\/wp\/v2\/comments?post=7401"}],"version-history":[{"count":6,"href":"https:\/\/www.netz-barrierefrei.de\/wordpress\/wp-json\/wp\/v2\/pages\/7401\/revisions"}],"predecessor-version":[{"id":10322,"href":"https:\/\/www.netz-barrierefrei.de\/wordpress\/wp-json\/wp\/v2\/pages\/7401\/revisions\/10322"}],"up":[{"embeddable":true,"href":"https:\/\/www.netz-barrierefrei.de\/wordpress\/wp-json\/wp\/v2\/pages\/1450"}],"wp:attachment":[{"href":"https:\/\/www.netz-barrierefrei.de\/wordpress\/wp-json\/wp\/v2\/media?parent=7401"}],"curies":[{"name":"wp","href":"https:\/\/api.w.org\/{rel}","templated":true}]}}

<p>Wir haben uns entschlossen, mehr Technik-Artikel und Werkzeuge in den Newsletter aufzunehmen, dazu gibt es unter den Veranstaltungen einen neuen Abschnitt.</p>
<div id="ez-toc-container" class="ez-toc-v2_0_82_2 counter-hierarchy ez-toc-counter ez-toc-white ez-toc-container-direction">
<div class="ez-toc-title-container">
<p class="ez-toc-title" style="cursor:inherit">Inhalt</p>
<span class="ez-toc-title-toggle"><a href="#" class="ez-toc-pull-right ez-toc-btn ez-toc-btn-xs ez-toc-btn-default ez-toc-toggle" aria-label="Toggle Table of Content"><span class="ez-toc-js-icon-con"><span class=""><span class="eztoc-hide" style="display:none;">Toggle</span><span class="ez-toc-icon-toggle-span"><svg style="fill: #999;color:#999" xmlns="http://www.w3.org/2000/svg" class="list-377408" width="20px" height="20px" viewBox="0 0 24 24" fill="none"><path d="M6 6H4v2h2V6zm14 0H8v2h12V6zM4 11h2v2H4v-2zm16 0H8v2h12v-2zM4 16h2v2H4v-2zm16 0H8v2h12v-2z" fill="currentColor"></path></svg><svg style="fill: #999;color:#999" class="arrow-unsorted-368013" xmlns="http://www.w3.org/2000/svg" width="10px" height="10px" viewBox="0 0 24 24" version="1.2" baseProfile="tiny"><path d="M18.2 9.3l-6.2-6.3-6.2 6.3c-.2.2-.3.4-.3.7s.1.5.3.7c.2.2.4.3.7.3h11c.3 0 .5-.1.7-.3.2-.2.3-.5.3-.7s-.1-.5-.3-.7zM5.8 14.7l6.2 6.3 6.2-6.3c.2-.2.3-.5.3-.7s-.1-.5-.3-.7c-.2-.2-.4-.3-.7-.3h-11c-.3 0-.5.1-.7.3-.2.2-.3.5-.3.7s.1.5.3.7z"/></svg></span></span></span></a></span></div>
<nav><ul class='ez-toc-list ez-toc-list-level-1 ' ><li class='ez-toc-page-1 ez-toc-heading-level-2'><a class="ez-toc-link ez-toc-heading-1" href="https://www.netz-barrierefrei.de/wordpress/newsletter-digitale-barrierefreiheit/mehr-technik-tipps-ausgabe-2-2023/#Interessante_Beitraege" >Interessante Beiträge</a></li><li class='ez-toc-page-1 ez-toc-heading-level-2'><a class="ez-toc-link ez-toc-heading-2" href="https://www.netz-barrierefrei.de/wordpress/newsletter-digitale-barrierefreiheit/mehr-technik-tipps-ausgabe-2-2023/#Veranstaltungen" >Veranstaltungen</a></li><li class='ez-toc-page-1 ez-toc-heading-level-2'><a class="ez-toc-link ez-toc-heading-3" href="https://www.netz-barrierefrei.de/wordpress/newsletter-digitale-barrierefreiheit/mehr-technik-tipps-ausgabe-2-2023/#Technische_Beitraege" >Technische Beiträge</a></li><li class='ez-toc-page-1 ez-toc-heading-level-2'><a class="ez-toc-link ez-toc-heading-4" href="https://www.netz-barrierefrei.de/wordpress/newsletter-digitale-barrierefreiheit/mehr-technik-tipps-ausgabe-2-2023/#Newsletter_abonnieren" >Newsletter abonnieren</a></li></ul></nav></div>
<h2><span class="ez-toc-section" id="Interessante_Beitraege"></span>Interessante Beiträge<span class="ez-toc-section-end"></span></h2>
<p>Die Bundesinitiative für Barrierefreiheit hat großes vor: So soll im Jahr 2023 das Allgemeine sowie das Behinderten-Gleichstellungs-Gesetz und das Barrierefreiheits-Stärkungs-Gesetz überarbeitet werden. Weitere Infos gibt es im folgenden PDF.</p>
<p><a href="https://www.bmas.de/SharedDocs/Downloads/DE/Pressemitteilungen/2022/eckpunkte-bundesinitiative-barrierefreiheit.pdf?__blob=publicationFile&#038;v=2">Eckpunkte der Initiative</a></p>
<p>Ein neu gegründetes AccessibleEU-Zentrum  soll dazu beitragen, mehr Barrierefreiheit im EU-Binnenmarkt umzusetzen, so ein Bericht bei Kobinet. </p>
<p><a href="https://kobinet-nachrichten.org/2023/01/27/30-jahre-eu-binnenmarkt-jetzt-soll-die-barrierefreiheit-folgen/?seopsv3">https://kobinet-nachrichten.org/2023/01/27/30-jahre-eu-binnenmarkt-jetzt-soll-die-barrierefreiheit-folgen/?seopsv3</a></p>
<p>Bei Silta gibt es eine Checkliste zu barrierefreien PDF.</p>
<p><a href="https://www.silta.ai/checkliste-barrierefreie-pdf">Checkliste: Barrierefreie PDF</a></p>
<p>Weiter gehts auf Englisch: Bei WebAIM gibt es Tipps, wie Sie eine Community rund um Barrierefreiheit aufbauen.</a><br />
<a href="https://webaim.org/articles/communities/creating">Creating a Community that Values Accessibility</a></p>
<p>Die Zahl der Klagen im Rahmen des Americans with Disabilities Act sind im Jahr 2022 um 12 Prozent gestiegen, wie diese Übersicht zeigt.<br />
<a href="https://www.adatitleiii.com/2023/01/plaintiffs-set-a-new-record-for-website-accessibility-lawsuit-filings-in-2022/">Plaintiffs Set a New Record for Website Accessibility Lawsuit Filings in 2022</a></p>
<p>ChatGPT ist wohl einer der grössten Hypes seit dem Tamagotchi. Ein Blogbeitrag diskutiert dessen Einfluss auf die Barrierefreiheit.</p>
<p><a href="https://inklusiv.ca/will-chatgpt-threaten-the-future-of-the-digital-accessibility-field/">Will ChatGPT threaten the future of the digital accessibility field? </a></p>
<p>Ein kostenloser Kurs führt in die barrierefreie Web-Entwicklung ein.</p>
<p><a href="https://web.dev/learn/accessibility/">Learn Accessibility</a></p>
<h2><span class="ez-toc-section" id="Veranstaltungen"></span>Veranstaltungen<span class="ez-toc-section-end"></span></h2>
<p>Wie immer möchten wir auf unsere beliebten <a href="https://www.silta.ai/schulungen">Online-Schulungen zu barrierefreien PDF und Webseiten</a> hinweisen. Melden Sie sich jetzt an. </p>
<p>Im Februar und März gibt es eine Reihe von kostenlosen Online-Veranstaltungen zur digitalen Barrierefreiheit, darunter die Zero Conference und die axe-con. Im Juni gibt es eine deutschsprachige Konferenz des Rheinwerk-Verlages, Silta wird dort einen Workshop zu barrierefreien Web-Formularen leiten. Diese und weitere Veranstaltungen finden Sie in der Veranstaltungsliste.</p>
<h2><span class="ez-toc-section" id="Technische_Beitraege"></span>Technische Beiträge<span class="ez-toc-section-end"></span></h2>
<ul>
<li>A beginner’s complete guide to form accessibility</li>
<li><a href="https://speckyboy.com/css-practices-that-can-hurt-accessibility/">The CSS Practices That Can Hurt Accessibility</a></li>
<li><a href="https://accessibility.blog.gov.uk/2023/01/06/a-new-accessibility-strategy-for-the-gov-uk-design-system/">A new accessibility strategy for the GOV.UK Design System</a>
<li><a href="https://www.digitala11y.com/accessibility-tools-and-resources-for-designers/">Accessibility Tools and Resources for Designers</a>
<li><a href="https://whatsock.github.io/visual-aria/github-bookmarklet/visual-aria.htm">Visual ARIA Bookmarklet &#8211; aktualisiertes Bookmarklet zur Visualisierung von ARIA auf Webseiten</a></li>
<li><a href="https://docs.fitko.de/resources/kolibri/">KoliBri &#8211; Komponenten-Bibliothek für die BarrierefreiheitKoliBri &#8211; Komponenten-Bibliothek für die Barrierefreiheit</a></li>
<li>Neurodiversity Design System</li>
</ul>
<h2><span class="ez-toc-section" id="Newsletter_abonnieren"></span>Newsletter abonnieren<span class="ez-toc-section-end"></span></h2>
<p>Falls Sie den Newsletter bisher nicht abonniert haben, können Sie das hier nachholen.</p>
<p><script id="n2g_script">!function(e,t,n,c,r,a,i){e.Newsletter2GoTrackingObject=r,e[r]=e[r]||function(){(e[r].q=e[r].q||[]).push(arguments)},e[r].l=1*new Date,a=t.createElement(n),i=t.getElementsByTagName(n)[0],a.async=1,a.src=c,i.parentNode.insertBefore(a,i)}(window,document,"script","https://static.newsletter2go.com/utils.js","n2g");var config = {"container": {"type": "div","class": "","style": ""},"row": {"type": "div","class": "","style": "margin-top: 15px;"},"columnLeft": {"type": "div","class": "","style": ""},"columnRight": {"type": "div","class": "","style": ""},"label": {"type": "label","class": "","style": ""}};n2g('create', '7y99q8k3-wv08nhwz-14bo');n2g('subscribe:createForm', config);</script></p>

<p>Wir haben uns entschlossen, mehr Technik-Artikel und Werkzeuge in den Newsletter aufzunehmen, dazu gibt es unter den Veranstaltungen einen neuen Abschnitt. Interessante Beiträge Die Bundesinitiative&#8230;</p>
<div class="more-link-wrapper"><a class="more-link" href="https://www.netz-barrierefrei.de/wordpress/newsletter-digitale-barrierefreiheit/mehr-technik-tipps-ausgabe-2-2023/">Weiterlesen<span class="screen-reader-text">Mehr Technik-Tipps &#8211; Ausgabe 2-2023</span></a></div>
