{"id":773,"date":"2018-03-26T18:34:39","date_gmt":"2018-03-26T16:34:39","guid":{"rendered":"http:\/\/www.netz-barrierefrei.de\/wordpress\/?page_id=773"},"modified":"2021-10-14T10:02:15","modified_gmt":"2021-10-14T08:02:15","slug":"produkte-und-dienstleistungen-auf-barrierefreiheit-pruefen","status":"publish","type":"page","link":"https:\/\/www.netz-barrierefrei.de\/wordpress\/wirtschaft-gesellschaft\/produkte-und-dienstleistungen-auf-barrierefreiheit-pruefen\/","title":{"rendered":"Produkte und Dienstleistungen auf Barrierefreiheit pr\u00fcfen"},"content":{"rendered":"<p>M\u00f6chte man unterschiedliche Produkte und Konzepte auf Barrierefreiheit testen, ben\u00f6tigt man ein allgemeines Testkonzept, um den unterschiedlichen Produkten gerecht zu werden. Der Ansatz muss nutzerorientiert sein, das hei\u00dft, die Tests m\u00fcssen von echten Nutzern in der Praxis durchgef\u00fchrt werden. <\/p>\n<p>Als Mindestvoraussetzung f\u00fcr eine Pr\u00fcfung muss ein testbarer Prototyp der Anwendung oder des Konzeptes vorhanden sein. Der Prototyp ist der Ma\u00dfstab f\u00fcr die Beurteilung des Konzeptes. Au\u00dferdem sollte sichergestellt werden, dass der Prototyp auch weiter entwickelt wird. Es ist zum Beispiel kein gutes Zeichen, wenn die Anwendung seit mehreren Monaten nicht weiter entwickelt wird oder der Entwickler offensichtlich nicht die Ressourcen\/Qualit\u00e4ten hat, die Anwendung zum Funktionieren zu bringen. <\/p>\n<p>Sinnvoll erscheint eine Vorauswahl, bei der gepr\u00fcft wird, ob das jeweilige Konzept einige Grundvoraussetzungen erf\u00fcllt: <\/p>\n<ol>\n<li>Ist es generell f\u00fcr die Zielgruppe barrierefrei bedienbar?<\/li>\n<li>Erf\u00fcllt es minimale Voraussetzungen wie einen freien Zugang?(Das ist z.B. nicht erf\u00fcllt bei exotischen oder nicht mehr verwendeten Plattformen wie Nokias Symbian)<\/li>\n<li>Verbessert es die Barrierefreiheit in einem wie auch immer gearteteten Bereich?<\/li>\n<\/ol>\n<p>Sind diese Anforderungen erf\u00fcllt, sollte das Konzept einem Praxistest durch Behinderte unterzogen werden. <\/p>\n<p>Vorgeschlagen wird ein drei-stufiger Prozess: <\/p>\n<ol>\n<li>Vorauswahl<\/li>\n<li> Kurztest<\/li>\n<li> Praxistest  durch Menschen mit Behinderung<\/li>\n<\/ol>\n<p>Im ersten Schritt wird gepr\u00fcft, ob die Anwendung \u00fcberhaupt f\u00fcr Menschen mit Behinderung relevant ist. Alle Einreichungen, die einen festgelegten Kriterienkatalog nicht erf\u00fcllen, nehmen nicht am Verfahren teil. <\/p>\n<p>Im zweiten Schritt werden die wichtigsten kriterien f\u00fcr Barrierefreiheit gepr\u00fcft: Tastaturbedienbarkeit, Anpassbarkeit etc. Hier m\u00fcssen m\u00f6glichst Kriterien festgelegt werden, die von allen Produkten erf\u00fcllt werden k\u00f6nnen. Als Alternative bietet sich die Messung der Gebrauchstauglichkeit an. <\/p>\n<p>Im dritten Schritt werden die in Frage kommenden Konzepte von den Betroffenen gepr\u00fcft und beurteilt. Ausschlaggebende Kriterien sind hier Benutzbarkeit und N\u00fctzlichkeit f\u00fcr den Alltag. <\/p>\n<p>Es kann f\u00fcr die ersten beiden Testphasen ein schlanker Kriterienkatalog festgelegt werden, der unterschiedliche Bereiche abdeckt (Apps, Webseiten, Konzepte). Um Vergleichbarkeit herzustellen ist es sinnvoll, nur Kriterien zu verwenden, die auf alle denkbaren Einreichungen angewandt werden k\u00f6nnen. Entscheidend f\u00fcr eine W\u00fcrdigung ist dann der Praxistest und dessen Ergebnisse bzw. die Beurteilung der Menschen mit Behinderung. <\/p>\n<h2>Die Testphase<\/h2>\n<p>Um die Gebrauchstauglichkeit zu pr\u00fcfen muss ein Test in der Praxis erfolgen. Wir schlagen die Entwicklung eines produktspezifischen Szenarios vor. Solch ein Szenario sollte von einem behinderten Menschen vorgeschlagen oder auf seine Praxisrelevanz gepr\u00fcft werden. Der Test soll dann von mindestens einer Person aus der Zielgruppe durchgef\u00fchrt werden und zwar nicht von der Person, die das Szenario entwickelt hat. <\/p>\n<p>Die Testperson erkl\u00e4rt sich bereit, sich w\u00e4hrend des Tests zu ihrem Eindruck zu \u00e4u\u00dfern &#8211; Laut denken. Die Gedanken werden von einer Begleitperson protokolliert. Anschlie\u00dfend sollte die Testperson ggf. nach einer kleinen Verschnaufpause nach einem festgefassten Schema zu ihrem Eindruck befragt werden.<br \/>\n<a href=\"https:\/\/www.netz-barrierefrei.de\/wordpress\/leistungen\/pruefen-von-webseiten-apps-software-und-pdfs-auf-barrierefreiheit\/\">Gerne k\u00f6nnen Sie uns f\u00fcr einen Test zur Barrierefreiheit beauftragen<\/a>.<\/p>\n","protected":false},"excerpt":{"rendered":"<p>M\u00f6chte man unterschiedliche Produkte und Konzepte auf Barrierefreiheit testen, ben\u00f6tigt man ein allgemeines Testkonzept, um den unterschiedlichen Produkten gerecht zu werden. Der Ansatz muss nutzerorientiert&#8230;<\/p>\n<div class=\"more-link-wrapper\"><a class=\"more-link\" href=\"https:\/\/www.netz-barrierefrei.de\/wordpress\/wirtschaft-gesellschaft\/produkte-und-dienstleistungen-auf-barrierefreiheit-pruefen\/\">Weiterlesen<span class=\"screen-reader-text\">Produkte und Dienstleistungen auf Barrierefreiheit pr\u00fcfen<\/span><\/a><\/div>\n","protected":false},"author":1,"featured_media":0,"parent":745,"menu_order":0,"comment_status":"closed","ping_status":"closed","template":"","meta":{"footnotes":""},"class_list":["post-773","page","type-page","status-publish","hentry","entry"],"_links":{"self":[{"href":"https:\/\/www.netz-barrierefrei.de\/wordpress\/wp-json\/wp\/v2\/pages\/773","targetHints":{"allow":["GET"]}}],"collection":[{"href":"https:\/\/www.netz-barrierefrei.de\/wordpress\/wp-json\/wp\/v2\/pages"}],"about":[{"href":"https:\/\/www.netz-barrierefrei.de\/wordpress\/wp-json\/wp\/v2\/types\/page"}],"author":[{"embeddable":true,"href":"https:\/\/www.netz-barrierefrei.de\/wordpress\/wp-json\/wp\/v2\/users\/1"}],"replies":[{"embeddable":true,"href":"https:\/\/www.netz-barrierefrei.de\/wordpress\/wp-json\/wp\/v2\/comments?post=773"}],"version-history":[{"count":2,"href":"https:\/\/www.netz-barrierefrei.de\/wordpress\/wp-json\/wp\/v2\/pages\/773\/revisions"}],"predecessor-version":[{"id":5976,"href":"https:\/\/www.netz-barrierefrei.de\/wordpress\/wp-json\/wp\/v2\/pages\/773\/revisions\/5976"}],"up":[{"embeddable":true,"href":"https:\/\/www.netz-barrierefrei.de\/wordpress\/wp-json\/wp\/v2\/pages\/745"}],"wp:attachment":[{"href":"https:\/\/www.netz-barrierefrei.de\/wordpress\/wp-json\/wp\/v2\/media?parent=773"}],"curies":[{"name":"wp","href":"https:\/\/api.w.org\/{rel}","templated":true}]}}

Produkte und Dienstleistungen auf Barrierefreiheit prüfen

<p>Möchte man unterschiedliche Produkte und Konzepte auf Barrierefreiheit testen, benötigt man ein allgemeines Testkonzept, um den unterschiedlichen Produkten gerecht zu werden. Der Ansatz muss nutzerorientiert sein, das heißt, die Tests müssen von echten Nutzern in der Praxis durchgeführt werden. </p>
<p>Als Mindestvoraussetzung für eine Prüfung muss ein testbarer Prototyp der Anwendung oder des Konzeptes vorhanden sein. Der Prototyp ist der Maßstab für die Beurteilung des Konzeptes. Außerdem sollte sichergestellt werden, dass der Prototyp auch weiter entwickelt wird. Es ist zum Beispiel kein gutes Zeichen, wenn die Anwendung seit mehreren Monaten nicht weiter entwickelt wird oder der Entwickler offensichtlich nicht die Ressourcen/Qualitäten hat, die Anwendung zum Funktionieren zu bringen. </p>
<p>Sinnvoll erscheint eine Vorauswahl, bei der geprüft wird, ob das jeweilige Konzept einige Grundvoraussetzungen erfüllt: </p>
<ol>
<li>Ist es generell für die Zielgruppe barrierefrei bedienbar?</li>
<li>Erfüllt es minimale Voraussetzungen wie einen freien Zugang?(Das ist z.B. nicht erfüllt bei exotischen oder nicht mehr verwendeten Plattformen wie Nokias Symbian)</li>
<li>Verbessert es die Barrierefreiheit in einem wie auch immer gearteteten Bereich?</li>
</ol>
<p>Sind diese Anforderungen erfüllt, sollte das Konzept einem Praxistest durch Behinderte unterzogen werden. </p>
<p>Vorgeschlagen wird ein drei-stufiger Prozess: </p>
<ol>
<li>Vorauswahl</li>
<li> Kurztest</li>
<li> Praxistest  durch Menschen mit Behinderung</li>
</ol>
<p>Im ersten Schritt wird geprüft, ob die Anwendung überhaupt für Menschen mit Behinderung relevant ist. Alle Einreichungen, die einen festgelegten Kriterienkatalog nicht erfüllen, nehmen nicht am Verfahren teil. </p>
<p>Im zweiten Schritt werden die wichtigsten kriterien für Barrierefreiheit geprüft: Tastaturbedienbarkeit, Anpassbarkeit etc. Hier müssen möglichst Kriterien festgelegt werden, die von allen Produkten erfüllt werden können. Als Alternative bietet sich die Messung der Gebrauchstauglichkeit an. </p>
<p>Im dritten Schritt werden die in Frage kommenden Konzepte von den Betroffenen geprüft und beurteilt. Ausschlaggebende Kriterien sind hier Benutzbarkeit und Nützlichkeit für den Alltag. </p>
<p>Es kann für die ersten beiden Testphasen ein schlanker Kriterienkatalog festgelegt werden, der unterschiedliche Bereiche abdeckt (Apps, Webseiten, Konzepte). Um Vergleichbarkeit herzustellen ist es sinnvoll, nur Kriterien zu verwenden, die auf alle denkbaren Einreichungen angewandt werden können. Entscheidend für eine Würdigung ist dann der Praxistest und dessen Ergebnisse bzw. die Beurteilung der Menschen mit Behinderung. </p>
<h2>Die Testphase</h2>
<p>Um die Gebrauchstauglichkeit zu prüfen muss ein Test in der Praxis erfolgen. Wir schlagen die Entwicklung eines produktspezifischen Szenarios vor. Solch ein Szenario sollte von einem behinderten Menschen vorgeschlagen oder auf seine Praxisrelevanz geprüft werden. Der Test soll dann von mindestens einer Person aus der Zielgruppe durchgeführt werden und zwar nicht von der Person, die das Szenario entwickelt hat. </p>
<p>Die Testperson erklärt sich bereit, sich während des Tests zu ihrem Eindruck zu äußern &#8211; Laut denken. Die Gedanken werden von einer Begleitperson protokolliert. Anschließend sollte die Testperson ggf. nach einer kleinen Verschnaufpause nach einem festgefassten Schema zu ihrem Eindruck befragt werden.<br />
<a href="https://www.netz-barrierefrei.de/wordpress/leistungen/pruefen-von-webseiten-apps-software-und-pdfs-auf-barrierefreiheit/">Gerne können Sie uns für einen Test zur Barrierefreiheit beauftragen</a>.</p>

<p>Möchte man unterschiedliche Produkte und Konzepte auf Barrierefreiheit testen, benötigt man ein allgemeines Testkonzept, um den unterschiedlichen Produkten gerecht zu werden. Der Ansatz muss nutzerorientiert&#8230;</p>
<div class="more-link-wrapper"><a class="more-link" href="https://www.netz-barrierefrei.de/wordpress/wirtschaft-gesellschaft/produkte-und-dienstleistungen-auf-barrierefreiheit-pruefen/">Weiterlesen<span class="screen-reader-text">Produkte und Dienstleistungen auf Barrierefreiheit prüfen</span></a></div>
