{"id":785,"date":"2018-03-27T16:13:42","date_gmt":"2018-03-27T14:13:42","guid":{"rendered":"http:\/\/www.netz-barrierefrei.de\/wordpress\/?page_id=785"},"modified":"2023-07-12T09:16:15","modified_gmt":"2023-07-12T07:16:15","slug":"statistiken-barrierefreiheit","status":"publish","type":"page","link":"https:\/\/www.netz-barrierefrei.de\/wordpress\/gesellschaft\/statistiken-barrierefreiheit\/","title":{"rendered":"Statistiken\/Studien Barrierefreiheit"},"content":{"rendered":"<p>Kaum etwas ist unsexier als nackte Zahlen, aber dennoch sind sie ab und zu n\u00fctzlich. Deswegen habe ich mir einmal vorgenommen, alle mir bekannten Statistiken zum Thema barrierefreies Internet und Informationstechnik zusammenzustellen. Weggelassen werden <a href=\"https:\/\/www.netz-barrierefrei.de\/wordpress\/junk-studien-in-der-barrierefreiheit\/\">schlecht gemachte Barrierefreiheits-Studien wie die von Sapera Studios<\/a>.<\/p>\n<div id=\"ez-toc-container\" class=\"ez-toc-v2_0_82_2 counter-hierarchy ez-toc-counter ez-toc-white ez-toc-container-direction\">\n<div class=\"ez-toc-title-container\">\n<p class=\"ez-toc-title\" style=\"cursor:inherit\">Inhalt<\/p>\n<span class=\"ez-toc-title-toggle\"><a href=\"#\" class=\"ez-toc-pull-right ez-toc-btn ez-toc-btn-xs ez-toc-btn-default ez-toc-toggle\" aria-label=\"Toggle Table of Content\"><span class=\"ez-toc-js-icon-con\"><span class=\"\"><span class=\"eztoc-hide\" style=\"display:none;\">Toggle<\/span><span class=\"ez-toc-icon-toggle-span\"><svg style=\"fill: #999;color:#999\" xmlns=\"http:\/\/www.w3.org\/2000\/svg\" class=\"list-377408\" width=\"20px\" height=\"20px\" viewBox=\"0 0 24 24\" fill=\"none\"><path d=\"M6 6H4v2h2V6zm14 0H8v2h12V6zM4 11h2v2H4v-2zm16 0H8v2h12v-2zM4 16h2v2H4v-2zm16 0H8v2h12v-2z\" fill=\"currentColor\"><\/path><\/svg><svg style=\"fill: #999;color:#999\" class=\"arrow-unsorted-368013\" xmlns=\"http:\/\/www.w3.org\/2000\/svg\" width=\"10px\" height=\"10px\" viewBox=\"0 0 24 24\" version=\"1.2\" baseProfile=\"tiny\"><path d=\"M18.2 9.3l-6.2-6.3-6.2 6.3c-.2.2-.3.4-.3.7s.1.5.3.7c.2.2.4.3.7.3h11c.3 0 .5-.1.7-.3.2-.2.3-.5.3-.7s-.1-.5-.3-.7zM5.8 14.7l6.2 6.3 6.2-6.3c.2-.2.3-.5.3-.7s-.1-.5-.3-.7c-.2-.2-.4-.3-.7-.3h-11c-.3 0-.5.1-.7.3-.2.2-.3.5-.3.7s.1.5.3.7z\"\/><\/svg><\/span><\/span><\/span><\/a><\/span><\/div>\n<nav><ul class='ez-toc-list ez-toc-list-level-1 ' ><li class='ez-toc-page-1 ez-toc-heading-level-2'><a class=\"ez-toc-link ez-toc-heading-1\" href=\"https:\/\/www.netz-barrierefrei.de\/wordpress\/gesellschaft\/statistiken-barrierefreiheit\/#Web_20_barrierefrei\" >Web 2.0 barrierefrei<\/a><\/li><li class='ez-toc-page-1 ez-toc-heading-level-2'><a class=\"ez-toc-link ez-toc-heading-2\" href=\"https:\/\/www.netz-barrierefrei.de\/wordpress\/gesellschaft\/statistiken-barrierefreiheit\/#Screenreader_Survey\" >Screenreader Survey<\/a><\/li><li class='ez-toc-page-1 ez-toc-heading-level-2'><a class=\"ez-toc-link ez-toc-heading-3\" href=\"https:\/\/www.netz-barrierefrei.de\/wordpress\/gesellschaft\/statistiken-barrierefreiheit\/#Umfrage_der_EU\" >Umfrage der EU<\/a><\/li><li class='ez-toc-page-1 ez-toc-heading-level-2'><a class=\"ez-toc-link ez-toc-heading-4\" href=\"https:\/\/www.netz-barrierefrei.de\/wordpress\/gesellschaft\/statistiken-barrierefreiheit\/#Internet_mit_geistiger_Behinderung\" >Internet mit geistiger Behinderung<\/a><\/li><li class='ez-toc-page-1 ez-toc-heading-level-2'><a class=\"ez-toc-link ez-toc-heading-5\" href=\"https:\/\/www.netz-barrierefrei.de\/wordpress\/gesellschaft\/statistiken-barrierefreiheit\/#Sehbehinderte_Senioren_nutzen_das_Web_staerker_als_Normalsichtige\" >Sehbehinderte Senioren nutzen das Web st\u00e4rker als Normalsichtige<\/a><\/li><li class='ez-toc-page-1 ez-toc-heading-level-2'><a class=\"ez-toc-link ez-toc-heading-6\" href=\"https:\/\/www.netz-barrierefrei.de\/wordpress\/gesellschaft\/statistiken-barrierefreiheit\/#Barrierefreie_Websites_im_internationalen_Vergleich\" >Barrierefreie Websites im internationalen Vergleich<\/a><\/li><li class='ez-toc-page-1 ez-toc-heading-level-2'><a class=\"ez-toc-link ez-toc-heading-7\" href=\"https:\/\/www.netz-barrierefrei.de\/wordpress\/gesellschaft\/statistiken-barrierefreiheit\/#Die_Barrieren_der_Barrierefreiheit\" >Die Barrieren der Barrierefreiheit<\/a><\/li><li class='ez-toc-page-1 ez-toc-heading-level-2'><a class=\"ez-toc-link ez-toc-heading-8\" href=\"https:\/\/www.netz-barrierefrei.de\/wordpress\/gesellschaft\/statistiken-barrierefreiheit\/#Digitale_Spaltung\" >Digitale Spaltung<\/a><\/li><li class='ez-toc-page-1 ez-toc-heading-level-2'><a class=\"ez-toc-link ez-toc-heading-9\" href=\"https:\/\/www.netz-barrierefrei.de\/wordpress\/gesellschaft\/statistiken-barrierefreiheit\/#Barrierefreie_Buecher\" >Barrierefreie B\u00fccher<\/a><\/li><li class='ez-toc-page-1 ez-toc-heading-level-2'><a class=\"ez-toc-link ez-toc-heading-10\" href=\"https:\/\/www.netz-barrierefrei.de\/wordpress\/gesellschaft\/statistiken-barrierefreiheit\/#Kosten_Einfluss_von_Barrierefreiheit\" >Kosten Einflu\u00df von Barrierefreiheit<\/a><\/li><li class='ez-toc-page-1 ez-toc-heading-level-2'><a class=\"ez-toc-link ez-toc-heading-11\" href=\"https:\/\/www.netz-barrierefrei.de\/wordpress\/gesellschaft\/statistiken-barrierefreiheit\/#Barrierefreiheit_im_internationalen_Vergleich\" >Barrierefreiheit im internationalen Vergleich<\/a><\/li><li class='ez-toc-page-1 ez-toc-heading-level-2'><a class=\"ez-toc-link ez-toc-heading-12\" href=\"https:\/\/www.netz-barrierefrei.de\/wordpress\/gesellschaft\/statistiken-barrierefreiheit\/#Weitere_Studien\" >Weitere Studien<\/a><\/li><\/ul><\/nav><\/div>\n<h2><span class=\"ez-toc-section\" id=\"Web_20_barrierefrei\"><\/span>Web 2.0 barrierefrei<span class=\"ez-toc-section-end\"><\/span><\/h2>\n<p>Nach wie vor lesenswert ist die Web-2.0-Studie von Einfach f\u00fcr Alle. Sie enth\u00e4lt die Ergebnisse einer Befragung von Behinderten zu ihrer Nutzung des Social Web. Die Studie ist leider mittlerweile angestaubt, da sie aus dem pr\u00e4-mobilen &#8211; sprich Smartphone &#8211; Zeitalter kommt.<br \/>\n<a href=\"https:\/\/medien.aktion-mensch.de\/publikationen\/barrierefrei\/Studie_Web_2.0.pdf\">Zur Studie Web 2.0 barrierefrei<\/a> PDF<\/p>\n<h2><span class=\"ez-toc-section\" id=\"Screenreader_Survey\"><\/span>Screenreader Survey<span class=\"ez-toc-section-end\"><\/span><\/h2>\n<p>WebAIM veranstaltet regelm\u00e4\u00dfig Umfragen zur Nutzung des Webs durch Blinde und Sehbehinderte. Da geht es nicht nur um die Frage, welchen Screenreader die Leute nutzen, sondern auch darum, ob etwa Sprunganker oder \u00dcberschriften zur Navigation verwendet werden. Meine Lieblingsfrage ist nat\u00fcrlich, was die nervigste Barriere im Web ist, die Antwort lautet jedes Jahr aufs Neue: Flash, CAPTCHAs und schlecht programmiertes JavaScript.<br \/>\nDie Ergebnisse des aktuellen Surveys gibt es bei <a href=\"https:\/\/webaim.org\/projects\/screenreadersurvey\/\">WebAIM<\/a>. <\/p>\n<h2><span class=\"ez-toc-section\" id=\"Umfrage_der_EU\"><\/span>Umfrage der EU<span class=\"ez-toc-section-end\"><\/span><\/h2>\n<p>Die Europ\u00e4ische Union hat 2013 die Ergebnisse einer Umfrage mit ein paar interessanten Einstellungen zur Barrierefreiheit ver\u00f6ffentlicht. Wichtig ist zum Beispiel, dass rund zwei Drittel der Menschen mit und ohne Behinderung bereit w\u00e4ren, mehr f\u00fcr barrierefreie Produkte zu bezahlen. Das PDF zu lesen ist dank b\u00fcrokratischem Englisch und nicht-barrierefreien Diagrammen ein Krampf, wer sich da durchk\u00e4mpft findet aber durchaus Wissenswertes. Der Umwelt zuliebe sollte man die mehr als 100 Seiten nicht ausdrucken.<br \/>\nWeiter zu den Ergebnissen der Umfrage der EU<\/p>\n<h2><span class=\"ez-toc-section\" id=\"Internet_mit_geistiger_Behinderung\"><\/span>Internet mit geistiger Behinderung<span class=\"ez-toc-section-end\"><\/span><\/h2>\n<p>Bereits 2007 &#8211; wenn ich das PDF richtig lese &#8211; hat Tobias Bernasconi seine Untersuchung zur Nutzung des Internets durch Menschen mit geistiger Behinderung ver\u00f6ffentlicht. Die komplette Arbeit gibt es <a href=\"http:\/\/oops.uni-oldenburg.de\/802\/1\/berbar07.pdf\">auf dem Server der Uni Oldenburg<\/a>, die Befragung und deren Ergebnisse findet man gegen Ende der Arbeit. Interessant ist auch das Forschungsdesign, eine Befragung von Menschen mit geistiger Behinderung erfordert eine andere Vorgehensweise und eine noch gr\u00fcndlichere Vorbereitung, wenn man sprechende Ergebnisse haben m\u00f6chte. <\/p>\n<h2><span class=\"ez-toc-section\" id=\"Sehbehinderte_Senioren_nutzen_das_Web_staerker_als_Normalsichtige\"><\/span>Sehbehinderte Senioren nutzen das Web st\u00e4rker als Normalsichtige<span class=\"ez-toc-section-end\"><\/span><\/h2>\n<p>Eine Umfrage des Blinden- und Sehbehindertenvereins Westfalen e.V. im Projekt &#8222;Wir sehen weiter&#8220; ergab, dass sehbehinderte Senioren das Web st\u00e4rker nutzen als Senioren ohne eine Sehbehinderung. Leider scheinen die Ergebnisse nicht \u00f6ffentlich zug\u00e4nglich zu sein.<\/p>\n<h2><span class=\"ez-toc-section\" id=\"Barrierefreie_Websites_im_internationalen_Vergleich\"><\/span>Barrierefreie Websites im internationalen Vergleich<span class=\"ez-toc-section-end\"><\/span><\/h2>\n<p>Eine Studie der Weltgesundheitsorganisation sch\u00e4tzt den Zugang von Behinderten zu Hilfstechnik in L\u00e4ndern mit niedrigem Einkommen auf 5 &#8211; 10 Prozent. Die Quelle ist <a href=\"http:\/\/staff.washington.edu\/tft\/research\/international\/\">eine Studie der Washington University<\/a>, die international die Barrierefreiheit vergleicht. Die Studie stammt allerdings aus 2007, so dass sich viele Parameter ge\u00e4ndert haben d\u00fcrften. <\/p>\n<h2><span class=\"ez-toc-section\" id=\"Die_Barrieren_der_Barrierefreiheit\"><\/span>Die Barrieren der Barrierefreiheit<span class=\"ez-toc-section-end\"><\/span><\/h2>\n<p>BITV, WCAG, UAAG &#8211; Barrierefreiheit kann ganz sch\u00f6n viele Barrieen haben. Das dachte sich auch der Autor der Masterarbeit &#8222;Die Barrieren der Barrierefreiheit&#8220; (PDF). Die Arbeit kann kostenlos heruntergeladen werden und besch\u00e4ftigt sich damit, wie das Thema Zug\u00e4nglichkeit den Entwicklern schmackhaft gemacht werden kann. <\/p>\n<h2><span class=\"ez-toc-section\" id=\"Digitale_Spaltung\"><\/span>Digitale Spaltung<span class=\"ez-toc-section-end\"><\/span><\/h2>\n<p>Es d\u00fcrfte wenig \u00fcberraschend sein, dass Behinderte seltener einen Zugang zum Internet haben als Nicht-Behinderte. Genaue Zahlen scheint es aber nicht zu geben. Zahlen zur Situation in den USA gibt es bei <span class=\"removed_link\" title=\"http:\/\/lflegal.com\/2013\/08\/digital-divide\/\">Legal.com<\/span>. Demnach haben 76 Prozent der Nicht-Behinderten Zugang zum Internet, w\u00e4hrend es unter den Behinderten rund 48 Prozent sind. <\/p>\n<h2><span class=\"ez-toc-section\" id=\"Barrierefreie_Buecher\"><\/span>Barrierefreie B\u00fccher<span class=\"ez-toc-section-end\"><\/span><\/h2>\n<p>Shilpi Kapoor weist auf eine Studie hin, nach der nur f\u00fcnf Prozent aller erscheinenden B\u00fccher in einem blindengerechten Format erscheinen. <\/p>\n<h2><span class=\"ez-toc-section\" id=\"Kosten_Einfluss_von_Barrierefreiheit\"><\/span>Kosten Einflu\u00df von Barrierefreiheit<span class=\"ez-toc-section-end\"><\/span><\/h2>\n<p>Eine Studie der EU und verschiedener Partner untersucht die Kosten und den Einflu\u00df digitaler Barrierefreiheit. Sie stammt aus dem Jahr 2012 und kann <span class=\"removed_link\" title=\"http:\/\/www.eaccessibility-impacts.eu\/0072_BCT_Micro_Manual.docx\">als DOCX heruntergeladen werden<\/span>.<\/p>\n<h2><span class=\"ez-toc-section\" id=\"Barrierefreiheit_im_internationalen_Vergleich\"><\/span>Barrierefreiheit im internationalen Vergleich<span class=\"ez-toc-section-end\"><\/span><\/h2>\n<p>Der Zero Project Report (PDF) untersucht regelm\u00e4\u00dfig anhand bestimmter Indikatoren, wie sich die Barrierefreiheit in unterschiedlichen L\u00e4ndern entwickelt hat.<br \/>\n\u00c4hnliches macht der <span class=\"removed_link\" title=\"http:\/\/g3ict.org\/design\/js\/tinymce\/filemanager\/userfiles\/File\/CRPD2013\/CRPD%202013%20ICT%20Accessibility%20Report.pdf\">ICT  Accessibility Progress Report (PDF)<\/span> mit dem Schwerpunkt auf der Informations- und Kommunikationstechnologie. Der Report wurde 2013 von der Organisation G3ICT erstellt. <\/p>\n<h2><span class=\"ez-toc-section\" id=\"Weitere_Studien\"><\/span>Weitere Studien<span class=\"ez-toc-section-end\"><\/span><\/h2>\n<ul>\n<li><a href=\"https:\/\/www.itu.int\/en\/ITU-D\/Digital-Inclusion\/Pages\/Digital_Inclusion_Resources\/ICT_Opportunity_Disability_Inclusive_Dev.aspx\">The ictOppOrtunity for a Disability- inclusive Development framework<\/a><\/li>\n<li><a href=\"https:\/\/webaim.org\/blog\/loss-aversion-and-web-accessibility\/\">Loss Aversion and Web Accessibility<\/a><\/li>\n<li><a href=\"https:\/\/businessdisabilityforum.org.uk\/\">Studie des britischen Business Disability Forums zu den Verlusten f\u00fcr Unternehmen durch mangelnde Barrierefreiheit<\/a><\/li>\n<li><a href=\"https:\/\/www.aktion-mensch.de\/inklusion\/studien\/studie-digitale-teilhabe\">Trendstudie digitale Teilhabe der Aktion Mensch<\/a><\/li>\n<li><a href=\"https:\/\/accessibility.blog.gov.uk\/2016\/11\/01\/results-of-the-2016-gov-uk-assistive-technology-survey\/\">Survey zur Nutzung von Hilfsmitteln in Gro\u00dfbritannien<\/a><\/li>\n<li><a href=\"https:\/\/www.who.int\/health-topics\/assistive-technology\">Infos der WHO zu Hilfsmitteln<\/a> &#8211; Thema ist unter anderem eine Liste der 50 wichtigsten Hilfsmittel<\/li>\n<li>Das PEW Research Center zeigt, dass behinderte Amerikaner weniger Technik nutzen und seltener ins Internet gehen als nicht-Behinderte Amerikaner. Da die demographische Struktur der behinderten Menschen und der Stand der Technik in Deutschland vergleichbar ist, d\u00fcrften die Ergebnisse zumindest begrenzt auf Deutschland \u00fcbertragbar sein. <a href=\"https:\/\/www.pewresearch.org\/short-reads\/2021\/09\/10\/americans-with-disabilities-less-likely-than-those-without-to-own-some-digital-devices\/\">Weitere Infos bei PEW<\/a><\/li>\n<li><a href=\"https:\/\/webaim.org\/projects\/practitionersurvey\/\">Survey of Web Accessibility Practitioners Results<\/a><\/li>\n<li><a href=\"https:\/\/www.itas.kit.edu\/projekte_nier16_asstech.php\">Assistive Technologien f\u00fcr die Inklusion von Menschen mit Behinderungen in Gesellschaft, Bildung und Arbeitsmarkt<\/a><\/li>\n<li><a href=http:\/\/www.europarl.europa.eu\/thinktank\/en\/document.html?reference=EPRS_IDA%282018%29603218\"\">Assistive technologies for people with disabilities &#8222;<\/a> eine Publikation des Think Tanks des EU-Parlaments<\/li>\n<li><a href=\"https:\/\/webaim.org\/projects\/lowvisionsurvey2\/\">Survey of Users with low vision<\/a> von WebAIM<\/li>\n<li>Die Technologie-Stiftung hat einen Data Dive in Sachen offene Daten zur Barrierefreiheit in Berlin durchgef\u00fchrt. Dabei wurde erhoben, welche Daten in offener &#8211; also maschinenlesbarer &#8211; Form zur Barrierefreiheit vorliegen.<\/li>\n<li><a href=\"https:\/\/www.die-medienanstalten.de\/fileadmin\/user_upload\/die_medienanstalten\/Forschung\/Mediennutzung_Behinderungen\/Studie-Mediennutzung_Menschen_mit_Behinderungen_Langfassung.pdf\">Mediennutzung durch Menschen mit Behinderung &#8211; PDF<\/a><\/li>\n<\/ul>\n","protected":false},"excerpt":{"rendered":"<p>Kaum etwas ist unsexier als nackte Zahlen, aber dennoch sind sie ab und zu n\u00fctzlich. Deswegen habe ich mir einmal vorgenommen, alle mir bekannten Statistiken&#8230;<\/p>\n<div class=\"more-link-wrapper\"><a class=\"more-link\" href=\"https:\/\/www.netz-barrierefrei.de\/wordpress\/gesellschaft\/statistiken-barrierefreiheit\/\">Weiterlesen<span class=\"screen-reader-text\">Statistiken\/Studien Barrierefreiheit<\/span><\/a><\/div>\n","protected":false},"author":1,"featured_media":0,"parent":778,"menu_order":0,"comment_status":"closed","ping_status":"closed","template":"","meta":{"footnotes":""},"class_list":["post-785","page","type-page","status-publish","hentry","entry"],"_links":{"self":[{"href":"https:\/\/www.netz-barrierefrei.de\/wordpress\/wp-json\/wp\/v2\/pages\/785","targetHints":{"allow":["GET"]}}],"collection":[{"href":"https:\/\/www.netz-barrierefrei.de\/wordpress\/wp-json\/wp\/v2\/pages"}],"about":[{"href":"https:\/\/www.netz-barrierefrei.de\/wordpress\/wp-json\/wp\/v2\/types\/page"}],"author":[{"embeddable":true,"href":"https:\/\/www.netz-barrierefrei.de\/wordpress\/wp-json\/wp\/v2\/users\/1"}],"replies":[{"embeddable":true,"href":"https:\/\/www.netz-barrierefrei.de\/wordpress\/wp-json\/wp\/v2\/comments?post=785"}],"version-history":[{"count":56,"href":"https:\/\/www.netz-barrierefrei.de\/wordpress\/wp-json\/wp\/v2\/pages\/785\/revisions"}],"predecessor-version":[{"id":10570,"href":"https:\/\/www.netz-barrierefrei.de\/wordpress\/wp-json\/wp\/v2\/pages\/785\/revisions\/10570"}],"up":[{"embeddable":true,"href":"https:\/\/www.netz-barrierefrei.de\/wordpress\/wp-json\/wp\/v2\/pages\/778"}],"wp:attachment":[{"href":"https:\/\/www.netz-barrierefrei.de\/wordpress\/wp-json\/wp\/v2\/media?parent=785"}],"curies":[{"name":"wp","href":"https:\/\/api.w.org\/{rel}","templated":true}]}}