{"id":789,"date":"2018-03-27T16:16:47","date_gmt":"2018-03-27T14:16:47","guid":{"rendered":"http:\/\/www.netz-barrierefrei.de\/wordpress\/?page_id=789"},"modified":"2023-08-29T17:47:49","modified_gmt":"2023-08-29T15:47:49","slug":"katastrophenschutz-fuer-behinderte","status":"publish","type":"page","link":"https:\/\/www.netz-barrierefrei.de\/wordpress\/gesellschaft\/katastrophenschutz-fuer-behinderte\/","title":{"rendered":"Barrierefreier Katastrophenschutz f\u00fcr Behinderte"},"content":{"rendered":"<p>Behinderte sind von schweren Unwettern und \u00e4hnlichen Katastrophen besonders stark betroffen <\/p>\n<ul>\n<li>Es kann ihnen im konkreten Fall besonders schwer fallen, sich in Sicherheit zu bringen.<\/li>\n<li>Es ist bei ihnen wahrscheilnicher, dass sie durch Vorwarnungen nicht erreicht werden, zum Beispiel weil sie keinen ausreichenden Informationszugang haben oder ihr soziales Umfeld nicht funktioniert. Wer in ein soziales Netz eingewoben ist, bekommt die Info \u00fcber ein bestehendes Unwetter wahrscheinlich direkt oder indirekt.  durch Dritte.<\/li>\n<li>Das dritte Problem kann darin bestehen, dass sie im Falle eines Falles nicht in der Lage sind, sich selbst oder Anderen zu helfen. Viele Nicht-Behinderte haben zum Beispiel wegen des F\u00fchrerscheins einen Erste-Hilfe-Kurs gemacht und k\u00f6nnen daher auch schnelle Hilfe leisten. Behinderte, die im Katastrophenschutz aktiv sind scheinen bisher recht selten zu sein. <\/li>\n<\/ul>\n<div id=\"ez-toc-container\" class=\"ez-toc-v2_0_82_2 counter-hierarchy ez-toc-counter ez-toc-white ez-toc-container-direction\">\n<div class=\"ez-toc-title-container\">\n<p class=\"ez-toc-title\" style=\"cursor:inherit\">Inhalt<\/p>\n<span class=\"ez-toc-title-toggle\"><a href=\"#\" class=\"ez-toc-pull-right ez-toc-btn ez-toc-btn-xs ez-toc-btn-default ez-toc-toggle\" aria-label=\"Toggle Table of Content\"><span class=\"ez-toc-js-icon-con\"><span class=\"\"><span class=\"eztoc-hide\" style=\"display:none;\">Toggle<\/span><span class=\"ez-toc-icon-toggle-span\"><svg style=\"fill: #999;color:#999\" xmlns=\"http:\/\/www.w3.org\/2000\/svg\" class=\"list-377408\" width=\"20px\" height=\"20px\" viewBox=\"0 0 24 24\" fill=\"none\"><path d=\"M6 6H4v2h2V6zm14 0H8v2h12V6zM4 11h2v2H4v-2zm16 0H8v2h12v-2zM4 16h2v2H4v-2zm16 0H8v2h12v-2z\" fill=\"currentColor\"><\/path><\/svg><svg style=\"fill: #999;color:#999\" class=\"arrow-unsorted-368013\" xmlns=\"http:\/\/www.w3.org\/2000\/svg\" width=\"10px\" height=\"10px\" viewBox=\"0 0 24 24\" version=\"1.2\" baseProfile=\"tiny\"><path d=\"M18.2 9.3l-6.2-6.3-6.2 6.3c-.2.2-.3.4-.3.7s.1.5.3.7c.2.2.4.3.7.3h11c.3 0 .5-.1.7-.3.2-.2.3-.5.3-.7s-.1-.5-.3-.7zM5.8 14.7l6.2 6.3 6.2-6.3c.2-.2.3-.5.3-.7s-.1-.5-.3-.7c-.2-.2-.4-.3-.7-.3h-11c-.3 0-.5.1-.7.3-.2.2-.3.5-.3.7s.1.5.3.7z\"\/><\/svg><\/span><\/span><\/span><\/a><\/span><\/div>\n<nav><ul class='ez-toc-list ez-toc-list-level-1 ' ><li class='ez-toc-page-1 ez-toc-heading-level-2'><a class=\"ez-toc-link ez-toc-heading-1\" href=\"https:\/\/www.netz-barrierefrei.de\/wordpress\/gesellschaft\/katastrophenschutz-fuer-behinderte\/#Besondere_Gefaehrdung\" >Besondere Gef\u00e4hrdung<\/a><\/li><li class='ez-toc-page-1 ez-toc-heading-level-2'><a class=\"ez-toc-link ez-toc-heading-2\" href=\"https:\/\/www.netz-barrierefrei.de\/wordpress\/gesellschaft\/katastrophenschutz-fuer-behinderte\/#Was_tun\" >Was tun<\/a><\/li><li class='ez-toc-page-1 ez-toc-heading-level-2'><a class=\"ez-toc-link ez-toc-heading-3\" href=\"https:\/\/www.netz-barrierefrei.de\/wordpress\/gesellschaft\/katastrophenschutz-fuer-behinderte\/#Ohne_aktive_Teilnahme_geht_es_nicht\" >Ohne aktive Teilnahme geht es nicht<\/a><\/li><\/ul><\/nav><\/div>\n<h2><span class=\"ez-toc-section\" id=\"Besondere_Gefaehrdung\"><\/span>Besondere Gef\u00e4hrdung<span class=\"ez-toc-section-end\"><\/span><\/h2>\n<p>Nehmen wir an, der Strom f\u00e4llt aus und durch Blitzeinschlag wird ein Feuer ausgel\u00f6st, ein Rollstuhlfahrer ist nicht in der Lage, sich selbst in Sicherheit zu bringen, wenn er dazu eine Treppe \u00fcberwinden muss.<br \/>\nF\u00fcr einen Blinden ist es schwierig, sich in Sicherheit zu bringen, er sieht nat\u00fcrlich nicht, dass irgendwo ein ast abrei\u00dft oder ein Baum umzukippen droht. Umgebungsger\u00e4usche werden durch Starkregen oder Wind ged\u00e4mpft, er kann also v\u00f6llig die Orintierung verlieren.<br \/>\nGeh\u00f6rlosen und Schwerh\u00f6rigen entgehen akkustische warnsignale wie Sirenen, aber auch das Knarren eines einsturzgef\u00e4hrdeten Geb\u00e4udes.<br \/>\nRollstuhfahrer k\u00f6nnen herabfallenden oder umst\u00fcrzenden Gegenst\u00e4nden schlechter ausweichen. Im schlimmsten Fall kann der Rollstuhl derart besch\u00e4digt werden, dass er nicht mehr verwendet werden kann.  <\/p>\n<h2><span class=\"ez-toc-section\" id=\"Was_tun\"><\/span>Was tun<span class=\"ez-toc-section-end\"><\/span><\/h2>\n<p>Im Folgenden m\u00f6chte ich eine Reihe von Ma\u00dfnahmen vorschlagen, um den Katastrophenschutz f\u00fcr Behinderte zu verbessern.<br \/>\nKernelement ist die Pr\u00e4vention, dass hei\u00dft, dass die Menschen m\u00f6glichst fr\u00fchzeitig informiert werden. Nun ist es relativ einfach vor Regen oder Sturm zu warnen, aber schwierig, die St\u00e4rke eines Unwetters vorauszusagen. Das Pfingst-Unwetter bestand aus einer gro\u00dfen Wolke, die \u00fcber NRW hinweggezogen ist. Dieses Mal hat es vor allem das Ruhrgebiet getroffen, aber es h\u00e4tte ebenso das Rheinland oder den Niederrhein treffen k\u00f6nnen. In Bonn hat es ein wenig gest\u00fcrmt und gehagelt, aber das war durchaus im Rahmen eines durchschnittlichen Sommer-Gewitters.<br \/>\nDennoch sind Warnungen nat\u00fcrlich wichtig und sie lassen sich mit dem Stand der heutigen Technik durchaus auch st\u00fcndlich aktuell halten. So sollte man ein bis zwei Stunden vorher in der Lage sein, die Wahrscheilnichkeit eines Unwetters am Ort XY vorauszusagen und die Einwohner entsprechend warnen k\u00f6nnen. Die Stadt Bonn h\u00e4tte durchaus auf ihren Kan\u00e4len vor dem Pfingstunwetter warnen k\u00f6nnen, hat das aber zumindest auf Twitter und in ihrem Newsletter nicht getan. Da stellt sich die Frage, warum man \u00fcberhaupt auf Twitter ist, wenn man nicht einmal eine Unwetter-Warnung ad hoc verschicken kann.<br \/>\nDie Warnkan\u00e4le m\u00fcssen barrierefrei werden. So sind Sirenen oder LautsprecherDurchsagen f\u00fcr Geh\u00f6rlose gar nicht wahrnehmbar und k\u00f6nnen f\u00fcr Schwerh\u00f6rige unverst\u00e4ndlich sein.<br \/>\nEs sind nat\u00fcrlich noch eine ganze Reihe weiterer Ma\u00dfnahmen n\u00f6tig. Feuerwehr und Katastrophenschutz m\u00fcssen lernen, auch Behinderte zu retten. und mit ihnen zu kommunizieren. Rauchmelder sollten per Default auf mehreren Kan\u00e4len warnen statt nur zu piepen und die Anleitungen auf den Feuerl\u00f6schern sollten weniger romanhaft sein, wie w\u00e4re es mit Leichter Sprache oder Braille auf Feuerl\u00f6schern?<br \/>\nAu\u00dferdem sollten auch Behinderte selbst im Katastrophenschutz trainiert werden. Die wenigsten Blinden haben einen Erste-Hilfe-Kurs gemacht und sind dadurch weniger in der Lage, anderen Menschen zu helfen. Geh\u00f6rlose oder Lernbehinderte k\u00f6nnten mehr oder weniger problemlos im THW, beim Roten Kreuz  oder DLRG mitarbeiten und dadurch nicht zuletzt auch sich selbst helfen. Wenn diese Organisationen ein wenig inklusiver werden w\u00fcrden, h\u00e4tten sie auch weniger Nachwuchs-Probleme.<br \/>\nAls weitere Komponente muss auch die soziale Einbindung von Menschen verbessert werden, die besonders gef\u00e4hrdet sind. So sollten die Nachbarn auch willens sein, die behinderte Person in schwierigen F\u00e4llen zu informieren, oder die Feuerwehr darauf hinweisen, dass es eine Person gibt, die besonders gef\u00e4hrdet ist. Das gilt nicht nur f\u00fcr Behinderte, sondern auch f\u00fcr \u00e4ltere Menschen, die warum auch immer offensichtlich nicht in der Lage sind, sich selbst zu informieren oder zu helfen. <\/p>\n<h2><span class=\"ez-toc-section\" id=\"Ohne_aktive_Teilnahme_geht_es_nicht\"><\/span>Ohne aktive Teilnahme geht es nicht<span class=\"ez-toc-section-end\"><\/span><\/h2>\n<p>Anscheinend m\u00fcssen heute alle Schwerbehinderten von nicht-behinderten Kollegen evakuiert werden, wenn es zum Beispiel zu Br\u00e4nden kommt. Das ist nicht gerade inklusiv, aber ehrlich gesagt auch wenig sinnvoll. Niemand kann sich bei starker Rauchentwicklung besser aus einem Geb\u00e4ude retten als ein Blinder, er wird nicht durch die eingeschr\u00e4nkte Sicht gehindert. Allerdings scheinen sich auch viele Behinderte eher als zu Rettende denn als Retter anzusehen.<br \/>\nDie meisten Ma\u00dfnahmen bringen wenig ohne die aktive Teilhabe der Behinderten. Wer in einem \u00fcberschwemmungsgef\u00e4hrdeten Gebiet wohnt, muss sich diesbez\u00fcglich auf dem Laufenden halten, wenn es zum Beispiel einige Tage kr\u00e4ftig regnet. Einigen hei\u00dfen Sommertagen folgt das Gewitter wie das Ahmen in der Kirche.<br \/>\nEs gibt zahllose Behinderungen, aber die wenigsten dieser Menschen sind dank aktueller Informationstechnik komplett von aktuellen Informationen abgeschnitten. Andere Ma\u00dfnahmen Dritter k\u00f6nnen erst dort greifen, wo diese Technik an ihre Grenzen st\u00f6\u00dft, wenn zum Beispiel Strom und Mobilfunk gleichzeitig ausfallen und auch die sozialen Kan\u00e4le nicht mehr funktionieren. Solche Situationen sind nat\u00fcrlich hierzulande extrem selten, aber auch darauf sollte man gefasst sein.<br \/>\nLast not least ist es notwendig, dass sich die Personen darin \u00fcben, sich selbst in Sicherheit zu bringen, soweit das mit ihrer Behinderung m\u00f6glich ist. Die wenigsten Menschen &#8211; ob behindert oder nicht &#8211; wissen, wie man sich bei einem Gewitter am besten verh\u00e4lt, wenn man drau\u00dfen unterwegs ist.<br \/>\nEs ist ebenso sinnvoll, sich mit Fremdhilfe zu besch\u00e4ftigen. Auch ein Mensch mit Glasknochenkrankheit kann sich mit erster Hilfe besch\u00e4ftigen, um eine dritte Person anleiten zu k\u00f6nnen. Ein Blinder sollte wissen, wie er sich bei starker Rauchentwicklung verhalten soll und Geh\u00f6rlose k\u00f6nnen hervorragende Rettungskr\u00e4fte sein, weil sie sich von L\u00e4rm nicht ablenken lassen und problemlos mit anderen Menschen auch auf gr\u00f6\u00dfere Entfernungen kommunizieren k\u00f6nnen, sofern die die Geb\u00e4rdensprache ausreichend beherrschen. Ich sehe die Schlagzeile schon vor mir: Geh\u00f6rloser rettet Kollegen aus flammendem Inferno. Jeder ist dazu verpflichtet, das zu tun, was im Rahmen seiner M\u00f6glichkeiten ist.<br \/>\n<a href=\"https:\/\/netz-barrierefrei.de\/en\/catastrophe.html\">Accessibility for civil protection for the disabled<\/a><\/p>\n","protected":false},"excerpt":{"rendered":"<p>Behinderte sind von schweren Unwettern und \u00e4hnlichen Katastrophen besonders stark betroffen Es kann ihnen im konkreten Fall besonders schwer fallen, sich in Sicherheit zu bringen.&#8230;<\/p>\n<div class=\"more-link-wrapper\"><a class=\"more-link\" href=\"https:\/\/www.netz-barrierefrei.de\/wordpress\/gesellschaft\/katastrophenschutz-fuer-behinderte\/\">Weiterlesen<span class=\"screen-reader-text\">Barrierefreier Katastrophenschutz f\u00fcr Behinderte<\/span><\/a><\/div>\n","protected":false},"author":1,"featured_media":0,"parent":778,"menu_order":0,"comment_status":"closed","ping_status":"closed","template":"","meta":{"footnotes":""},"class_list":["post-789","page","type-page","status-publish","hentry","entry"],"_links":{"self":[{"href":"https:\/\/www.netz-barrierefrei.de\/wordpress\/wp-json\/wp\/v2\/pages\/789","targetHints":{"allow":["GET"]}}],"collection":[{"href":"https:\/\/www.netz-barrierefrei.de\/wordpress\/wp-json\/wp\/v2\/pages"}],"about":[{"href":"https:\/\/www.netz-barrierefrei.de\/wordpress\/wp-json\/wp\/v2\/types\/page"}],"author":[{"embeddable":true,"href":"https:\/\/www.netz-barrierefrei.de\/wordpress\/wp-json\/wp\/v2\/users\/1"}],"replies":[{"embeddable":true,"href":"https:\/\/www.netz-barrierefrei.de\/wordpress\/wp-json\/wp\/v2\/comments?post=789"}],"version-history":[{"count":6,"href":"https:\/\/www.netz-barrierefrei.de\/wordpress\/wp-json\/wp\/v2\/pages\/789\/revisions"}],"predecessor-version":[{"id":5708,"href":"https:\/\/www.netz-barrierefrei.de\/wordpress\/wp-json\/wp\/v2\/pages\/789\/revisions\/5708"}],"up":[{"embeddable":true,"href":"https:\/\/www.netz-barrierefrei.de\/wordpress\/wp-json\/wp\/v2\/pages\/778"}],"wp:attachment":[{"href":"https:\/\/www.netz-barrierefrei.de\/wordpress\/wp-json\/wp\/v2\/media?parent=789"}],"curies":[{"name":"wp","href":"https:\/\/api.w.org\/{rel}","templated":true}]}}