{"id":794,"date":"2018-03-27T16:25:11","date_gmt":"2018-03-27T14:25:11","guid":{"rendered":"http:\/\/www.netz-barrierefrei.de\/wordpress\/?page_id=794"},"modified":"2023-08-03T18:47:44","modified_gmt":"2023-08-03T16:47:44","slug":"bessere-hilfsmittel-gefragt","status":"publish","type":"page","link":"https:\/\/www.netz-barrierefrei.de\/wordpress\/hilfstechnik-und-mensch-maschine-interaktion\/bessere-hilfsmittel-gefragt\/","title":{"rendered":"Bessere Hilfsmittel gefragt"},"content":{"rendered":"<p>Es m\u00fcssen paradiesische Zust\u00e4nde gewesen sein: noch vor nicht allzu langer Zeit konnte man ein Hilfsmittel bei der Krankenkasse beantragen und die haben es, nach einer aus ihrer Sicht angemessenen Wartezeit, die einen Hauch von Planwirtschaft hatte \u2013 bezahlt. Heute sind Ablehnungsschreiben scheinbar fest in den Druckern der KKs verankert, die Wartezeit erinnert aber immer noch an die Sowjetunion.<br \/>\nGleichzeitig hat sich der Pool an Hilfsmitteln unglaublich erweitert. Zum Gro\u00dfteil verdanken wir das nicht der flei\u00dfigen Hilfsmittelindustrie, sondern der Mainstream-Computer- und Technologie-Wirtschaft, die flei\u00dfig verkleinert, effizienter macht und bessere Software entwickelt. <\/p>\n<div id=\"ez-toc-container\" class=\"ez-toc-v2_0_82_2 counter-hierarchy ez-toc-counter ez-toc-white ez-toc-container-direction\">\n<div class=\"ez-toc-title-container\">\n<p class=\"ez-toc-title\" style=\"cursor:inherit\">Inhalt<\/p>\n<span class=\"ez-toc-title-toggle\"><a href=\"#\" class=\"ez-toc-pull-right ez-toc-btn ez-toc-btn-xs ez-toc-btn-default ez-toc-toggle\" aria-label=\"Toggle Table of Content\"><span class=\"ez-toc-js-icon-con\"><span class=\"\"><span class=\"eztoc-hide\" style=\"display:none;\">Toggle<\/span><span class=\"ez-toc-icon-toggle-span\"><svg style=\"fill: #999;color:#999\" xmlns=\"http:\/\/www.w3.org\/2000\/svg\" class=\"list-377408\" width=\"20px\" height=\"20px\" viewBox=\"0 0 24 24\" fill=\"none\"><path d=\"M6 6H4v2h2V6zm14 0H8v2h12V6zM4 11h2v2H4v-2zm16 0H8v2h12v-2zM4 16h2v2H4v-2zm16 0H8v2h12v-2z\" fill=\"currentColor\"><\/path><\/svg><svg style=\"fill: #999;color:#999\" class=\"arrow-unsorted-368013\" xmlns=\"http:\/\/www.w3.org\/2000\/svg\" width=\"10px\" height=\"10px\" viewBox=\"0 0 24 24\" version=\"1.2\" baseProfile=\"tiny\"><path d=\"M18.2 9.3l-6.2-6.3-6.2 6.3c-.2.2-.3.4-.3.7s.1.5.3.7c.2.2.4.3.7.3h11c.3 0 .5-.1.7-.3.2-.2.3-.5.3-.7s-.1-.5-.3-.7zM5.8 14.7l6.2 6.3 6.2-6.3c.2-.2.3-.5.3-.7s-.1-.5-.3-.7c-.2-.2-.4-.3-.7-.3h-11c-.3 0-.5.1-.7.3-.2.2-.3.5-.3.7s.1.5.3.7z\"\/><\/svg><\/span><\/span><\/span><\/a><\/span><\/div>\n<nav><ul class='ez-toc-list ez-toc-list-level-1 ' ><li class='ez-toc-page-1 ez-toc-heading-level-2'><a class=\"ez-toc-link ez-toc-heading-1\" href=\"https:\/\/www.netz-barrierefrei.de\/wordpress\/hilfstechnik-und-mensch-maschine-interaktion\/bessere-hilfsmittel-gefragt\/#Die_Kostenfalle\" >Die Kostenfalle<\/a><\/li><li class='ez-toc-page-1 ez-toc-heading-level-2'><a class=\"ez-toc-link ez-toc-heading-2\" href=\"https:\/\/www.netz-barrierefrei.de\/wordpress\/hilfstechnik-und-mensch-maschine-interaktion\/bessere-hilfsmittel-gefragt\/#Die_Hilfsmittelindustrie_steht_auf_dem_Schlauch\" >Die Hilfsmittelindustrie steht auf dem Schlauch<\/a><\/li><li class='ez-toc-page-1 ez-toc-heading-level-2'><a class=\"ez-toc-link ez-toc-heading-3\" href=\"https:\/\/www.netz-barrierefrei.de\/wordpress\/hilfstechnik-und-mensch-maschine-interaktion\/bessere-hilfsmittel-gefragt\/#Ein_neues_Paradigma\" >Ein neues Paradigma<\/a><\/li><\/ul><\/nav><\/div>\n<h2><span class=\"ez-toc-section\" id=\"Die_Kostenfalle\"><\/span>Die Kostenfalle<span class=\"ez-toc-section-end\"><\/span><\/h2>\n<p>Die Hilfsmittelindustrie greift solche Entwicklungen \u2013 ebenfalls mit angemessener Zeitverz\u00f6gerung \u2013 auf, um daraus eigene Produkte zu basteln. Die ersten Navis f\u00fcr Blinde kamen einige Jahre, nachdem GPS schon in den Alltag vieler Autofahrer eingezogen war. Nach Google Glass und anderen Wearables tauchen jetzt die ersten Ger\u00e4te f\u00fcr Blinde auf, z.B. die OrCam, die aktuell durch die Medienlandschaft geistert. Die vergessen aber leider, den stolzen Preis von 3.500 Dollar zu erw\u00e4hnen.  Das ist aber ein Schn\u00e4ppchen im Vergleich zu Hyperbraille, einem gro\u00dffl\u00e4chigen Braille-Display, das zwischen 40.000 und 50.000 Euro kosten soll &#8211; sofern es jemals den Markt erreicht.<br \/>\nIch h\u00f6re schon meine Krankenkasse die H\u00e4nde \u00fcber den Kopf zusammenschlagen. Dabei ist der Preis nicht der entscheidende Punkt, sie bezahlt auch wesentlich teurere Sachen. Entscheidend ist, dass die Krankenkasse und andere Tr\u00e4ger nur das bezahlen wollen, was unbedingt notwendig ist. Was aber notwendig ist, dass wissen Krankenkassen, Sozial\u00e4mter, Arbeitsagenturen, Rentenversicherung, Unfallversicherung und so weiter besser als wir. Zumindest lehnen sie aus Prinzip alles ab, was \u00fcber den Absoluten Grundbedarf hinausgeht. <\/p>\n<h2><span class=\"ez-toc-section\" id=\"Die_Hilfsmittelindustrie_steht_auf_dem_Schlauch\"><\/span>Die Hilfsmittelindustrie steht auf dem Schlauch<span class=\"ez-toc-section-end\"><\/span><\/h2>\n<p>Umso seltsamer sind die Anwandlungen der Hilfsmittelindustrie. Die meisten dieser Unternehmen sind in den anfangs beschriebenen alten Zeiten entstanden oder gewachsen und haben eine Goldgrube f\u00fcr sich entdeckt. Dass die Zeiten auch f\u00fcr Behinderte immer schwieriger geworden sind, sollten sie auch mitbekommen haben. So ist in vielen Bundesl\u00e4ndern das Blindengeld gek\u00fcrzt worden, so dass viele Blinde ansparen m\u00fcssen, um sich Hilfsmittel selbst zu kaufen, die \u00fcber den Grundbedarf hinaus gehen. Da viele Blinde arbeitslos sind, stehen ihnen kaum mehr Mittel zur Verf\u00fcgung als die Grundsicherung.<br \/>\nDennoch wirft die Hilfsmittelindustrie  immer neue teure Hilfsmittel auf den Markt. So kostet eine kleine, mobile zw\u00f6lftstellige Braillezeile bereits weit \u00fcber 1000 Euro. Die besagte OrCam ist mit 3.500 Dollar ein echtes Luxusgut, daf\u00fcr kann man f\u00fcnf iPads der letzten Generation kaufen.<br \/>\nDabei wird vor allem mit zwei Aspekten argumentiert: Zum einen sind die Herstellungskosten zu hoch, weil die St\u00fcckzahlen so gering sind. Der hohe Preis f\u00fcr Braillezeilen wird auf die teuren Module zur\u00fcckgef\u00fchrt, die f\u00fcr die Braille-Darstellung erforderlich sind. Der zweite Aspekt sind die hohen Entwicklungskosten, die ebenfalls mit der geringen St\u00fcckzahl korrelieren. So kostet es nat\u00fcrlich mehr, ein neues Smartphone zu entwickeln als etwa einen Screenreader, da von einem Smartphone aber mehr Ger\u00e4te verkauft werden, sinken die Entwicklungskosten pro Ger\u00e4t.<br \/>\nAn beiden Argumenten ist etwas dran. Allerdings zeigen Open-Source-Projekte wie Orca oder NVDA, dass die hohen Kosten f\u00fcr die kommerziellen Screenreader  sich kaum mehr rechtfertigen lassen.<br \/>\nAuch das Argument mit den St\u00fcckzahlen ist nicht mehr ganz schl\u00fcssig. W\u00fcrde man die Kosten senken, so dass sich die Leute die Ger\u00e4te selber kaufen k\u00f6nnten, so k\u00f6nnte man auch mehr Ger\u00e4te verkaufen, ergo w\u00fcrden die Herstellungskosten sinken und so fort. Mein Eindruck ist, dass die Hilfsmittelindustrie eher die Kostentr\u00e4ger als Kunden ansieht als die Behinderten. <\/p>\n<h2><span class=\"ez-toc-section\" id=\"Ein_neues_Paradigma\"><\/span>Ein neues Paradigma<span class=\"ez-toc-section-end\"><\/span><\/h2>\n<p>Es ist extrem unwahrscheinlich, dass wir in das Paradies zur\u00fcckkehren k\u00f6nnen. Das Gegenteil ist zu f\u00fcrchten, die Krankenkassen drehen uns den Hahn ab, die L\u00e4nder fahren das Blindengeld herunter und die Sozial\u00e4mter waren noch nie freiz\u00fcgig, wenn es um Leistungen zur Teilhabe geht. Deswegen m\u00fcssen wir neue L\u00f6sungen finden, damit jeder das bekommt, was er ben\u00f6tigt.<br \/>\nEin L\u00f6sungsweg ist nat\u00fcrlich, der Hilfsmittelindustrie ihr Monopol zu entrei\u00dfen. Wir haben das ein St\u00fcck weit mit NVDA und Orca schon geschafft. Das iPhone ersetzt heute schon einen ganzen Fuhrpark an Hilfsmitteln vom Preisleser \u00fcber das Farberkennungsger\u00e4t bis zum Monokular. <span class=\"removed_link\" title=\"http:\/\/www.oliveira-online.net\/wordpress\/index.php\/2011\/08\/07\/do-it-yourself-3d-drucker-ein-neuer-ansatz-fur-blinde\/\">Mit 3D-Druck<\/span> und modernen Produktionsmethoden d\u00fcrfte es bald m\u00f6glich werden, kosteng\u00fcnstig auch kleinere St\u00fcckzahlen etwa von Braillezeilen oder \u00e4hnlichen Produkten herzustellen. Bald ist nat\u00fcrlich relativ, vielleicht dauert es noch f\u00fcnf Jahre, vielleicht zehn, eventuell aber auch weniger. Kl\u00fcgere Leute als ich machen sich Gedanken dar\u00fcber, wie man so etwas hinbekommen kann.<br \/>\nEin weiterer Schritt ist die Mainstreamisierung von Behindertentechnologien. Die Hilfstechnik muss in normale Ger\u00e4te integriert werden, wie wir es schon beim iPhone erlebt haben. Dazu m\u00fcssen aber die <a href=\"https:\/\/www.netz-barrierefrei.de\/wordpress\/wie-jede-r-zur-barrierefreiheit-beitragen-kann\/\">Behinderten aktiver werden, als sie das bisher waren<\/a>.<br \/>\nLast but not least brauchen wir neue Formen der Nutzung von Hilfsmitteln. Es gibt bestimmte Dinge, die man st\u00e4ndig braucht oder die man aus verschiedenen Gr\u00fcnden nicht mit anderen teilen will. Andere Dinge braucht man nur selten, etwa ein Navi oder ein barrierefreies Auto. Deshalb ist es sinnvoll, solche Dinge entweder bei einer zentralen Stelle ausleihen zu k\u00f6nnen oder sie zu teilen, zum Beispiel in einer Genossenschaft. Es senkt die Anschaffungskosten deutlich, es reduziert den \u00c4rger mit den \u00c4mtern und es vermeidet viele Probleme, die der Besitz bringen w\u00fcrde.<br \/>\n<a href=\"https:\/\/netz-barrierefrei.de\/en\/speech-output.html\">How does the Speech Output from blind Persons work?<\/a><\/p>\n","protected":false},"excerpt":{"rendered":"<p>Es m\u00fcssen paradiesische Zust\u00e4nde gewesen sein: noch vor nicht allzu langer Zeit konnte man ein Hilfsmittel bei der Krankenkasse beantragen und die haben es, nach&#8230;<\/p>\n<div class=\"more-link-wrapper\"><a class=\"more-link\" href=\"https:\/\/www.netz-barrierefrei.de\/wordpress\/hilfstechnik-und-mensch-maschine-interaktion\/bessere-hilfsmittel-gefragt\/\">Weiterlesen<span class=\"screen-reader-text\">Bessere Hilfsmittel gefragt<\/span><\/a><\/div>\n","protected":false},"author":1,"featured_media":0,"parent":700,"menu_order":0,"comment_status":"closed","ping_status":"closed","template":"","meta":{"footnotes":""},"class_list":["post-794","page","type-page","status-publish","hentry","entry"],"_links":{"self":[{"href":"https:\/\/www.netz-barrierefrei.de\/wordpress\/wp-json\/wp\/v2\/pages\/794","targetHints":{"allow":["GET"]}}],"collection":[{"href":"https:\/\/www.netz-barrierefrei.de\/wordpress\/wp-json\/wp\/v2\/pages"}],"about":[{"href":"https:\/\/www.netz-barrierefrei.de\/wordpress\/wp-json\/wp\/v2\/types\/page"}],"author":[{"embeddable":true,"href":"https:\/\/www.netz-barrierefrei.de\/wordpress\/wp-json\/wp\/v2\/users\/1"}],"replies":[{"embeddable":true,"href":"https:\/\/www.netz-barrierefrei.de\/wordpress\/wp-json\/wp\/v2\/comments?post=794"}],"version-history":[{"count":8,"href":"https:\/\/www.netz-barrierefrei.de\/wordpress\/wp-json\/wp\/v2\/pages\/794\/revisions"}],"predecessor-version":[{"id":8176,"href":"https:\/\/www.netz-barrierefrei.de\/wordpress\/wp-json\/wp\/v2\/pages\/794\/revisions\/8176"}],"up":[{"embeddable":true,"href":"https:\/\/www.netz-barrierefrei.de\/wordpress\/wp-json\/wp\/v2\/pages\/700"}],"wp:attachment":[{"href":"https:\/\/www.netz-barrierefrei.de\/wordpress\/wp-json\/wp\/v2\/media?parent=794"}],"curies":[{"name":"wp","href":"https:\/\/api.w.org\/{rel}","templated":true}]}}