{"id":800,"date":"2018-03-27T16:29:03","date_gmt":"2018-03-27T14:29:03","guid":{"rendered":"http:\/\/www.netz-barrierefrei.de\/wordpress\/?page_id=800"},"modified":"2023-11-19T19:39:24","modified_gmt":"2023-11-19T17:39:24","slug":"sinnes-substitution-der-ersatz-der-sinne","status":"publish","type":"page","link":"https:\/\/www.netz-barrierefrei.de\/wordpress\/hilfstechnik-und-mensch-maschine-interaktion\/sinnes-substitution-der-ersatz-der-sinne\/","title":{"rendered":"Sinnes-Substitution &#8211; der Ersatz der Sinne"},"content":{"rendered":"<p>Wer schon mal versucht hat, einem vollblind zur Welt gekommenden Menschen<br \/>\nFarben zu erkl\u00e4ren wei\u00df, wie schwierig das ist. Blinde k\u00f6nnen Formen haptisch erfassen, Geh\u00f6rlose sp\u00fcren die Rhytmen der Musik als Vibration. Intelektuell kann der Blinde erfassen, das ein bestimmter Rotton f\u00fcr Gefahr steht oder gr\u00fcn Frische repr\u00e4sentiert, aber Farben und auch Musik wirken nicht intellektuell, sondern auf der emotionalen Ebene und diese Emotionen sind schwer zu erfassen, wenn der entsprechende Sinn fehlt oder gest\u00f6rt ist.<br \/>\nSprache kann zwar ein ad\u00e4quater Ersatz f\u00fcr Bilder sein, sie ist es aber nicht immer. Ich konnte mich zum Beispiel nie mit Audiodeskription f\u00fcr Filme anfreunden. Das mag auch daran liegen, dass die meisten Filme, die damit ausgestattet werden nicht mein Fall sind. Mein Problem ist, dass sich die Audiodeskription immer wie ein Fremdk\u00f6rper \u00fcber den Film legt und nicht organisch eingef\u00fcgt ist. H\u00e4ufig wird so getan, als ob Blinde durch AD eine \u00e4hnliche Wahrnehmung des Filmes h\u00e4tten wie Sehende, das ist aber falsch.<br \/>\nEin vielversprechender Ansatz, dieses Problem anders als rein verbal-deskriptiv anzugehen ist der Ersatz eines Sinnes durch einen anderen funktionierenden, der aber \u00e4hnlilch wirken kann. Ein einfacher, wenn auch unzul\u00e4nglicher Ersatz f\u00fcr Musik oder Stimmaufnahmen ist etwa die Hullkurve, die einen Klang als Diagramm darstellt. Wer schon mal Interviews geschnitten hat kennt die charakteristische Form des &#8222;\u00e4h&#8220;, das ungef\u00e4hr wie der Buchstabe h  aussieht. Profis k\u00f6nnen in der Hullkurve einer Stimmaufnahme noch mehr Muster erkennen, was den Schnitt erleichtert.<br \/>\nAls Ersatz f\u00fcr Farbe bieten sich fast nat\u00fcrlich Kl\u00e4nge an. Hohe T\u00f6ne und Geigen f\u00fcr helle Farben, tiefe T\u00f6ne und B\u00e4sse f\u00fcr dunkle Farben. <\/p>\n<div id=\"ez-toc-container\" class=\"ez-toc-v2_0_82_2 counter-hierarchy ez-toc-counter ez-toc-white ez-toc-container-direction\">\n<div class=\"ez-toc-title-container\">\n<p class=\"ez-toc-title\" style=\"cursor:inherit\">Inhalt<\/p>\n<span class=\"ez-toc-title-toggle\"><a href=\"#\" class=\"ez-toc-pull-right ez-toc-btn ez-toc-btn-xs ez-toc-btn-default ez-toc-toggle\" aria-label=\"Toggle Table of Content\"><span class=\"ez-toc-js-icon-con\"><span class=\"\"><span class=\"eztoc-hide\" style=\"display:none;\">Toggle<\/span><span class=\"ez-toc-icon-toggle-span\"><svg style=\"fill: #999;color:#999\" xmlns=\"http:\/\/www.w3.org\/2000\/svg\" class=\"list-377408\" width=\"20px\" height=\"20px\" viewBox=\"0 0 24 24\" fill=\"none\"><path d=\"M6 6H4v2h2V6zm14 0H8v2h12V6zM4 11h2v2H4v-2zm16 0H8v2h12v-2zM4 16h2v2H4v-2zm16 0H8v2h12v-2z\" fill=\"currentColor\"><\/path><\/svg><svg style=\"fill: #999;color:#999\" class=\"arrow-unsorted-368013\" xmlns=\"http:\/\/www.w3.org\/2000\/svg\" width=\"10px\" height=\"10px\" viewBox=\"0 0 24 24\" version=\"1.2\" baseProfile=\"tiny\"><path d=\"M18.2 9.3l-6.2-6.3-6.2 6.3c-.2.2-.3.4-.3.7s.1.5.3.7c.2.2.4.3.7.3h11c.3 0 .5-.1.7-.3.2-.2.3-.5.3-.7s-.1-.5-.3-.7zM5.8 14.7l6.2 6.3 6.2-6.3c.2-.2.3-.5.3-.7s-.1-.5-.3-.7c-.2-.2-.4-.3-.7-.3h-11c-.3 0-.5.1-.7.3-.2.2-.3.5-.3.7s.1.5.3.7z\"\/><\/svg><\/span><\/span><\/span><\/a><\/span><\/div>\n<nav><ul class='ez-toc-list ez-toc-list-level-1 ' ><li class='ez-toc-page-1 ez-toc-heading-level-2'><a class=\"ez-toc-link ez-toc-heading-1\" href=\"https:\/\/www.netz-barrierefrei.de\/wordpress\/hilfstechnik-und-mensch-maschine-interaktion\/sinnes-substitution-der-ersatz-der-sinne\/#Aus_Klaengen_werden_Raeume\" >Aus Kl\u00e4ngen werden R\u00e4ume<\/a><\/li><li class='ez-toc-page-1 ez-toc-heading-level-2'><a class=\"ez-toc-link ez-toc-heading-2\" href=\"https:\/\/www.netz-barrierefrei.de\/wordpress\/hilfstechnik-und-mensch-maschine-interaktion\/sinnes-substitution-der-ersatz-der-sinne\/#Sinnesersatzgeraete\" >Sinnesersatzger\u00e4te<\/a><\/li><\/ul><\/nav><\/div>\n<h2><span class=\"ez-toc-section\" id=\"Aus_Klaengen_werden_Raeume\"><\/span>Aus Kl\u00e4ngen werden R\u00e4ume <span class=\"ez-toc-section-end\"><\/span><\/h2>\n<p>Wenn wir schon bei Kl\u00e4ngen sind, k\u00f6nnen wir diese auch zur Beschreibung von R\u00e4umen nutzen. Ich bin an anderer Stelle schon auf die Klicksonar-Technik eingegangen, dabei verwenden blinde Menschen Klickger\u00e4usche und deren Echo, um eine Art dreidimensionales Abbild einer Ortschaft zu erhalten. Wenn wir einen Raum in Musik \u00fcbersetzen k\u00f6nnten wir zum Beispiel sagen, die Musik wird leiser, je weiter der Raum ist oder ein Gegenstand entfernt ist und lauter, je kleiner der Raum bzw. je n\u00e4her der Gegenstand steht.<br \/>\nF\u00fcr Geh\u00f6rlose kann Musik in Geb\u00e4rdensprache \u00fcbersetzt werden. Wie das praktisch funktioniert, kann ich mangels eigener Erfahrung nicht sagen. F\u00fcr mich vorstellbar w\u00e4re auch, Musikinstrumente als Farben zu \u00fcbersetzen. Ich hatte oben schon erw\u00e4hnt, wie Farben in Kl\u00e4nge \u00fcbersetzt werden k\u00f6nnten. Daher ist auch der umgekehrte Weg denkbar, Musik wird in Farben \u00fcbersetzt und mit Geb\u00e4rdensprache erg\u00e4nzt. Zusammen mit der Bewegung von T\u00e4nzern bzw. den Geb\u00e4rden ergibt sich ein optisches \u00c4quivalent zur Musik. Ein amerikanisches Projekt, das Musik f\u00fcr Geh\u00f6rlose zug\u00e4nglich machen m\u00f6chte ist das Deaf Performing Artists Network.<\/p>\n<h2><span class=\"ez-toc-section\" id=\"Sinnesersatzgeraete\"><\/span>Sinnesersatzger\u00e4te<span class=\"ez-toc-section-end\"><\/span><\/h2>\n<p>Der klassische Blindenstock hat sich wacker gehalten, erst in den letzten Jahren kommen neue elektronische Orientierungshilfen wie Ultraschall-Systeme auf dem Markt. Diese Systeme geben ein haptisches oder akkustisches Feedback, wenn zum Beispiel ein Objekt im Weg ist. Durch ein komplexeres Feedback w\u00e4re es theoretisch auch m\u00f6glich, die Form und damit vielleicht sogar die Art des Gegenstandes zu erfassen. Wenn das mit Klicksonar geht, sollte es auch mit Ultraschall funktionieren. Bekannte Ger\u00e4te aus diesem Bereich sind zum Beispiel <span class=\"removed_link\" title=\"http:\/\/www.batforblind.co.nz\/\">K-Sonar<\/span> oder <span class=\"removed_link\" title=\"http:\/\/www.ambutech.com\/iglasses\">iGlasses Ultrasonic Mobility Aid<\/span>. Ich habe die beiden Ger\u00e4te nie benutzt und kann daher nichts zu ihrer Tauglichkeit sagen. Wer es selber bauen m\u00f6chte, Sonar Eye ist eine offene Variante dieser Systeme.<br \/>\nEin vielleicht noch vielversprechenderer Ansatz sind die Sinnesersatzger\u00e4te oder sensory substitution devices. Ein israelischer Forscher arbeitet an einem System, dass Farbe, Position und Form eines Objektes als T\u00f6ne und Tonfolgen ausgibt.<br \/>\nDas klingt zun\u00e4chst nicht so spektakul\u00e4r, aber tats\u00e4chlich k\u00f6nnen die Nutzer nicht nur einzelne Gegenst\u00e4nde erkennen, was f\u00fcr einen Blinden schon super ist. <span class=\"removed_link\" title=\"http:\/\/www.kurzweilai.net\/congenitally-blind-learn-to-see-and-read-with-soundscapescongenitally-blind-learn-to-see-with-soundscapes\">Mit einigen Stunden \u00dcbung<\/span> k\u00f6nnen sie sogar Gesichtsausdr\u00fccke erkennen. Wir stehen noch am Anfang dieser Entwicklung, so dass schwer zu sagen ist, wie viel Kompensation m\u00f6glich ist, aber die Ans\u00e4tze klingen auf jeden Fall vielversprechend. <\/p>\n","protected":false},"excerpt":{"rendered":"<p>Wer schon mal versucht hat, einem vollblind zur Welt gekommenden Menschen Farben zu erkl\u00e4ren wei\u00df, wie schwierig das ist. Blinde k\u00f6nnen Formen haptisch erfassen, Geh\u00f6rlose&#8230;<\/p>\n<div class=\"more-link-wrapper\"><a class=\"more-link\" href=\"https:\/\/www.netz-barrierefrei.de\/wordpress\/hilfstechnik-und-mensch-maschine-interaktion\/sinnes-substitution-der-ersatz-der-sinne\/\">Weiterlesen<span class=\"screen-reader-text\">Sinnes-Substitution &#8211; der Ersatz der Sinne<\/span><\/a><\/div>\n","protected":false},"author":1,"featured_media":0,"parent":700,"menu_order":0,"comment_status":"closed","ping_status":"closed","template":"","meta":{"footnotes":""},"class_list":["post-800","page","type-page","status-publish","hentry","entry"],"_links":{"self":[{"href":"https:\/\/www.netz-barrierefrei.de\/wordpress\/wp-json\/wp\/v2\/pages\/800","targetHints":{"allow":["GET"]}}],"collection":[{"href":"https:\/\/www.netz-barrierefrei.de\/wordpress\/wp-json\/wp\/v2\/pages"}],"about":[{"href":"https:\/\/www.netz-barrierefrei.de\/wordpress\/wp-json\/wp\/v2\/types\/page"}],"author":[{"embeddable":true,"href":"https:\/\/www.netz-barrierefrei.de\/wordpress\/wp-json\/wp\/v2\/users\/1"}],"replies":[{"embeddable":true,"href":"https:\/\/www.netz-barrierefrei.de\/wordpress\/wp-json\/wp\/v2\/comments?post=800"}],"version-history":[{"count":10,"href":"https:\/\/www.netz-barrierefrei.de\/wordpress\/wp-json\/wp\/v2\/pages\/800\/revisions"}],"predecessor-version":[{"id":9618,"href":"https:\/\/www.netz-barrierefrei.de\/wordpress\/wp-json\/wp\/v2\/pages\/800\/revisions\/9618"}],"up":[{"embeddable":true,"href":"https:\/\/www.netz-barrierefrei.de\/wordpress\/wp-json\/wp\/v2\/pages\/700"}],"wp:attachment":[{"href":"https:\/\/www.netz-barrierefrei.de\/wordpress\/wp-json\/wp\/v2\/media?parent=800"}],"curies":[{"name":"wp","href":"https:\/\/api.w.org\/{rel}","templated":true}]}}