{"id":845,"date":"2018-03-29T11:18:52","date_gmt":"2018-03-29T09:18:52","guid":{"rendered":"http:\/\/www.netz-barrierefrei.de\/wordpress\/?page_id=845"},"modified":"2018-03-29T11:18:52","modified_gmt":"2018-03-29T09:18:52","slug":"home-office-fuer-behinderte","status":"publish","type":"page","link":"https:\/\/www.netz-barrierefrei.de\/wordpress\/wirtschaft-gesellschaft\/home-office-fuer-behinderte\/","title":{"rendered":"Home-Office f\u00fcr Behinderte"},"content":{"rendered":"<p>Vielfach wird gefragt, ob das Home Office nicht eine sinnvolle Alternative zu einer aufwendigen barrierefreien Umgestaltung ist. Schlie\u00dflich wird die eigene Wohnung f\u00fcr die jeweilige Person relativ barrierefrei sein. Und viele Jobs lassen sich mittlerweile dank der Digitalisierung gut von Zuhause aus erledigen.<br \/>\nDoch w\u00e4re das nicht im Sinne der Inklusion. Leidet die Person nicht gerade an Agoraphobie, geh\u00f6rt der t\u00e4gliche Gang ins B\u00fcro zu einer guten Routine. Zudem ist diese Person benachteiligt, weil sie weniger pers\u00f6nlichen Kontakt zu Kollegen und Vorgesetzten hat. Die Kollegen ihrerseits verpassen die Chance, mit behinderten Menschen in Kontakt zu kommen.  F\u00fcr eine \u00dcbergangsphase etwa zur Umgestaltung des Arbeitsplatzes oder bis die Hilfstechnik bereit gestellt ist, kann das Home Office also sinnvoll sein. Eine Dauerl\u00f6sung ist das nicht. <\/p>\n","protected":false},"excerpt":{"rendered":"<p>Vielfach wird gefragt, ob das Home Office nicht eine sinnvolle Alternative zu einer aufwendigen barrierefreien Umgestaltung ist. Schlie\u00dflich wird die eigene Wohnung f\u00fcr die jeweilige&#8230;<\/p>\n<div class=\"more-link-wrapper\"><a class=\"more-link\" href=\"https:\/\/www.netz-barrierefrei.de\/wordpress\/wirtschaft-gesellschaft\/home-office-fuer-behinderte\/\">Weiterlesen<span class=\"screen-reader-text\">Home-Office f\u00fcr Behinderte<\/span><\/a><\/div>\n","protected":false},"author":1,"featured_media":0,"parent":745,"menu_order":0,"comment_status":"closed","ping_status":"closed","template":"","meta":{"footnotes":""},"class_list":["post-845","page","type-page","status-publish","hentry","entry"],"_links":{"self":[{"href":"https:\/\/www.netz-barrierefrei.de\/wordpress\/wp-json\/wp\/v2\/pages\/845","targetHints":{"allow":["GET"]}}],"collection":[{"href":"https:\/\/www.netz-barrierefrei.de\/wordpress\/wp-json\/wp\/v2\/pages"}],"about":[{"href":"https:\/\/www.netz-barrierefrei.de\/wordpress\/wp-json\/wp\/v2\/types\/page"}],"author":[{"embeddable":true,"href":"https:\/\/www.netz-barrierefrei.de\/wordpress\/wp-json\/wp\/v2\/users\/1"}],"replies":[{"embeddable":true,"href":"https:\/\/www.netz-barrierefrei.de\/wordpress\/wp-json\/wp\/v2\/comments?post=845"}],"version-history":[{"count":1,"href":"https:\/\/www.netz-barrierefrei.de\/wordpress\/wp-json\/wp\/v2\/pages\/845\/revisions"}],"predecessor-version":[{"id":846,"href":"https:\/\/www.netz-barrierefrei.de\/wordpress\/wp-json\/wp\/v2\/pages\/845\/revisions\/846"}],"up":[{"embeddable":true,"href":"https:\/\/www.netz-barrierefrei.de\/wordpress\/wp-json\/wp\/v2\/pages\/745"}],"wp:attachment":[{"href":"https:\/\/www.netz-barrierefrei.de\/wordpress\/wp-json\/wp\/v2\/media?parent=845"}],"curies":[{"name":"wp","href":"https:\/\/api.w.org\/{rel}","templated":true}]}}

Home-Office für Behinderte

<p>Vielfach wird gefragt, ob das Home Office nicht eine sinnvolle Alternative zu einer aufwendigen barrierefreien Umgestaltung ist. Schließlich wird die eigene Wohnung für die jeweilige Person relativ barrierefrei sein. Und viele Jobs lassen sich mittlerweile dank der Digitalisierung gut von Zuhause aus erledigen.<br />
Doch wäre das nicht im Sinne der Inklusion. Leidet die Person nicht gerade an Agoraphobie, gehört der tägliche Gang ins Büro zu einer guten Routine. Zudem ist diese Person benachteiligt, weil sie weniger persönlichen Kontakt zu Kollegen und Vorgesetzten hat. Die Kollegen ihrerseits verpassen die Chance, mit behinderten Menschen in Kontakt zu kommen.  Für eine Übergangsphase etwa zur Umgestaltung des Arbeitsplatzes oder bis die Hilfstechnik bereit gestellt ist, kann das Home Office also sinnvoll sein. Eine Dauerlösung ist das nicht. </p>

<p>Vielfach wird gefragt, ob das Home Office nicht eine sinnvolle Alternative zu einer aufwendigen barrierefreien Umgestaltung ist. Schließlich wird die eigene Wohnung für die jeweilige&#8230;</p>
<div class="more-link-wrapper"><a class="more-link" href="https://www.netz-barrierefrei.de/wordpress/wirtschaft-gesellschaft/home-office-fuer-behinderte/">Weiterlesen<span class="screen-reader-text">Home-Office für Behinderte</span></a></div>
