{"id":847,"date":"2018-03-29T11:20:05","date_gmt":"2018-03-29T09:20:05","guid":{"rendered":"http:\/\/www.netz-barrierefrei.de\/wordpress\/?page_id=847"},"modified":"2018-03-29T11:20:05","modified_gmt":"2018-03-29T09:20:05","slug":"barrierefreier-arbeitsplatz","status":"publish","type":"page","link":"https:\/\/www.netz-barrierefrei.de\/wordpress\/wirtschaft-gesellschaft\/home-office-fuer-behinderte\/barrierefreier-arbeitsplatz\/","title":{"rendered":"Barrierefreier Arbeitsplatz"},"content":{"rendered":"<p>H\u00e4ufig werde ich gefragt, ob es sinnvoll ist, bestimmte Hilfsmittel schon pr\u00e4ventiv anzuschaffen. Zum Beispiel k\u00f6nnte ein Arbeitsplatz blindengerecht ausgestaltet werden. Oder zumindest k\u00f6nnten die entsprechenden Hilfsmittel bereit gehalten werden.<br \/>\nDas ist allerdings selten sinnvoll. Zum Einen kosten diese Technologien teils viel Geld. Eine Braillezeile f\u00fcr Blinde kostet bereits einige tausend Euro. Dann ist die Wahrscheinlichkeit, dass Sie einen Blinden einstellen oder als Praktikanten bekommen rein statistisch relativ gering. Und wenn das doch passiert, k\u00f6nnte es gut sein, dass Ihr blinder Kollege die Blindenschrift nicht lesen kann oder mit einer anderen Software arbeitet. Hinzu kommt, dass einige Technologien sehr schnell veralten. Der Screenreader von heute mag mit dem Betriebssystem von morgen nicht mehr kompatibel sein. Windows, MAC und Linux haben viele Hilfstechnologien bereits an Bord, so dass die Anschaffung neuer Technologien eventuell gar nicht notwendig ist.<br \/>\nDie Kosten f\u00fcr diese Hilfstechnik k\u00f6nnen Sie zudem nirgendwo geltend machen. In der Regel werden Hilfsmittel und Umbauten von den Reha-Tr\u00e4gern nur finanziert, wenn sie f\u00fcr eine bestimmte Person gedacht sind. Barrierefreiheit &#8222;auf Vorrat&#8220; wird eher nicht gef\u00f6rdert. Das ist allerdings der jetzige Stand. Informieren Sie sich ruhig bei \u00f6ffentlichen Stellen, ob es F\u00f6rderprogramme gibt.<br \/>\nDie Anschaffung von Hilfstechnik sowie die Anpassung von Arbeitspl\u00e4tzen an spezifische Bed\u00fcrfnisse fallen also in den Bereich spezielle Ma\u00dfnahmen. Sie sollten immer f\u00fcr eine bestimmte Person durchgef\u00fchrt werden.<br \/>\nSie k\u00f6nnen allerdings Ihre R\u00e4ume so gestalten, dass sie ohne viel Aufwand f\u00fcr unterschiedliche Zwecke eingesetzt werden k\u00f6nnen. Wenn Autisten in diesem Raum arbeiten sollen, dann sollte er besonders st\u00f6rungsfrei sein. Es sollten also keine dauerhaften Verzierungen angebracht werden. F\u00fcr Schwerh\u00f6rige k\u00f6nnen in B\u00fcros mit mehreren Arbeitspl\u00e4tzen Schallschutzw\u00e4nde untergebracht werden. F\u00fcr Blinde und Gehbehinderte ist es hilfreich, wenn ihr Arbeitsplatz m\u00f6glichst nah am Eingang ist. So m\u00fcssen sie keine engen Stellen \u00fcberwinden oder Stolperfallen wie abgestellten Taschen ausweichen. F\u00fcr Sehbehinderte kann Blend-Freiheit wichtig sein. Wegen der vielf\u00e4ltigen Behinderungen ist es besser, einen Raum flexibel gestaltbar zu halten anstatt zu versuchen, alle m\u00f6glichen Behinderungen bereits im Vorfeld abzufangen. <\/p>\n","protected":false},"excerpt":{"rendered":"<p>H\u00e4ufig werde ich gefragt, ob es sinnvoll ist, bestimmte Hilfsmittel schon pr\u00e4ventiv anzuschaffen. Zum Beispiel k\u00f6nnte ein Arbeitsplatz blindengerecht ausgestaltet werden. Oder zumindest k\u00f6nnten die&#8230;<\/p>\n<div class=\"more-link-wrapper\"><a class=\"more-link\" href=\"https:\/\/www.netz-barrierefrei.de\/wordpress\/wirtschaft-gesellschaft\/home-office-fuer-behinderte\/barrierefreier-arbeitsplatz\/\">Weiterlesen<span class=\"screen-reader-text\">Barrierefreier Arbeitsplatz<\/span><\/a><\/div>\n","protected":false},"author":1,"featured_media":0,"parent":845,"menu_order":0,"comment_status":"closed","ping_status":"closed","template":"","meta":{"footnotes":""},"class_list":["post-847","page","type-page","status-publish","hentry","entry"],"_links":{"self":[{"href":"https:\/\/www.netz-barrierefrei.de\/wordpress\/wp-json\/wp\/v2\/pages\/847","targetHints":{"allow":["GET"]}}],"collection":[{"href":"https:\/\/www.netz-barrierefrei.de\/wordpress\/wp-json\/wp\/v2\/pages"}],"about":[{"href":"https:\/\/www.netz-barrierefrei.de\/wordpress\/wp-json\/wp\/v2\/types\/page"}],"author":[{"embeddable":true,"href":"https:\/\/www.netz-barrierefrei.de\/wordpress\/wp-json\/wp\/v2\/users\/1"}],"replies":[{"embeddable":true,"href":"https:\/\/www.netz-barrierefrei.de\/wordpress\/wp-json\/wp\/v2\/comments?post=847"}],"version-history":[{"count":1,"href":"https:\/\/www.netz-barrierefrei.de\/wordpress\/wp-json\/wp\/v2\/pages\/847\/revisions"}],"predecessor-version":[{"id":848,"href":"https:\/\/www.netz-barrierefrei.de\/wordpress\/wp-json\/wp\/v2\/pages\/847\/revisions\/848"}],"up":[{"embeddable":true,"href":"https:\/\/www.netz-barrierefrei.de\/wordpress\/wp-json\/wp\/v2\/pages\/845"}],"wp:attachment":[{"href":"https:\/\/www.netz-barrierefrei.de\/wordpress\/wp-json\/wp\/v2\/media?parent=847"}],"curies":[{"name":"wp","href":"https:\/\/api.w.org\/{rel}","templated":true}]}}

<p>Häufig werde ich gefragt, ob es sinnvoll ist, bestimmte Hilfsmittel schon präventiv anzuschaffen. Zum Beispiel könnte ein Arbeitsplatz blindengerecht ausgestaltet werden. Oder zumindest könnten die entsprechenden Hilfsmittel bereit gehalten werden.<br />
Das ist allerdings selten sinnvoll. Zum Einen kosten diese Technologien teils viel Geld. Eine Braillezeile für Blinde kostet bereits einige tausend Euro. Dann ist die Wahrscheinlichkeit, dass Sie einen Blinden einstellen oder als Praktikanten bekommen rein statistisch relativ gering. Und wenn das doch passiert, könnte es gut sein, dass Ihr blinder Kollege die Blindenschrift nicht lesen kann oder mit einer anderen Software arbeitet. Hinzu kommt, dass einige Technologien sehr schnell veralten. Der Screenreader von heute mag mit dem Betriebssystem von morgen nicht mehr kompatibel sein. Windows, MAC und Linux haben viele Hilfstechnologien bereits an Bord, so dass die Anschaffung neuer Technologien eventuell gar nicht notwendig ist.<br />
Die Kosten für diese Hilfstechnik können Sie zudem nirgendwo geltend machen. In der Regel werden Hilfsmittel und Umbauten von den Reha-Trägern nur finanziert, wenn sie für eine bestimmte Person gedacht sind. Barrierefreiheit &#8222;auf Vorrat&#8220; wird eher nicht gefördert. Das ist allerdings der jetzige Stand. Informieren Sie sich ruhig bei öffentlichen Stellen, ob es Förderprogramme gibt.<br />
Die Anschaffung von Hilfstechnik sowie die Anpassung von Arbeitsplätzen an spezifische Bedürfnisse fallen also in den Bereich spezielle Maßnahmen. Sie sollten immer für eine bestimmte Person durchgeführt werden.<br />
Sie können allerdings Ihre Räume so gestalten, dass sie ohne viel Aufwand für unterschiedliche Zwecke eingesetzt werden können. Wenn Autisten in diesem Raum arbeiten sollen, dann sollte er besonders störungsfrei sein. Es sollten also keine dauerhaften Verzierungen angebracht werden. Für Schwerhörige können in Büros mit mehreren Arbeitsplätzen Schallschutzwände untergebracht werden. Für Blinde und Gehbehinderte ist es hilfreich, wenn ihr Arbeitsplatz möglichst nah am Eingang ist. So müssen sie keine engen Stellen überwinden oder Stolperfallen wie abgestellten Taschen ausweichen. Für Sehbehinderte kann Blend-Freiheit wichtig sein. Wegen der vielfältigen Behinderungen ist es besser, einen Raum flexibel gestaltbar zu halten anstatt zu versuchen, alle möglichen Behinderungen bereits im Vorfeld abzufangen. </p>

<p>Häufig werde ich gefragt, ob es sinnvoll ist, bestimmte Hilfsmittel schon präventiv anzuschaffen. Zum Beispiel könnte ein Arbeitsplatz blindengerecht ausgestaltet werden. Oder zumindest könnten die&#8230;</p>
<div class="more-link-wrapper"><a class="more-link" href="https://www.netz-barrierefrei.de/wordpress/wirtschaft-gesellschaft/home-office-fuer-behinderte/barrierefreier-arbeitsplatz/">Weiterlesen<span class="screen-reader-text">Barrierefreier Arbeitsplatz</span></a></div>
