{"id":8745,"date":"2023-12-17T15:04:12","date_gmt":"2023-12-17T13:04:12","guid":{"rendered":"https:\/\/www.netz-barrierefrei.de\/wordpress\/?page_id=8745"},"modified":"2023-12-17T15:08:24","modified_gmt":"2023-12-17T13:08:24","slug":"barrierefreiheit-in-der-community-ausgabe-12-2023","status":"publish","type":"page","link":"https:\/\/www.netz-barrierefrei.de\/wordpress\/newsletter-digitale-barrierefreiheit\/barrierefreiheit-in-der-community-ausgabe-12-2023\/","title":{"rendered":"Barrierefreiheit in der Community &#8211; Ausgabe 12-2023"},"content":{"rendered":"<p><img loading=\"lazy\" decoding=\"async\" src=\"https:\/\/www.netz-barrierefrei.de\/wordpress\/wp-content\/uploads\/graue.jpg\" alt=\"Zwei stilisierte Figuren diskutieren\" width=\"720\" height=\"720\" class=\"alignleft size-full wp-image-7248\" srcset=\"https:\/\/www.netz-barrierefrei.de\/wordpress\/wp-content\/uploads\/graue.jpg 720w, https:\/\/www.netz-barrierefrei.de\/wordpress\/wp-content\/uploads\/graue-300x300.jpg 300w, https:\/\/www.netz-barrierefrei.de\/wordpress\/wp-content\/uploads\/graue-150x150.jpg 150w\" sizes=\"auto, (max-width: 720px) 100vw, 720px\" \/><br \/>\nDer Jahres-Endspurt hat begonnen. So manchem f\u00e4llt kurz vor Weihnachten ein, dass digitale Barrierefreiheit wichtig sein k\u00f6nnte. Das gilt nat\u00fcrlich nicht f\u00fcr Sie, die hier flei\u00dfig mitlesen. Wir w\u00fcnschen Ihnen mit dieser letzten Ausgabe im manchmal zu aufregenden Jahr 2023 hoffentlich bald ruhigere Weihnachtstage und einen guten Rutsch ins neue Jaahr. <\/p>\n<div id=\"ez-toc-container\" class=\"ez-toc-v2_0_82_2 counter-hierarchy ez-toc-counter ez-toc-white ez-toc-container-direction\">\n<div class=\"ez-toc-title-container\">\n<p class=\"ez-toc-title\" style=\"cursor:inherit\">Inhalt<\/p>\n<span class=\"ez-toc-title-toggle\"><a href=\"#\" class=\"ez-toc-pull-right ez-toc-btn ez-toc-btn-xs ez-toc-btn-default ez-toc-toggle\" aria-label=\"Toggle Table of Content\"><span class=\"ez-toc-js-icon-con\"><span class=\"\"><span class=\"eztoc-hide\" style=\"display:none;\">Toggle<\/span><span class=\"ez-toc-icon-toggle-span\"><svg style=\"fill: #999;color:#999\" xmlns=\"http:\/\/www.w3.org\/2000\/svg\" class=\"list-377408\" width=\"20px\" height=\"20px\" viewBox=\"0 0 24 24\" fill=\"none\"><path d=\"M6 6H4v2h2V6zm14 0H8v2h12V6zM4 11h2v2H4v-2zm16 0H8v2h12v-2zM4 16h2v2H4v-2zm16 0H8v2h12v-2z\" fill=\"currentColor\"><\/path><\/svg><svg style=\"fill: #999;color:#999\" class=\"arrow-unsorted-368013\" xmlns=\"http:\/\/www.w3.org\/2000\/svg\" width=\"10px\" height=\"10px\" viewBox=\"0 0 24 24\" version=\"1.2\" baseProfile=\"tiny\"><path d=\"M18.2 9.3l-6.2-6.3-6.2 6.3c-.2.2-.3.4-.3.7s.1.5.3.7c.2.2.4.3.7.3h11c.3 0 .5-.1.7-.3.2-.2.3-.5.3-.7s-.1-.5-.3-.7zM5.8 14.7l6.2 6.3 6.2-6.3c.2-.2.3-.5.3-.7s-.1-.5-.3-.7c-.2-.2-.4-.3-.7-.3h-11c-.3 0-.5.1-.7.3-.2.2-.3.5-.3.7s.1.5.3.7z\"\/><\/svg><\/span><\/span><\/span><\/a><\/span><\/div>\n<nav><ul class='ez-toc-list ez-toc-list-level-1 ' ><li class='ez-toc-page-1 ez-toc-heading-level-2'><a class=\"ez-toc-link ez-toc-heading-1\" href=\"https:\/\/www.netz-barrierefrei.de\/wordpress\/newsletter-digitale-barrierefreiheit\/barrierefreiheit-in-der-community-ausgabe-12-2023\/#Gute_Nachricht_des_Monats\" >Gute Nachricht des Monats<\/a><\/li><li class='ez-toc-page-1 ez-toc-heading-level-2'><a class=\"ez-toc-link ez-toc-heading-2\" href=\"https:\/\/www.netz-barrierefrei.de\/wordpress\/newsletter-digitale-barrierefreiheit\/barrierefreiheit-in-der-community-ausgabe-12-2023\/#Interessante_Beitraege\" >Interessante Beitr\u00e4ge<\/a><\/li><li class='ez-toc-page-1 ez-toc-heading-level-2'><a class=\"ez-toc-link ez-toc-heading-3\" href=\"https:\/\/www.netz-barrierefrei.de\/wordpress\/newsletter-digitale-barrierefreiheit\/barrierefreiheit-in-der-community-ausgabe-12-2023\/#tipp_des_Monats\" >tipp des Monats<\/a><\/li><li class='ez-toc-page-1 ez-toc-heading-level-2'><a class=\"ez-toc-link ez-toc-heading-4\" href=\"https:\/\/www.netz-barrierefrei.de\/wordpress\/newsletter-digitale-barrierefreiheit\/barrierefreiheit-in-der-community-ausgabe-12-2023\/#Technische_Beitraege\" >Technische Beitr\u00e4ge<\/a><\/li><\/ul><\/nav><\/div>\n<h2><span class=\"ez-toc-section\" id=\"Gute_Nachricht_des_Monats\"><\/span>Gute Nachricht des Monats<span class=\"ez-toc-section-end\"><\/span><\/h2>\n<p>Das Projekt Gutenberg hat zahlreiche Texte in automatisch generierte H\u00f6rb\u00fccher konvertiert. Blinden wird die Stimme bekannt vorkommen, sie klingt stark nach der Eloquence des Screenreaders Jaws.<\/p>\n<p><a href=\"https:\/\/www.gutenberg.org\/browse\/categories\/2#a69\">Zu der H\u00f6rbuch-Auswahl von Gutenberg<\/a><\/p>\n<h2><span class=\"ez-toc-section\" id=\"Interessante_Beitraege\"><\/span>Interessante Beitr\u00e4ge<span class=\"ez-toc-section-end\"><\/span><\/h2>\n<p>Wenn Sie eine gro\u00dfe \u00f6ffentliche Einrichtung sind, haben Sie wahrscheinlich viele Kolleg:Innen mit einer Behinderung. Sie k\u00f6nnen Barrierefreiheit in der Organisation vorantreiben, wenn Sie eine Community of Practice aufbauen. Was das ist und wie es funktioniert, darum geht es in diesem Beitrag.<\/p>\n<p><a href=\"https:\/\/www.netz-barrierefrei.de\/wordpress\/aufbau-einer-community-of-practice-fuer-digitale-barrierefreiheit\/\">Community of Practice f\u00fcr digitale Barrierefreiheit<\/a><\/p>\n<p>In diesem Zusammenhang ist es auch sinnvoll, einen strukturierten Ansatz der Erfolgsmessung zur Barrierefreiheit zu haben. Dazu kann das Reifegrad-Modell dienen.<\/p>\n<p><a href=\"https:\/\/www.netz-barrierefrei.de\/wordpress\/fortschritt-in-der-digitalen-barrierefreiheit-messen-maturity-model-oder-reifegradmodell\/\">Erfolg messen mit dem Maturity Model<\/a><\/p>\n<p>In einem aktuellen Interview geht es um Blindheit und User Experience.<\/p>\n<p><a href=\"https:\/\/www.netz-barrierefrei.de\/wordpress\/newsletter-digitale-barrierefreiheit\/podcast-videocast-digitale-barrierefreiheit\/user-research-mit-blinden-ein-interview-mit-der-wissenschaftlerin-nathalie-kuhn\/\">Blinde in der User-Experience-Forschung<\/a><\/p>\n<p>Die Bundesfachstelle Barrierefreiheit hat eine FAQ zum Barrierefreiheits-St\u00e4rkungs-Gesetz ver\u00f6ffentlicht. <\/p>\n<p><a href=\"https:\/\/www.bundesfachstelle-barrierefreiheit.de\/SharedDocs\/Kurzmeldungen\/DE\/faq-zum-barrierefreiheitsstaerkungsgesetz-veroeffentlicht.html\">FAQ zum BFSG<\/a><\/p>\n<p>Es gibt eine neue Version des PDF Accessibility Checker 2024. Wie immer der Disclaimer, dass gr\u00fcne Haken in diesem Tool ein PDF nicht auf zauberhaftem Wege auch barrierefrei machen.<\/p>\n<p><a href=\"https:\/\/pac.pdf-accessibility.org\/de\">Zur Website von PAC<\/a><\/p>\n<p>Weiter gehts auf Englisch: Unternehmen sehen Barrierefreiheit h\u00e4ufig als Risiko: Es erh\u00f6he die Kosten und Herausforderungen. Das Gegenteil ist richtig, wie dieser Artikel zeigt. <\/p>\n<p><a href=\"https:\/\/www.maddyness.com\/uk\/2023\/10\/24\/the-power-of-accessibility-for-business-why-it-should-be-a-priority-from-the-get-go\/\">The power of accessibility <\/a><\/p>\n<p>Behinderte Mitarbeitende brauchen barrierefreie Anwendungen. Leider sind es die meisten Anwendungen nicht, wie eine aktuelle Untersuchung zeigt. <\/p>\n<p><a href=\"https:\/\/www.businesswire.com\/news\/home\/20231031068872\/en\/Most-Disabled-Workers-Need-Software-Accessibility-yet-45-Find-Current-Features-Insufficient\">Most Disabled Workers Need Software Accessibility, yet 45% Find Current Features Insufficient<\/a><\/p>\n<p>Auch wenn die neuen generativen Tools bei der Entwicklung hilfreich sein k\u00f6nnen: 100 % sollte man sich nicht auf sie verlassen.<\/p>\n<p><a href=\"https:\/\/alastairc.uk\/2023\/11\/why-doesnt-ai-work-for-producing-accessible-code\/\">Why doesn\u2019t AI work for producing accessible code?<\/a><\/p>\n<p>Unter den vielen Gruppen, die in der Barrierefreiheit kaum vorkommen sind besonders die \u00e4lteren Menschen hervorzuheben. Ein Artikel besch\u00e4ftigt sich damit, wie man sie im Design besser ber\u00fccksichtigen kann. <\/p>\n<p><a href=\"https:\/\/medium.com\/sixtytwo-tales\/designing-for-older-adults-c1a2c54c1b30\">Designing for Older Adults<\/a><\/p>\n<h2><span class=\"ez-toc-section\" id=\"tipp_des_Monats\"><\/span>tipp des Monats<span class=\"ez-toc-section-end\"><\/span><\/h2>\n<p>Wenn Sie \u00f6fter Audio-Inhalte transkribieren m\u00fcssen und Eigent\u00fcmer von Word 365 sind, haben wir einen Tipp f\u00fcr Sie: Dort gibt es eine qualitativ recht gute automatische Transkription. \u00d6ffnen Sie ein leeres Dokument in Word, gehen Sie auf den Ribbon Start, w\u00e4hlen sie dort rechts neben dem Mikrofon (der Diktier-Funktion) die Ausklappliste und w\u00e4hlen Sie &#8222;Transkribieren&#8220;. Falls es mit der Desktop-Version nicht klappt, online l\u00e4uft es stabiler. Nach unserer Meinung ist die Qualit\u00e4t der Transkription deutlich besser als zum Beispiel bei YouTube. Achten Sie nat\u00fcrlich wie immer auf den Datenschutz.<\/p>\n<h2><span class=\"ez-toc-section\" id=\"Technische_Beitraege\"><\/span>Technische Beitr\u00e4ge<span class=\"ez-toc-section-end\"><\/span><\/h2>\n<ul>\n<li><a href=\"https:\/\/www.erikkroes.nl\/blog\/the-added-value-of-neuro-diversity\/\">The added value of (neuro)diversity<\/a>\n<li><a href=\"https:\/\/www.smashingmagazine.com\/2023\/11\/addressing-accessibility-concerns-fluid-type\/\">Addressing Accessibility Concerns With Using Fluid Type<\/a><\/li>\n<li><a href=\"https:\/\/news.stanford.edu\/stories\/2023\/11\/accessible-engineering\">Aya Mouallem explores new ways for engineering students with blindness or low vision to simulate circuits<\/a><\/li>\n<li>EI Accessibility for Neurodivergent Audiences<\/li>\n<li><a href=\" https:\/\/www.smashingmagazine.com\/2023\/11\/creating-accessible-ui-animations\/\">Creating Accessible UI Animations<\/a><\/li>\n<\/li\n\n\n<li><a href=\"https:\/\/ericwbailey.website\/published\/accessibility-annotation-kits-only-annotate\/\">Accessibility annotation kits only annotate<\/a><\/li>\n<li><a href=\"https:\/\/netz-barrierefrei.de\/en\/low-contrast.html\">How to deal with low contrast in digital Accessibility <\/a><\/li>\n<\/ul>\n<p><a href=\"https:\/\/www.silta.ai\/newsletter\">Anmeldung zum Newsletter<\/a><\/p>\n","protected":false},"excerpt":{"rendered":"<p>Der Jahres-Endspurt hat begonnen. So manchem f\u00e4llt kurz vor Weihnachten ein, dass digitale Barrierefreiheit wichtig sein k\u00f6nnte. Das gilt nat\u00fcrlich nicht f\u00fcr Sie, die hier&#8230;<\/p>\n<div class=\"more-link-wrapper\"><a class=\"more-link\" href=\"https:\/\/www.netz-barrierefrei.de\/wordpress\/newsletter-digitale-barrierefreiheit\/barrierefreiheit-in-der-community-ausgabe-12-2023\/\">Weiterlesen<span class=\"screen-reader-text\">Barrierefreiheit in der Community &#8211; Ausgabe 12-2023<\/span><\/a><\/div>\n","protected":false},"author":1,"featured_media":0,"parent":1450,"menu_order":0,"comment_status":"closed","ping_status":"closed","template":"","meta":{"footnotes":""},"class_list":["post-8745","page","type-page","status-publish","hentry","entry"],"_links":{"self":[{"href":"https:\/\/www.netz-barrierefrei.de\/wordpress\/wp-json\/wp\/v2\/pages\/8745","targetHints":{"allow":["GET"]}}],"collection":[{"href":"https:\/\/www.netz-barrierefrei.de\/wordpress\/wp-json\/wp\/v2\/pages"}],"about":[{"href":"https:\/\/www.netz-barrierefrei.de\/wordpress\/wp-json\/wp\/v2\/types\/page"}],"author":[{"embeddable":true,"href":"https:\/\/www.netz-barrierefrei.de\/wordpress\/wp-json\/wp\/v2\/users\/1"}],"replies":[{"embeddable":true,"href":"https:\/\/www.netz-barrierefrei.de\/wordpress\/wp-json\/wp\/v2\/comments?post=8745"}],"version-history":[{"count":6,"href":"https:\/\/www.netz-barrierefrei.de\/wordpress\/wp-json\/wp\/v2\/pages\/8745\/revisions"}],"predecessor-version":[{"id":9659,"href":"https:\/\/www.netz-barrierefrei.de\/wordpress\/wp-json\/wp\/v2\/pages\/8745\/revisions\/9659"}],"up":[{"embeddable":true,"href":"https:\/\/www.netz-barrierefrei.de\/wordpress\/wp-json\/wp\/v2\/pages\/1450"}],"wp:attachment":[{"href":"https:\/\/www.netz-barrierefrei.de\/wordpress\/wp-json\/wp\/v2\/media?parent=8745"}],"curies":[{"name":"wp","href":"https:\/\/api.w.org\/{rel}","templated":true}]}}

<p><img loading="lazy" decoding="async" src="https://www.netz-barrierefrei.de/wordpress/wp-content/uploads/graue.jpg" alt="Zwei stilisierte Figuren diskutieren" width="720" height="720" class="alignleft size-full wp-image-7248" srcset="https://www.netz-barrierefrei.de/wordpress/wp-content/uploads/graue.jpg 720w, https://www.netz-barrierefrei.de/wordpress/wp-content/uploads/graue-300x300.jpg 300w, https://www.netz-barrierefrei.de/wordpress/wp-content/uploads/graue-150x150.jpg 150w" sizes="auto, (max-width: 720px) 100vw, 720px" /><br />
Der Jahres-Endspurt hat begonnen. So manchem fällt kurz vor Weihnachten ein, dass digitale Barrierefreiheit wichtig sein könnte. Das gilt natürlich nicht für Sie, die hier fleißig mitlesen. Wir wünschen Ihnen mit dieser letzten Ausgabe im manchmal zu aufregenden Jahr 2023 hoffentlich bald ruhigere Weihnachtstage und einen guten Rutsch ins neue Jaahr. </p>
<div id="ez-toc-container" class="ez-toc-v2_0_82_2 counter-hierarchy ez-toc-counter ez-toc-white ez-toc-container-direction">
<div class="ez-toc-title-container">
<p class="ez-toc-title" style="cursor:inherit">Inhalt</p>
<span class="ez-toc-title-toggle"><a href="#" class="ez-toc-pull-right ez-toc-btn ez-toc-btn-xs ez-toc-btn-default ez-toc-toggle" aria-label="Toggle Table of Content"><span class="ez-toc-js-icon-con"><span class=""><span class="eztoc-hide" style="display:none;">Toggle</span><span class="ez-toc-icon-toggle-span"><svg style="fill: #999;color:#999" xmlns="http://www.w3.org/2000/svg" class="list-377408" width="20px" height="20px" viewBox="0 0 24 24" fill="none"><path d="M6 6H4v2h2V6zm14 0H8v2h12V6zM4 11h2v2H4v-2zm16 0H8v2h12v-2zM4 16h2v2H4v-2zm16 0H8v2h12v-2z" fill="currentColor"></path></svg><svg style="fill: #999;color:#999" class="arrow-unsorted-368013" xmlns="http://www.w3.org/2000/svg" width="10px" height="10px" viewBox="0 0 24 24" version="1.2" baseProfile="tiny"><path d="M18.2 9.3l-6.2-6.3-6.2 6.3c-.2.2-.3.4-.3.7s.1.5.3.7c.2.2.4.3.7.3h11c.3 0 .5-.1.7-.3.2-.2.3-.5.3-.7s-.1-.5-.3-.7zM5.8 14.7l6.2 6.3 6.2-6.3c.2-.2.3-.5.3-.7s-.1-.5-.3-.7c-.2-.2-.4-.3-.7-.3h-11c-.3 0-.5.1-.7.3-.2.2-.3.5-.3.7s.1.5.3.7z"/></svg></span></span></span></a></span></div>
<nav><ul class='ez-toc-list ez-toc-list-level-1 ' ><li class='ez-toc-page-1 ez-toc-heading-level-2'><a class="ez-toc-link ez-toc-heading-1" href="https://www.netz-barrierefrei.de/wordpress/newsletter-digitale-barrierefreiheit/barrierefreiheit-in-der-community-ausgabe-12-2023/#Gute_Nachricht_des_Monats" >Gute Nachricht des Monats</a></li><li class='ez-toc-page-1 ez-toc-heading-level-2'><a class="ez-toc-link ez-toc-heading-2" href="https://www.netz-barrierefrei.de/wordpress/newsletter-digitale-barrierefreiheit/barrierefreiheit-in-der-community-ausgabe-12-2023/#Interessante_Beitraege" >Interessante Beiträge</a></li><li class='ez-toc-page-1 ez-toc-heading-level-2'><a class="ez-toc-link ez-toc-heading-3" href="https://www.netz-barrierefrei.de/wordpress/newsletter-digitale-barrierefreiheit/barrierefreiheit-in-der-community-ausgabe-12-2023/#tipp_des_Monats" >tipp des Monats</a></li><li class='ez-toc-page-1 ez-toc-heading-level-2'><a class="ez-toc-link ez-toc-heading-4" href="https://www.netz-barrierefrei.de/wordpress/newsletter-digitale-barrierefreiheit/barrierefreiheit-in-der-community-ausgabe-12-2023/#Technische_Beitraege" >Technische Beiträge</a></li></ul></nav></div>
<h2><span class="ez-toc-section" id="Gute_Nachricht_des_Monats"></span>Gute Nachricht des Monats<span class="ez-toc-section-end"></span></h2>
<p>Das Projekt Gutenberg hat zahlreiche Texte in automatisch generierte Hörbücher konvertiert. Blinden wird die Stimme bekannt vorkommen, sie klingt stark nach der Eloquence des Screenreaders Jaws.</p>
<p><a href="https://www.gutenberg.org/browse/categories/2#a69">Zu der Hörbuch-Auswahl von Gutenberg</a></p>
<h2><span class="ez-toc-section" id="Interessante_Beitraege"></span>Interessante Beiträge<span class="ez-toc-section-end"></span></h2>
<p>Wenn Sie eine große öffentliche Einrichtung sind, haben Sie wahrscheinlich viele Kolleg:Innen mit einer Behinderung. Sie können Barrierefreiheit in der Organisation vorantreiben, wenn Sie eine Community of Practice aufbauen. Was das ist und wie es funktioniert, darum geht es in diesem Beitrag.</p>
<p><a href="https://www.netz-barrierefrei.de/wordpress/aufbau-einer-community-of-practice-fuer-digitale-barrierefreiheit/">Community of Practice für digitale Barrierefreiheit</a></p>
<p>In diesem Zusammenhang ist es auch sinnvoll, einen strukturierten Ansatz der Erfolgsmessung zur Barrierefreiheit zu haben. Dazu kann das Reifegrad-Modell dienen.</p>
<p><a href="https://www.netz-barrierefrei.de/wordpress/fortschritt-in-der-digitalen-barrierefreiheit-messen-maturity-model-oder-reifegradmodell/">Erfolg messen mit dem Maturity Model</a></p>
<p>In einem aktuellen Interview geht es um Blindheit und User Experience.</p>
<p><a href="https://www.netz-barrierefrei.de/wordpress/newsletter-digitale-barrierefreiheit/podcast-videocast-digitale-barrierefreiheit/user-research-mit-blinden-ein-interview-mit-der-wissenschaftlerin-nathalie-kuhn/">Blinde in der User-Experience-Forschung</a></p>
<p>Die Bundesfachstelle Barrierefreiheit hat eine FAQ zum Barrierefreiheits-Stärkungs-Gesetz veröffentlicht. </p>
<p><a href="https://www.bundesfachstelle-barrierefreiheit.de/SharedDocs/Kurzmeldungen/DE/faq-zum-barrierefreiheitsstaerkungsgesetz-veroeffentlicht.html">FAQ zum BFSG</a></p>
<p>Es gibt eine neue Version des PDF Accessibility Checker 2024. Wie immer der Disclaimer, dass grüne Haken in diesem Tool ein PDF nicht auf zauberhaftem Wege auch barrierefrei machen.</p>
<p><a href="https://pac.pdf-accessibility.org/de">Zur Website von PAC</a></p>
<p>Weiter gehts auf Englisch: Unternehmen sehen Barrierefreiheit häufig als Risiko: Es erhöhe die Kosten und Herausforderungen. Das Gegenteil ist richtig, wie dieser Artikel zeigt. </p>
<p><a href="https://www.maddyness.com/uk/2023/10/24/the-power-of-accessibility-for-business-why-it-should-be-a-priority-from-the-get-go/">The power of accessibility </a></p>
<p>Behinderte Mitarbeitende brauchen barrierefreie Anwendungen. Leider sind es die meisten Anwendungen nicht, wie eine aktuelle Untersuchung zeigt. </p>
<p><a href="https://www.businesswire.com/news/home/20231031068872/en/Most-Disabled-Workers-Need-Software-Accessibility-yet-45-Find-Current-Features-Insufficient">Most Disabled Workers Need Software Accessibility, yet 45% Find Current Features Insufficient</a></p>
<p>Auch wenn die neuen generativen Tools bei der Entwicklung hilfreich sein können: 100 % sollte man sich nicht auf sie verlassen.</p>
<p><a href="https://alastairc.uk/2023/11/why-doesnt-ai-work-for-producing-accessible-code/">Why doesn’t AI work for producing accessible code?</a></p>
<p>Unter den vielen Gruppen, die in der Barrierefreiheit kaum vorkommen sind besonders die älteren Menschen hervorzuheben. Ein Artikel beschäftigt sich damit, wie man sie im Design besser berücksichtigen kann. </p>
<p><a href="https://medium.com/sixtytwo-tales/designing-for-older-adults-c1a2c54c1b30">Designing for Older Adults</a></p>
<h2><span class="ez-toc-section" id="tipp_des_Monats"></span>tipp des Monats<span class="ez-toc-section-end"></span></h2>
<p>Wenn Sie öfter Audio-Inhalte transkribieren müssen und Eigentümer von Word 365 sind, haben wir einen Tipp für Sie: Dort gibt es eine qualitativ recht gute automatische Transkription. Öffnen Sie ein leeres Dokument in Word, gehen Sie auf den Ribbon Start, wählen sie dort rechts neben dem Mikrofon (der Diktier-Funktion) die Ausklappliste und wählen Sie &#8222;Transkribieren&#8220;. Falls es mit der Desktop-Version nicht klappt, online läuft es stabiler. Nach unserer Meinung ist die Qualität der Transkription deutlich besser als zum Beispiel bei YouTube. Achten Sie natürlich wie immer auf den Datenschutz.</p>
<h2><span class="ez-toc-section" id="Technische_Beitraege"></span>Technische Beiträge<span class="ez-toc-section-end"></span></h2>
<ul>
<li><a href="https://www.erikkroes.nl/blog/the-added-value-of-neuro-diversity/">The added value of (neuro)diversity</a>
<li><a href="https://www.smashingmagazine.com/2023/11/addressing-accessibility-concerns-fluid-type/">Addressing Accessibility Concerns With Using Fluid Type</a></li>
<li><a href="https://news.stanford.edu/stories/2023/11/accessible-engineering">Aya Mouallem explores new ways for engineering students with blindness or low vision to simulate circuits</a></li>
<li>EI Accessibility for Neurodivergent Audiences</li>
<li><a href=" https://www.smashingmagazine.com/2023/11/creating-accessible-ui-animations/">Creating Accessible UI Animations</a></li>
</li


<li><a href="https://ericwbailey.website/published/accessibility-annotation-kits-only-annotate/">Accessibility annotation kits only annotate</a></li>
<li><a href="https://netz-barrierefrei.de/en/low-contrast.html">How to deal with low contrast in digital Accessibility </a></li>
</ul>
<p><a href="https://www.silta.ai/newsletter">Anmeldung zum Newsletter</a></p>

<p>Der Jahres-Endspurt hat begonnen. So manchem fällt kurz vor Weihnachten ein, dass digitale Barrierefreiheit wichtig sein könnte. Das gilt natürlich nicht für Sie, die hier&#8230;</p>
<div class="more-link-wrapper"><a class="more-link" href="https://www.netz-barrierefrei.de/wordpress/newsletter-digitale-barrierefreiheit/barrierefreiheit-in-der-community-ausgabe-12-2023/">Weiterlesen<span class="screen-reader-text">Barrierefreiheit in der Community &#8211; Ausgabe 12-2023</span></a></div>
