{"id":935,"date":"2018-04-18T18:42:50","date_gmt":"2018-04-18T16:42:50","guid":{"rendered":"http:\/\/www.netz-barrierefrei.de\/wordpress\/?page_id=935"},"modified":"2018-04-18T18:42:50","modified_gmt":"2018-04-18T16:42:50","slug":"wie-barrierefrei-ist-amazon","status":"publish","type":"page","link":"https:\/\/www.netz-barrierefrei.de\/wordpress\/wie-barrierefrei-ist-amazon\/","title":{"rendered":"Wie barrierefrei ist Amazon?"},"content":{"rendered":"<p>Amazon ist unter Behinderten wie Nicht-Behinderten beliebt, man k\u00f6nnte meinen, es sei das einzige Shoppingportal weltweit. Aber wie h\u00e4lt es Amazon mit der Barrierefreiheit? <\/p>\n<div id=\"ez-toc-container\" class=\"ez-toc-v2_0_82_2 counter-hierarchy ez-toc-counter ez-toc-white ez-toc-container-direction\">\n<div class=\"ez-toc-title-container\">\n<p class=\"ez-toc-title\" style=\"cursor:inherit\">Inhalt<\/p>\n<span class=\"ez-toc-title-toggle\"><a href=\"#\" class=\"ez-toc-pull-right ez-toc-btn ez-toc-btn-xs ez-toc-btn-default ez-toc-toggle\" aria-label=\"Toggle Table of Content\"><span class=\"ez-toc-js-icon-con\"><span class=\"\"><span class=\"eztoc-hide\" style=\"display:none;\">Toggle<\/span><span class=\"ez-toc-icon-toggle-span\"><svg style=\"fill: #999;color:#999\" xmlns=\"http:\/\/www.w3.org\/2000\/svg\" class=\"list-377408\" width=\"20px\" height=\"20px\" viewBox=\"0 0 24 24\" fill=\"none\"><path d=\"M6 6H4v2h2V6zm14 0H8v2h12V6zM4 11h2v2H4v-2zm16 0H8v2h12v-2zM4 16h2v2H4v-2zm16 0H8v2h12v-2z\" fill=\"currentColor\"><\/path><\/svg><svg style=\"fill: #999;color:#999\" class=\"arrow-unsorted-368013\" xmlns=\"http:\/\/www.w3.org\/2000\/svg\" width=\"10px\" height=\"10px\" viewBox=\"0 0 24 24\" version=\"1.2\" baseProfile=\"tiny\"><path d=\"M18.2 9.3l-6.2-6.3-6.2 6.3c-.2.2-.3.4-.3.7s.1.5.3.7c.2.2.4.3.7.3h11c.3 0 .5-.1.7-.3.2-.2.3-.5.3-.7s-.1-.5-.3-.7zM5.8 14.7l6.2 6.3 6.2-6.3c.2-.2.3-.5.3-.7s-.1-.5-.3-.7c-.2-.2-.4-.3-.7-.3h-11c-.3 0-.5.1-.7.3-.2.2-.3.5-.3.7s.1.5.3.7z\"\/><\/svg><\/span><\/span><\/span><\/a><\/span><\/div>\n<nav><ul class='ez-toc-list ez-toc-list-level-1 ' ><li class='ez-toc-page-1 ez-toc-heading-level-2'><a class=\"ez-toc-link ez-toc-heading-1\" href=\"https:\/\/www.netz-barrierefrei.de\/wordpress\/wie-barrierefrei-ist-amazon\/#Formate-Chaos\" >Formate-Chaos<\/a><\/li><li class='ez-toc-page-1 ez-toc-heading-level-2'><a class=\"ez-toc-link ez-toc-heading-2\" href=\"https:\/\/www.netz-barrierefrei.de\/wordpress\/wie-barrierefrei-ist-amazon\/#Ist_Kindle_jetzt_barrierefrei\" >Ist Kindle jetzt barrierefrei<\/a><\/li><li class='ez-toc-page-1 ez-toc-heading-level-2'><a class=\"ez-toc-link ez-toc-heading-3\" href=\"https:\/\/www.netz-barrierefrei.de\/wordpress\/wie-barrierefrei-ist-amazon\/#Ist_Amazons_Website_barrierefrei\" >Ist Amazons Website barrierefrei<\/a><\/li><li class='ez-toc-page-1 ez-toc-heading-level-2'><a class=\"ez-toc-link ez-toc-heading-4\" href=\"https:\/\/www.netz-barrierefrei.de\/wordpress\/wie-barrierefrei-ist-amazon\/#Nur_im_Vergleich_gut\" >Nur im Vergleich gut<\/a><\/li><\/ul><\/nav><\/div>\n<h2><span class=\"ez-toc-section\" id=\"Formate-Chaos\"><\/span>Formate-Chaos<span class=\"ez-toc-section-end\"><\/span><\/h2>\n<p>Die Amazon-Tochter Audible k\u00f6nnte ein Paradies f\u00fcr H\u00f6rbuch-Fans sein, der Laden hat ein riesiges Angebot an H\u00f6rb\u00fcchern, im Abo kostet jedes H\u00f6rbuch 10 Euro, das ist fast geschenkt. <\/p>\n<p>Bl\u00f6d nur, dass Audible sein eigenes supertolles f\u00fcr H\u00f6rb\u00fccher optimiertes Format hat, was von praktisch keinem MP3_-Player unterst\u00fctzt wird. <\/p>\n<p>Nun mag man einwenden, Audible sei von Amazon gekauft worden und ihr Formate-Wirrwarr stammt noch aus der Zeit, als das Unternehmen selbst\u00e4ndig war. Doch Amazons Formate-S\u00fcppchen ist kein Unfall, sondern strikte Unternehmenspolitik. Anders ist es nicht zu erkl\u00e4ren, dass es statt dem global akzeptierten Standard ePub sein eigenes Format f\u00fcr eBooks auf der Kindle-Plattform verwendet. Der andere Quasi-Standrd PDF wird nur halbherzig unterst\u00fctzt, wer es nicht glaubt, mag ein nicht f\u00fcr den Kindle optimiertes PDF auf diesem Ger\u00e4t lesen, eine reine Katastrophe. <\/p>\n<p>Der Schwachsinn geht weiter. Jeder pupelige Reader von Pocketbook und Co. \u00f6ffnet anstandslos PDFs und eine Vielzahl ander Dokumentformate. Amazon m\u00f6chte, dass wir jedes furzige Doc, Docx und ePub in ihr d\u00e4mliches Format konvertieren, damit wir es auf dem Kindle lesen k\u00f6nnen. Das definiert den Begriff Kundenfreundlichkeit und Usability v\u00f6llig neu. <\/p>\n<p>Und wer immer noch zu den Ungl\u00e4ubigen z\u00e4hlt, mag sich die Kindle Fire-Plattform ansehen. Darauf ist ein verkr\u00fcppeltes Android installiert, man sollte das Ganze wohl eher als Ger\u00e4t ansehen, mit dem man bei Amazon einkaufen kann, denn als Computer-Ersatz.<\/p>\n<p>Amazon setzt dem Ganzen die Krone auf, sie haben aus dem verkr\u00fcppelten Android die ohnehin sp\u00e4rlichen Accessibility-Features entfernt, um anschlie\u00dfend stolz zu verk\u00fcnden, ihre Plattform sei jetzt barrierefrei. <\/p>\n<h2><span class=\"ez-toc-section\" id=\"Ist_Kindle_jetzt_barrierefrei\"><\/span>Ist Kindle jetzt barrierefrei<span class=\"ez-toc-section-end\"><\/span><\/h2>\n<p>Die Liste des Schwachsinns l\u00e4sst sich aber noch fortsetzen. So hat Amazon bereits fr\u00fchzeitig versprochen, die Kindle-Reader f\u00fcr Blinde und Sehbehinderte zug\u00e4nglich zu machen. Passiert ist bis heute nichts. Es gibt selbst f\u00fcr den aktuellen Paperwhite II keinen Screenreader und keine Vergr\u00f6\u00dferung der Bdienelemente f\u00fcr Sehbehinderte. Die Schriftanpassung ist f\u00fcr Sehbehinderte unzureichend. Die Vorlesefunktion, die in \u00e4lteren Ger\u00e4ten vorhanden war, wurde ersatzlos gestrichen. <\/p>\n<p>Die Standard-Kindle-App f\u00fcr den PC ist ebenfalls nicht f\u00fcr Blinde nutzbar, sie sollen eine spezielle App nutzen, die ziemlich bescheiden funktioniert. <\/p>\n<h2><span class=\"ez-toc-section\" id=\"Ist_Amazons_Website_barrierefrei\"><\/span>Ist Amazons Website barrierefrei<span class=\"ez-toc-section-end\"><\/span><\/h2>\n<p>Laber, laber, die Website ist doch supertoll oder nicht? Leider nein. Es stimmt, dass man relativ gut einkaufen kann, wenn man wei\u00df, welches Produkt man kaufen m\u00f6chte. Anders sieht es aus, wenn man in den Produkten st\u00f6bern muss, unterschiedliche Produkte vergleichen will oder die Website intensiver nutzen muss. Amazons Website ist total \u00fcberladen, bei vielen Produkten fehlen Standard-Informationen, es wimmelt auf den Produktseiten von Informationen, die \u00fcberfl\u00fcssig sind, w\u00e4hrend es an wichtigen Informationen oftmals fehlt. <\/p>\n<h2><span class=\"ez-toc-section\" id=\"Nur_im_Vergleich_gut\"><\/span>Nur im Vergleich gut<span class=\"ez-toc-section-end\"><\/span><\/h2>\n<p>Das Gl\u00fcck von Amazon ist, dass sie im Vergleich zu anderen Shopping-Portalen relativ gut da stehen. Als Vorbild taugen sie aus den beschriebenen Gr\u00fcnden trotzdem nicht. <\/p>\n","protected":false},"excerpt":{"rendered":"<p>Amazon ist unter Behinderten wie Nicht-Behinderten beliebt, man k\u00f6nnte meinen, es sei das einzige Shoppingportal weltweit. Aber wie h\u00e4lt es Amazon mit der Barrierefreiheit? Formate-Chaos&#8230;<\/p>\n<div class=\"more-link-wrapper\"><a class=\"more-link\" href=\"https:\/\/www.netz-barrierefrei.de\/wordpress\/wie-barrierefrei-ist-amazon\/\">Weiterlesen<span class=\"screen-reader-text\">Wie barrierefrei ist Amazon?<\/span><\/a><\/div>\n","protected":false},"author":1,"featured_media":0,"parent":0,"menu_order":0,"comment_status":"closed","ping_status":"closed","template":"","meta":{"footnotes":""},"class_list":["post-935","page","type-page","status-publish","hentry","entry"],"_links":{"self":[{"href":"https:\/\/www.netz-barrierefrei.de\/wordpress\/wp-json\/wp\/v2\/pages\/935","targetHints":{"allow":["GET"]}}],"collection":[{"href":"https:\/\/www.netz-barrierefrei.de\/wordpress\/wp-json\/wp\/v2\/pages"}],"about":[{"href":"https:\/\/www.netz-barrierefrei.de\/wordpress\/wp-json\/wp\/v2\/types\/page"}],"author":[{"embeddable":true,"href":"https:\/\/www.netz-barrierefrei.de\/wordpress\/wp-json\/wp\/v2\/users\/1"}],"replies":[{"embeddable":true,"href":"https:\/\/www.netz-barrierefrei.de\/wordpress\/wp-json\/wp\/v2\/comments?post=935"}],"version-history":[{"count":1,"href":"https:\/\/www.netz-barrierefrei.de\/wordpress\/wp-json\/wp\/v2\/pages\/935\/revisions"}],"predecessor-version":[{"id":936,"href":"https:\/\/www.netz-barrierefrei.de\/wordpress\/wp-json\/wp\/v2\/pages\/935\/revisions\/936"}],"wp:attachment":[{"href":"https:\/\/www.netz-barrierefrei.de\/wordpress\/wp-json\/wp\/v2\/media?parent=935"}],"curies":[{"name":"wp","href":"https:\/\/api.w.org\/{rel}","templated":true}]}}

<p>Amazon ist unter Behinderten wie Nicht-Behinderten beliebt, man könnte meinen, es sei das einzige Shoppingportal weltweit. Aber wie hält es Amazon mit der Barrierefreiheit? </p>
<div id="ez-toc-container" class="ez-toc-v2_0_82_2 counter-hierarchy ez-toc-counter ez-toc-white ez-toc-container-direction">
<div class="ez-toc-title-container">
<p class="ez-toc-title" style="cursor:inherit">Inhalt</p>
<span class="ez-toc-title-toggle"><a href="#" class="ez-toc-pull-right ez-toc-btn ez-toc-btn-xs ez-toc-btn-default ez-toc-toggle" aria-label="Toggle Table of Content"><span class="ez-toc-js-icon-con"><span class=""><span class="eztoc-hide" style="display:none;">Toggle</span><span class="ez-toc-icon-toggle-span"><svg style="fill: #999;color:#999" xmlns="http://www.w3.org/2000/svg" class="list-377408" width="20px" height="20px" viewBox="0 0 24 24" fill="none"><path d="M6 6H4v2h2V6zm14 0H8v2h12V6zM4 11h2v2H4v-2zm16 0H8v2h12v-2zM4 16h2v2H4v-2zm16 0H8v2h12v-2z" fill="currentColor"></path></svg><svg style="fill: #999;color:#999" class="arrow-unsorted-368013" xmlns="http://www.w3.org/2000/svg" width="10px" height="10px" viewBox="0 0 24 24" version="1.2" baseProfile="tiny"><path d="M18.2 9.3l-6.2-6.3-6.2 6.3c-.2.2-.3.4-.3.7s.1.5.3.7c.2.2.4.3.7.3h11c.3 0 .5-.1.7-.3.2-.2.3-.5.3-.7s-.1-.5-.3-.7zM5.8 14.7l6.2 6.3 6.2-6.3c.2-.2.3-.5.3-.7s-.1-.5-.3-.7c-.2-.2-.4-.3-.7-.3h-11c-.3 0-.5.1-.7.3-.2.2-.3.5-.3.7s.1.5.3.7z"/></svg></span></span></span></a></span></div>
<nav><ul class='ez-toc-list ez-toc-list-level-1 ' ><li class='ez-toc-page-1 ez-toc-heading-level-2'><a class="ez-toc-link ez-toc-heading-1" href="https://www.netz-barrierefrei.de/wordpress/wie-barrierefrei-ist-amazon/#Formate-Chaos" >Formate-Chaos</a></li><li class='ez-toc-page-1 ez-toc-heading-level-2'><a class="ez-toc-link ez-toc-heading-2" href="https://www.netz-barrierefrei.de/wordpress/wie-barrierefrei-ist-amazon/#Ist_Kindle_jetzt_barrierefrei" >Ist Kindle jetzt barrierefrei</a></li><li class='ez-toc-page-1 ez-toc-heading-level-2'><a class="ez-toc-link ez-toc-heading-3" href="https://www.netz-barrierefrei.de/wordpress/wie-barrierefrei-ist-amazon/#Ist_Amazons_Website_barrierefrei" >Ist Amazons Website barrierefrei</a></li><li class='ez-toc-page-1 ez-toc-heading-level-2'><a class="ez-toc-link ez-toc-heading-4" href="https://www.netz-barrierefrei.de/wordpress/wie-barrierefrei-ist-amazon/#Nur_im_Vergleich_gut" >Nur im Vergleich gut</a></li></ul></nav></div>
<h2><span class="ez-toc-section" id="Formate-Chaos"></span>Formate-Chaos<span class="ez-toc-section-end"></span></h2>
<p>Die Amazon-Tochter Audible könnte ein Paradies für Hörbuch-Fans sein, der Laden hat ein riesiges Angebot an Hörbüchern, im Abo kostet jedes Hörbuch 10 Euro, das ist fast geschenkt. </p>
<p>Blöd nur, dass Audible sein eigenes supertolles für Hörbücher optimiertes Format hat, was von praktisch keinem MP3_-Player unterstützt wird. </p>
<p>Nun mag man einwenden, Audible sei von Amazon gekauft worden und ihr Formate-Wirrwarr stammt noch aus der Zeit, als das Unternehmen selbständig war. Doch Amazons Formate-Süppchen ist kein Unfall, sondern strikte Unternehmenspolitik. Anders ist es nicht zu erklären, dass es statt dem global akzeptierten Standard ePub sein eigenes Format für eBooks auf der Kindle-Plattform verwendet. Der andere Quasi-Standrd PDF wird nur halbherzig unterstützt, wer es nicht glaubt, mag ein nicht für den Kindle optimiertes PDF auf diesem Gerät lesen, eine reine Katastrophe. </p>
<p>Der Schwachsinn geht weiter. Jeder pupelige Reader von Pocketbook und Co. öffnet anstandslos PDFs und eine Vielzahl ander Dokumentformate. Amazon möchte, dass wir jedes furzige Doc, Docx und ePub in ihr dämliches Format konvertieren, damit wir es auf dem Kindle lesen können. Das definiert den Begriff Kundenfreundlichkeit und Usability völlig neu. </p>
<p>Und wer immer noch zu den Ungläubigen zählt, mag sich die Kindle Fire-Plattform ansehen. Darauf ist ein verkrüppeltes Android installiert, man sollte das Ganze wohl eher als Gerät ansehen, mit dem man bei Amazon einkaufen kann, denn als Computer-Ersatz.</p>
<p>Amazon setzt dem Ganzen die Krone auf, sie haben aus dem verkrüppelten Android die ohnehin spärlichen Accessibility-Features entfernt, um anschließend stolz zu verkünden, ihre Plattform sei jetzt barrierefrei. </p>
<h2><span class="ez-toc-section" id="Ist_Kindle_jetzt_barrierefrei"></span>Ist Kindle jetzt barrierefrei<span class="ez-toc-section-end"></span></h2>
<p>Die Liste des Schwachsinns lässt sich aber noch fortsetzen. So hat Amazon bereits frühzeitig versprochen, die Kindle-Reader für Blinde und Sehbehinderte zugänglich zu machen. Passiert ist bis heute nichts. Es gibt selbst für den aktuellen Paperwhite II keinen Screenreader und keine Vergrößerung der Bdienelemente für Sehbehinderte. Die Schriftanpassung ist für Sehbehinderte unzureichend. Die Vorlesefunktion, die in älteren Geräten vorhanden war, wurde ersatzlos gestrichen. </p>
<p>Die Standard-Kindle-App für den PC ist ebenfalls nicht für Blinde nutzbar, sie sollen eine spezielle App nutzen, die ziemlich bescheiden funktioniert. </p>
<h2><span class="ez-toc-section" id="Ist_Amazons_Website_barrierefrei"></span>Ist Amazons Website barrierefrei<span class="ez-toc-section-end"></span></h2>
<p>Laber, laber, die Website ist doch supertoll oder nicht? Leider nein. Es stimmt, dass man relativ gut einkaufen kann, wenn man weiß, welches Produkt man kaufen möchte. Anders sieht es aus, wenn man in den Produkten stöbern muss, unterschiedliche Produkte vergleichen will oder die Website intensiver nutzen muss. Amazons Website ist total überladen, bei vielen Produkten fehlen Standard-Informationen, es wimmelt auf den Produktseiten von Informationen, die überflüssig sind, während es an wichtigen Informationen oftmals fehlt. </p>
<h2><span class="ez-toc-section" id="Nur_im_Vergleich_gut"></span>Nur im Vergleich gut<span class="ez-toc-section-end"></span></h2>
<p>Das Glück von Amazon ist, dass sie im Vergleich zu anderen Shopping-Portalen relativ gut da stehen. Als Vorbild taugen sie aus den beschriebenen Gründen trotzdem nicht. </p>

<p>Amazon ist unter Behinderten wie Nicht-Behinderten beliebt, man könnte meinen, es sei das einzige Shoppingportal weltweit. Aber wie hält es Amazon mit der Barrierefreiheit? Formate-Chaos&#8230;</p>
<div class="more-link-wrapper"><a class="more-link" href="https://www.netz-barrierefrei.de/wordpress/wie-barrierefrei-ist-amazon/">Weiterlesen<span class="screen-reader-text">Wie barrierefrei ist Amazon?</span></a></div>
