{"id":9437,"date":"2024-08-31T18:42:44","date_gmt":"2024-08-31T16:42:44","guid":{"rendered":"https:\/\/www.netz-barrierefrei.de\/wordpress\/?page_id=9437"},"modified":"2024-08-31T18:42:44","modified_gmt":"2024-08-31T16:42:44","slug":"einfache-sprache-wird-normiert-05-2024","status":"publish","type":"page","link":"https:\/\/www.netz-barrierefrei.de\/wordpress\/newsletter-digitale-barrierefreiheit\/einfache-sprache-wird-normiert-05-2024\/","title":{"rendered":"Einfache Sprache wird normiert &#8211; 05\/2024"},"content":{"rendered":"<p>Das DIN hat soeben seine Norm f\u00fcr einfache Sprache ver\u00f6ffentlicht. Einfache Sprache ist eine textform, um Inhalte f\u00fcr die Allgemeinheit verst\u00e4ndlich zu machen. W\u00e4hrend Leichte Sprache sich an Personen mit Lernbehinderung richtet, soll die einfache Sprache die breite \u00d6ffentlichkeit erreichen. F\u00fcr die Leichte Sprache ist hingegen eine Spec geplant, eine vereinfachte Norm, deren Erscheinungsdatum noch nicht bekannt ist. Damit k\u00f6nnte das Thema verst\u00e4ndliche Sprache einen neuen Schub erhalten. Ohne einheitlichen Standard ist die Beauftragung und die Pr\u00fcfung von Texten oder die Entwicklung unterst\u00fctzender Tools schwierig.<&#038;p> <\/p>\n<p>Verst\u00e4ndliche Sprache ist zum Beispiel im Barrierefreiheits-St\u00e4rkungs-Gesetz verankert. Wahrscheinlich werden nach und nach weitere Angebote zu einfache Sprache verpflichtet. Wir sind gespannt, wie sich das Thema weiter entwickelt.<\/p>\n<div id=\"ez-toc-container\" class=\"ez-toc-v2_0_82_2 counter-hierarchy ez-toc-counter ez-toc-white ez-toc-container-direction\">\n<div class=\"ez-toc-title-container\">\n<p class=\"ez-toc-title\" style=\"cursor:inherit\">Inhalt<\/p>\n<span class=\"ez-toc-title-toggle\"><a href=\"#\" class=\"ez-toc-pull-right ez-toc-btn ez-toc-btn-xs ez-toc-btn-default ez-toc-toggle\" aria-label=\"Toggle Table of Content\"><span class=\"ez-toc-js-icon-con\"><span class=\"\"><span class=\"eztoc-hide\" style=\"display:none;\">Toggle<\/span><span class=\"ez-toc-icon-toggle-span\"><svg style=\"fill: #999;color:#999\" xmlns=\"http:\/\/www.w3.org\/2000\/svg\" class=\"list-377408\" width=\"20px\" height=\"20px\" viewBox=\"0 0 24 24\" fill=\"none\"><path d=\"M6 6H4v2h2V6zm14 0H8v2h12V6zM4 11h2v2H4v-2zm16 0H8v2h12v-2zM4 16h2v2H4v-2zm16 0H8v2h12v-2z\" fill=\"currentColor\"><\/path><\/svg><svg style=\"fill: #999;color:#999\" class=\"arrow-unsorted-368013\" xmlns=\"http:\/\/www.w3.org\/2000\/svg\" width=\"10px\" height=\"10px\" viewBox=\"0 0 24 24\" version=\"1.2\" baseProfile=\"tiny\"><path d=\"M18.2 9.3l-6.2-6.3-6.2 6.3c-.2.2-.3.4-.3.7s.1.5.3.7c.2.2.4.3.7.3h11c.3 0 .5-.1.7-.3.2-.2.3-.5.3-.7s-.1-.5-.3-.7zM5.8 14.7l6.2 6.3 6.2-6.3c.2-.2.3-.5.3-.7s-.1-.5-.3-.7c-.2-.2-.4-.3-.7-.3h-11c-.3 0-.5.1-.7.3-.2.2-.3.5-.3.7s.1.5.3.7z\"\/><\/svg><\/span><\/span><\/span><\/a><\/span><\/div>\n<nav><ul class='ez-toc-list ez-toc-list-level-1 ' ><li class='ez-toc-page-1 ez-toc-heading-level-2'><a class=\"ez-toc-link ez-toc-heading-1\" href=\"https:\/\/www.netz-barrierefrei.de\/wordpress\/newsletter-digitale-barrierefreiheit\/einfache-sprache-wird-normiert-05-2024\/#Interessante_Artikel\" >Interessante Artikel<\/a><\/li><li class='ez-toc-page-1 ez-toc-heading-level-2'><a class=\"ez-toc-link ez-toc-heading-2\" href=\"https:\/\/www.netz-barrierefrei.de\/wordpress\/newsletter-digitale-barrierefreiheit\/einfache-sprache-wird-normiert-05-2024\/#Schulungen_und_Leistungen\" >Schulungen und Leistungen<\/a><\/li><li class='ez-toc-page-1 ez-toc-heading-level-2'><a class=\"ez-toc-link ez-toc-heading-3\" href=\"https:\/\/www.netz-barrierefrei.de\/wordpress\/newsletter-digitale-barrierefreiheit\/einfache-sprache-wird-normiert-05-2024\/#Gute_Nachrichten_des_Monats\" >Gute Nachrichten des Monats<\/a><\/li><li class='ez-toc-page-1 ez-toc-heading-level-2'><a class=\"ez-toc-link ez-toc-heading-4\" href=\"https:\/\/www.netz-barrierefrei.de\/wordpress\/newsletter-digitale-barrierefreiheit\/einfache-sprache-wird-normiert-05-2024\/#Statistik_des_Monats\" >Statistik des Monats<\/a><\/li><li class='ez-toc-page-1 ez-toc-heading-level-2'><a class=\"ez-toc-link ez-toc-heading-5\" href=\"https:\/\/www.netz-barrierefrei.de\/wordpress\/newsletter-digitale-barrierefreiheit\/einfache-sprache-wird-normiert-05-2024\/#Weitere_Artikel\" >Weitere Artikel<\/a><\/li><\/ul><\/nav><\/div>\n<h2><span class=\"ez-toc-section\" id=\"Interessante_Artikel\"><\/span>Interessante Artikel<span class=\"ez-toc-section-end\"><\/span><\/h2>\n<p>Wie kann man Menschen aus Design und Entwicklung von digitaler Barrierefreiheit \u00fcberzeugen? Mit dieser Frage besch\u00e4ftigt sich die Entwicklerin Anne Bovelett. <\/p>\n<p><a href=\"https:\/\/www.netz-barrierefrei.de\/wordpress\/barrierefreiheit-in-den-mainstream-bringen-ein-interview-mit-anne-bovelett\/\">Barrierefreiheit in den Mainstream bringen<\/a><\/p>\n<p>Bei allen Verdiensten haben uns die Veteran*Innen der digitalen Barrierefreiheit heute wenig Hilfreiches zu sagen, so dieser Beitrag.<\/p>\n<p><a href=\"https:\/\/www.netz-barrierefrei.de\/wordpress\/die-alten-barrierefreiheits-profis-haben-abgefruehstueckt\/\">Das Scheitern der Barrierefreiheits-Veteranen<\/a><\/p>\n<p>Weiter gehts auf Englisch: Automatische Tools zur Barrierefreiheits-Pr\u00fcfung k\u00f6nnen hilfreich sein, aber nur, wenn man mit ihnen umgehen kann und man sie auch sinnvoll konfigurieren kann.<\/p>\n<p><a href=\"https:\/\/cerovac.com\/a11y\/2024\/04\/beware-automatic-tools-over-report-accessibility-issues-and-steal-your-time\/\">Beware \u2013 automatic tools over-report accessibility issues and steal your time<\/a><\/p>\n<p>Nach dem Americans with Disabilities Act m\u00fcssen Websites und native Apps von Beh\u00f6rdenund bestimmten Unternehmen barrierefrei sein. Lange Zeit haben klare Regeln gefehlt, das hat sich jetzt ge\u00e4ndert: Die WCAG 2.1 AA wurden als Standard gesetzt. \t ,<\/p>\n<p><a href=\"https:\/\/www.ada.gov\/notices\/2024\/03\/08\/web-rule\/\">Fact Sheet: New Rule on the Accessibility of Web Content and Mobile Apps Provided by State<\/a><\/p>\n<p>Schr\u00e4nkt der European Accessibility Act AKA Barrierefreiheits-St\u00e4rkungs-Gesetz die Kreativen aus dem Marketing ein? Ein klares Nein, wie in diesem Artikel zu lesen ist. <\/p>\n<p>The European Accessibility Act: Will it help or hinder advertising creativity?<\/p>\n<p>Dieses kostenlose Handbuch kann f\u00fcr Verantwortliche zur digitalen Barrierefreiheit eine interessante Einf\u00fchrung sein.<\/p>\n<p><a href=\"https:\/\/pressbooks.bccampus.ca\/accessibilityhandbook\/\">Accessibility Handbook for Teaching and Learning<\/a><\/p>\n<p>Das Unternehmen Evinced hat Guidelines f\u00fcr mobile Barrierefreiheit ver\u00f6ffentlicht.<\/p>\n<p><a href=\"https:\/\/getevinced.github.io\/mcag\/\">Evinced Proposes Mobile Content Accessibility Guidelines 1.0 <\/a><\/p>\n<p>Dieses Tool ist ganz nett, wenn man einmal zeigen m\u00f6chte, wie viele Personen von einer Ma\u00dfnahme zur digitalen Barrierefreiheit betroffen sein k\u00f6nnen.<\/p>\n<p>How many people?<\/p>\n<h2><span class=\"ez-toc-section\" id=\"Schulungen_und_Leistungen\"><\/span>Schulungen und Leistungen<span class=\"ez-toc-section-end\"><\/span><\/h2>\n<p>Es gibt neue Termine f\u00fcr die Schulungen zur Barrierefreiheit von PDF und Web von Silta. <a href=\"https:\/\/www.silta.ai\/schulungen\">Schauen Sie einmal in das Schulungs-Angebot<\/a>.<\/p>\n<h2><span class=\"ez-toc-section\" id=\"Gute_Nachrichten_des_Monats\"><\/span>Gute Nachrichten des Monats<span class=\"ez-toc-section-end\"><\/span><\/h2>\n<p>Gesundheits-Devices sollen in den USA zug\u00e4nglicher f\u00fcr Blinde und Sehbehinderte werden. Wir hoffen auf \u00e4hnliche Gesetze f\u00fcr die EU. <\/p>\n<p><a href=\"https:\/\/accessiblepharmacy.com\/medical-device-nonvisual-accessibility-act-2\/\">Medical Device Nonvisual Accessibility Act<\/a><\/p>\n<p>Der Einsatz von Geb\u00e4rdensprache in Zoom wird mit einer bestimmten Funktion einfacher. <\/p>\n<p><a href=\"https:\/\/www.inklusive-medienarbeit.de\/dgs-funktion-in-zoom\/\">GS-Funktion in Zoom<\/a><\/p>\n<p>Es gibt jetzt auch Comics in Leichter Sprache.<\/p>\n<p><a href=\"https:\/\/kobinet-nachrichten.org\/2024\/04\/08\/comics-in-leichter-sprache\/\">Comics in Leichter Sprache<\/a><\/p>\n<h2><span class=\"ez-toc-section\" id=\"Statistik_des_Monats\"><\/span>Statistik des Monats<span class=\"ez-toc-section-end\"><\/span><\/h2>\n<p>Die WebAIM Million ist eine der bekanntesten Datenquellen zur digitalen Barrierefreiheit, aber durchaus problematisch. Zun\u00e4chst einmal ist es eine reine Daten-Erhebung, es wird weder etwas analysiert noch gibt es eine nennenswerte Methodik, man sollte also nicht von einer &#8222;Studie&#8220; oder &#8222;Analyse&#8220; sprechen. Da WebAIM die Rohdaten nicht zur Verf\u00fcgung stellt, kann man auch keine eigenen Analysen vornehmen. WebAIM l\u00e4sst f\u00fcr die Erhebung die eine Millionen Startseiten der am meisten besuchten Websites j\u00e4hrlich durch WAVE pr\u00fcfen, zuletzt wurden im M\u00e4rz 2024 Ergebnisse vorgestellt. Dabei sollen auf 96 Prozent der Webseiten Fehler gefunden sein. <\/p>\n<p>Leider werden die Zahlen h\u00e4ufig falsch interpretiert, WebAIM selbst nennt nur Zahlen, die Aussagen kommen von Anderen &#8211; die es \u00fcbrigens auch besser wissen sollten. Data Literacy ist eine sinnvolle F\u00e4higkeit, wenn man Statistiken zitiert. <\/p>\n<ul>\n<li>Die Zahlen sagen nicht aus, dass 96 Prozent der Websites f\u00fcr Menschen mit Behinderung nicht nutzbar sind, sondern bestenfalls, dass es f\u00fcr einzelne Personen oder Gruppen an einzelnen Stellen Probleme geben k\u00f6nnte. Konformit\u00e4t und Benutzbarkeit f\u00fcr behinderte Menschen sind nicht immer deckungsgleich.<\/li>\n<li>Die Zahlen sagen nicht, dass es auf den anderen 4 Prozent keine Barrieren gibt, sondern bestenfalls, dass diese Websites f\u00fcr WebAIM Wave optimiert wurden. Ob diese Websites dadurch besser wurden oder nicht, ist eine offene Frage.<\/li>\n<li>Die Zahl der gefundenen Fehler entspricht nicht dem Impact auf die Nutzerin. Eine Seite kann 1000 Fehler haben und gut nutzbar sein, zehn Fehler k\u00f6nnen die Seite unbenutzbar machen. Klar gibt es eine Relation, aber die ist nicht so einfach, wie WebAIM es suggeriert.<\/li>\n<\/ul>\n<p>Wer sich daf\u00fcr interessiert, <a href=\"https:\/\/www.netz-barrierefrei.de\/wordpress\/der-webaim-survey-sind-98-prozent-der-webseiten-nicht-barrierefrei\/\">Domingos hat das hier ausf\u00fchrlich dargestellt<\/a>.<\/p>\n<h2><span class=\"ez-toc-section\" id=\"Weitere_Artikel\"><\/span>Weitere Artikel<span class=\"ez-toc-section-end\"><\/span><\/h2>\n<ul>\n<li><a href=\"https:\/\/equalentry.com\/digital-accessibility-automated-testing-tools-comparison\/\">Comparison Automation Tools<\/a><\/li>\n<li><a href=\"https:\/\/www.accessibility.com\/blog\/future-trends-in-digital-accessibility-emerging-technologies-that-could-make-the-web-more-inclusive\">Future trends in digital accessibility<\/a><\/li>\n<li><a href=\"https:\/\/scribe.rip\/no-ai-user-research-is-not-better-than-nothing-its-much-worse-5add678ab9e7\">No, AI user research is not \u201cbetter than nothing\u201d\u2014it\u2019s much worse<\/a><\/li>\n<li><a href=\"https:\/\/accessibility.blog.gov.uk\/2024\/04\/04\/gov-uk-id-check-app-building-an-accessible-digital-identity-app\/\">GOV.UK ID Check app: Building an accessible digital identity app<\/a><\/li>\n<li><a href=\"https:\/\/pdfa.org\/iso-14289-2-pdf-ua-2-the-gold-standard-for-accessibility-in-pdf-2-0-has-arrived\/\">ISO 14289-2 (PDF\/UA-2), the \u201cgold standard\u201d for accessibility in PDF 2.0, has arrived<\/a><\/li>\n<li><a href=\"https:\/\/pdfa.org\/resource\/tagged-pdf-q-a\/\">Questions and Answers about\u00a0Tagged PDF<\/a><\/li>\n<li><a href=\"https:\/\/github.com\/Iota-School\/nonvisual_data_science\/blob\/main\/resources.md\">Non visual Data Science<\/a><\/li>\n<\/ul>\n","protected":false},"excerpt":{"rendered":"<p>Das DIN hat soeben seine Norm f\u00fcr einfache Sprache ver\u00f6ffentlicht. Einfache Sprache ist eine textform, um Inhalte f\u00fcr die Allgemeinheit verst\u00e4ndlich zu machen. W\u00e4hrend Leichte&#8230;<\/p>\n<div class=\"more-link-wrapper\"><a class=\"more-link\" href=\"https:\/\/www.netz-barrierefrei.de\/wordpress\/newsletter-digitale-barrierefreiheit\/einfache-sprache-wird-normiert-05-2024\/\">Weiterlesen<span class=\"screen-reader-text\">Einfache Sprache wird normiert &#8211; 05\/2024<\/span><\/a><\/div>\n","protected":false},"author":1,"featured_media":0,"parent":1450,"menu_order":0,"comment_status":"closed","ping_status":"closed","template":"","meta":{"footnotes":""},"class_list":["post-9437","page","type-page","status-publish","hentry","entry"],"_links":{"self":[{"href":"https:\/\/www.netz-barrierefrei.de\/wordpress\/wp-json\/wp\/v2\/pages\/9437","targetHints":{"allow":["GET"]}}],"collection":[{"href":"https:\/\/www.netz-barrierefrei.de\/wordpress\/wp-json\/wp\/v2\/pages"}],"about":[{"href":"https:\/\/www.netz-barrierefrei.de\/wordpress\/wp-json\/wp\/v2\/types\/page"}],"author":[{"embeddable":true,"href":"https:\/\/www.netz-barrierefrei.de\/wordpress\/wp-json\/wp\/v2\/users\/1"}],"replies":[{"embeddable":true,"href":"https:\/\/www.netz-barrierefrei.de\/wordpress\/wp-json\/wp\/v2\/comments?post=9437"}],"version-history":[{"count":4,"href":"https:\/\/www.netz-barrierefrei.de\/wordpress\/wp-json\/wp\/v2\/pages\/9437\/revisions"}],"predecessor-version":[{"id":10398,"href":"https:\/\/www.netz-barrierefrei.de\/wordpress\/wp-json\/wp\/v2\/pages\/9437\/revisions\/10398"}],"up":[{"embeddable":true,"href":"https:\/\/www.netz-barrierefrei.de\/wordpress\/wp-json\/wp\/v2\/pages\/1450"}],"wp:attachment":[{"href":"https:\/\/www.netz-barrierefrei.de\/wordpress\/wp-json\/wp\/v2\/media?parent=9437"}],"curies":[{"name":"wp","href":"https:\/\/api.w.org\/{rel}","templated":true}]}}

<p>Das DIN hat soeben seine Norm für einfache Sprache veröffentlicht. Einfache Sprache ist eine textform, um Inhalte für die Allgemeinheit verständlich zu machen. Während Leichte Sprache sich an Personen mit Lernbehinderung richtet, soll die einfache Sprache die breite Öffentlichkeit erreichen. Für die Leichte Sprache ist hingegen eine Spec geplant, eine vereinfachte Norm, deren Erscheinungsdatum noch nicht bekannt ist. Damit könnte das Thema verständliche Sprache einen neuen Schub erhalten. Ohne einheitlichen Standard ist die Beauftragung und die Prüfung von Texten oder die Entwicklung unterstützender Tools schwierig.<&#038;p> </p>
<p>Verständliche Sprache ist zum Beispiel im Barrierefreiheits-Stärkungs-Gesetz verankert. Wahrscheinlich werden nach und nach weitere Angebote zu einfache Sprache verpflichtet. Wir sind gespannt, wie sich das Thema weiter entwickelt.</p>
<div id="ez-toc-container" class="ez-toc-v2_0_82_2 counter-hierarchy ez-toc-counter ez-toc-white ez-toc-container-direction">
<div class="ez-toc-title-container">
<p class="ez-toc-title" style="cursor:inherit">Inhalt</p>
<span class="ez-toc-title-toggle"><a href="#" class="ez-toc-pull-right ez-toc-btn ez-toc-btn-xs ez-toc-btn-default ez-toc-toggle" aria-label="Toggle Table of Content"><span class="ez-toc-js-icon-con"><span class=""><span class="eztoc-hide" style="display:none;">Toggle</span><span class="ez-toc-icon-toggle-span"><svg style="fill: #999;color:#999" xmlns="http://www.w3.org/2000/svg" class="list-377408" width="20px" height="20px" viewBox="0 0 24 24" fill="none"><path d="M6 6H4v2h2V6zm14 0H8v2h12V6zM4 11h2v2H4v-2zm16 0H8v2h12v-2zM4 16h2v2H4v-2zm16 0H8v2h12v-2z" fill="currentColor"></path></svg><svg style="fill: #999;color:#999" class="arrow-unsorted-368013" xmlns="http://www.w3.org/2000/svg" width="10px" height="10px" viewBox="0 0 24 24" version="1.2" baseProfile="tiny"><path d="M18.2 9.3l-6.2-6.3-6.2 6.3c-.2.2-.3.4-.3.7s.1.5.3.7c.2.2.4.3.7.3h11c.3 0 .5-.1.7-.3.2-.2.3-.5.3-.7s-.1-.5-.3-.7zM5.8 14.7l6.2 6.3 6.2-6.3c.2-.2.3-.5.3-.7s-.1-.5-.3-.7c-.2-.2-.4-.3-.7-.3h-11c-.3 0-.5.1-.7.3-.2.2-.3.5-.3.7s.1.5.3.7z"/></svg></span></span></span></a></span></div>
<nav><ul class='ez-toc-list ez-toc-list-level-1 ' ><li class='ez-toc-page-1 ez-toc-heading-level-2'><a class="ez-toc-link ez-toc-heading-1" href="https://www.netz-barrierefrei.de/wordpress/newsletter-digitale-barrierefreiheit/einfache-sprache-wird-normiert-05-2024/#Interessante_Artikel" >Interessante Artikel</a></li><li class='ez-toc-page-1 ez-toc-heading-level-2'><a class="ez-toc-link ez-toc-heading-2" href="https://www.netz-barrierefrei.de/wordpress/newsletter-digitale-barrierefreiheit/einfache-sprache-wird-normiert-05-2024/#Schulungen_und_Leistungen" >Schulungen und Leistungen</a></li><li class='ez-toc-page-1 ez-toc-heading-level-2'><a class="ez-toc-link ez-toc-heading-3" href="https://www.netz-barrierefrei.de/wordpress/newsletter-digitale-barrierefreiheit/einfache-sprache-wird-normiert-05-2024/#Gute_Nachrichten_des_Monats" >Gute Nachrichten des Monats</a></li><li class='ez-toc-page-1 ez-toc-heading-level-2'><a class="ez-toc-link ez-toc-heading-4" href="https://www.netz-barrierefrei.de/wordpress/newsletter-digitale-barrierefreiheit/einfache-sprache-wird-normiert-05-2024/#Statistik_des_Monats" >Statistik des Monats</a></li><li class='ez-toc-page-1 ez-toc-heading-level-2'><a class="ez-toc-link ez-toc-heading-5" href="https://www.netz-barrierefrei.de/wordpress/newsletter-digitale-barrierefreiheit/einfache-sprache-wird-normiert-05-2024/#Weitere_Artikel" >Weitere Artikel</a></li></ul></nav></div>
<h2><span class="ez-toc-section" id="Interessante_Artikel"></span>Interessante Artikel<span class="ez-toc-section-end"></span></h2>
<p>Wie kann man Menschen aus Design und Entwicklung von digitaler Barrierefreiheit überzeugen? Mit dieser Frage beschäftigt sich die Entwicklerin Anne Bovelett. </p>
<p><a href="https://www.netz-barrierefrei.de/wordpress/barrierefreiheit-in-den-mainstream-bringen-ein-interview-mit-anne-bovelett/">Barrierefreiheit in den Mainstream bringen</a></p>
<p>Bei allen Verdiensten haben uns die Veteran*Innen der digitalen Barrierefreiheit heute wenig Hilfreiches zu sagen, so dieser Beitrag.</p>
<p><a href="https://www.netz-barrierefrei.de/wordpress/die-alten-barrierefreiheits-profis-haben-abgefruehstueckt/">Das Scheitern der Barrierefreiheits-Veteranen</a></p>
<p>Weiter gehts auf Englisch: Automatische Tools zur Barrierefreiheits-Prüfung können hilfreich sein, aber nur, wenn man mit ihnen umgehen kann und man sie auch sinnvoll konfigurieren kann.</p>
<p><a href="https://cerovac.com/a11y/2024/04/beware-automatic-tools-over-report-accessibility-issues-and-steal-your-time/">Beware – automatic tools over-report accessibility issues and steal your time</a></p>
<p>Nach dem Americans with Disabilities Act müssen Websites und native Apps von Behördenund bestimmten Unternehmen barrierefrei sein. Lange Zeit haben klare Regeln gefehlt, das hat sich jetzt geändert: Die WCAG 2.1 AA wurden als Standard gesetzt. 	 ,</p>
<p><a href="https://www.ada.gov/notices/2024/03/08/web-rule/">Fact Sheet: New Rule on the Accessibility of Web Content and Mobile Apps Provided by State</a></p>
<p>Schränkt der European Accessibility Act AKA Barrierefreiheits-Stärkungs-Gesetz die Kreativen aus dem Marketing ein? Ein klares Nein, wie in diesem Artikel zu lesen ist. </p>
<p>The European Accessibility Act: Will it help or hinder advertising creativity?</p>
<p>Dieses kostenlose Handbuch kann für Verantwortliche zur digitalen Barrierefreiheit eine interessante Einführung sein.</p>
<p><a href="https://pressbooks.bccampus.ca/accessibilityhandbook/">Accessibility Handbook for Teaching and Learning</a></p>
<p>Das Unternehmen Evinced hat Guidelines für mobile Barrierefreiheit veröffentlicht.</p>
<p><a href="https://getevinced.github.io/mcag/">Evinced Proposes Mobile Content Accessibility Guidelines 1.0 </a></p>
<p>Dieses Tool ist ganz nett, wenn man einmal zeigen möchte, wie viele Personen von einer Maßnahme zur digitalen Barrierefreiheit betroffen sein können.</p>
<p>How many people?</p>
<h2><span class="ez-toc-section" id="Schulungen_und_Leistungen"></span>Schulungen und Leistungen<span class="ez-toc-section-end"></span></h2>
<p>Es gibt neue Termine für die Schulungen zur Barrierefreiheit von PDF und Web von Silta. <a href="https://www.silta.ai/schulungen">Schauen Sie einmal in das Schulungs-Angebot</a>.</p>
<h2><span class="ez-toc-section" id="Gute_Nachrichten_des_Monats"></span>Gute Nachrichten des Monats<span class="ez-toc-section-end"></span></h2>
<p>Gesundheits-Devices sollen in den USA zugänglicher für Blinde und Sehbehinderte werden. Wir hoffen auf ähnliche Gesetze für die EU. </p>
<p><a href="https://accessiblepharmacy.com/medical-device-nonvisual-accessibility-act-2/">Medical Device Nonvisual Accessibility Act</a></p>
<p>Der Einsatz von Gebärdensprache in Zoom wird mit einer bestimmten Funktion einfacher. </p>
<p><a href="https://www.inklusive-medienarbeit.de/dgs-funktion-in-zoom/">GS-Funktion in Zoom</a></p>
<p>Es gibt jetzt auch Comics in Leichter Sprache.</p>
<p><a href="https://kobinet-nachrichten.org/2024/04/08/comics-in-leichter-sprache/">Comics in Leichter Sprache</a></p>
<h2><span class="ez-toc-section" id="Statistik_des_Monats"></span>Statistik des Monats<span class="ez-toc-section-end"></span></h2>
<p>Die WebAIM Million ist eine der bekanntesten Datenquellen zur digitalen Barrierefreiheit, aber durchaus problematisch. Zunächst einmal ist es eine reine Daten-Erhebung, es wird weder etwas analysiert noch gibt es eine nennenswerte Methodik, man sollte also nicht von einer &#8222;Studie&#8220; oder &#8222;Analyse&#8220; sprechen. Da WebAIM die Rohdaten nicht zur Verfügung stellt, kann man auch keine eigenen Analysen vornehmen. WebAIM lässt für die Erhebung die eine Millionen Startseiten der am meisten besuchten Websites jährlich durch WAVE prüfen, zuletzt wurden im März 2024 Ergebnisse vorgestellt. Dabei sollen auf 96 Prozent der Webseiten Fehler gefunden sein. </p>
<p>Leider werden die Zahlen häufig falsch interpretiert, WebAIM selbst nennt nur Zahlen, die Aussagen kommen von Anderen &#8211; die es übrigens auch besser wissen sollten. Data Literacy ist eine sinnvolle Fähigkeit, wenn man Statistiken zitiert. </p>
<ul>
<li>Die Zahlen sagen nicht aus, dass 96 Prozent der Websites für Menschen mit Behinderung nicht nutzbar sind, sondern bestenfalls, dass es für einzelne Personen oder Gruppen an einzelnen Stellen Probleme geben könnte. Konformität und Benutzbarkeit für behinderte Menschen sind nicht immer deckungsgleich.</li>
<li>Die Zahlen sagen nicht, dass es auf den anderen 4 Prozent keine Barrieren gibt, sondern bestenfalls, dass diese Websites für WebAIM Wave optimiert wurden. Ob diese Websites dadurch besser wurden oder nicht, ist eine offene Frage.</li>
<li>Die Zahl der gefundenen Fehler entspricht nicht dem Impact auf die Nutzerin. Eine Seite kann 1000 Fehler haben und gut nutzbar sein, zehn Fehler können die Seite unbenutzbar machen. Klar gibt es eine Relation, aber die ist nicht so einfach, wie WebAIM es suggeriert.</li>
</ul>
<p>Wer sich dafür interessiert, <a href="https://www.netz-barrierefrei.de/wordpress/der-webaim-survey-sind-98-prozent-der-webseiten-nicht-barrierefrei/">Domingos hat das hier ausführlich dargestellt</a>.</p>
<h2><span class="ez-toc-section" id="Weitere_Artikel"></span>Weitere Artikel<span class="ez-toc-section-end"></span></h2>
<ul>
<li><a href="https://equalentry.com/digital-accessibility-automated-testing-tools-comparison/">Comparison Automation Tools</a></li>
<li><a href="https://www.accessibility.com/blog/future-trends-in-digital-accessibility-emerging-technologies-that-could-make-the-web-more-inclusive">Future trends in digital accessibility</a></li>
<li><a href="https://scribe.rip/no-ai-user-research-is-not-better-than-nothing-its-much-worse-5add678ab9e7">No, AI user research is not “better than nothing”—it’s much worse</a></li>
<li><a href="https://accessibility.blog.gov.uk/2024/04/04/gov-uk-id-check-app-building-an-accessible-digital-identity-app/">GOV.UK ID Check app: Building an accessible digital identity app</a></li>
<li><a href="https://pdfa.org/iso-14289-2-pdf-ua-2-the-gold-standard-for-accessibility-in-pdf-2-0-has-arrived/">ISO 14289-2 (PDF/UA-2), the “gold standard” for accessibility in PDF 2.0, has arrived</a></li>
<li><a href="https://pdfa.org/resource/tagged-pdf-q-a/">Questions and Answers about Tagged PDF</a></li>
<li><a href="https://github.com/Iota-School/nonvisual_data_science/blob/main/resources.md">Non visual Data Science</a></li>
</ul>

<p>Das DIN hat soeben seine Norm für einfache Sprache veröffentlicht. Einfache Sprache ist eine textform, um Inhalte für die Allgemeinheit verständlich zu machen. Während Leichte&#8230;</p>
<div class="more-link-wrapper"><a class="more-link" href="https://www.netz-barrierefrei.de/wordpress/newsletter-digitale-barrierefreiheit/einfache-sprache-wird-normiert-05-2024/">Weiterlesen<span class="screen-reader-text">Einfache Sprache wird normiert &#8211; 05/2024</span></a></div>
