{"id":9590,"date":"2024-11-09T16:26:11","date_gmt":"2024-11-09T14:26:11","guid":{"rendered":"https:\/\/www.netz-barrierefrei.de\/wordpress\/?page_id=9590"},"modified":"2024-12-05T16:15:19","modified_gmt":"2024-12-05T14:15:19","slug":"einfache-sprache-und-leichte-sprache-was-sind-die-unterschiede","status":"publish","type":"page","link":"https:\/\/www.netz-barrierefrei.de\/wordpress\/leichte-sprache\/einfache-sprache-und-leichte-sprache-was-sind-die-unterschiede\/","title":{"rendered":"Einfache Sprache und Leichte Sprache &#8211; was sind die Unterschiede?"},"content":{"rendered":"<p><iframe loading=\"lazy\" src=\"https:\/\/digitale-barrierefreiheit.podigee.io\/276-gemeinsamkeiten-und-unterschiede-zwischen-leichter-sprache-und-einfacher-sprache\/embed?context=external&#038;theme=default\" style=\"border: 0\" frameBorder=\"0\" height=\"100\" width=\"100%\"><\/iframe><\/p>\n<p>einfache und Leichte Sprache werden oft synonym verwendet. Das ist allerdings nicht sinnvoll. Beide Konzepte richten sich an v\u00f6llig unterschiedliche Personen. Was ist nun der Unterschied zwischen Leichter Sprache und einfacher Sprache? Gerne k\u00f6nnen Sie den kostenlosen Kurs auf Udemy nutzen. <\/p>\n<div id=\"ez-toc-container\" class=\"ez-toc-v2_0_82_2 counter-hierarchy ez-toc-counter ez-toc-white ez-toc-container-direction\">\n<div class=\"ez-toc-title-container\">\n<p class=\"ez-toc-title\" style=\"cursor:inherit\">Inhalt<\/p>\n<span class=\"ez-toc-title-toggle\"><a href=\"#\" class=\"ez-toc-pull-right ez-toc-btn ez-toc-btn-xs ez-toc-btn-default ez-toc-toggle\" aria-label=\"Toggle Table of Content\"><span class=\"ez-toc-js-icon-con\"><span class=\"\"><span class=\"eztoc-hide\" style=\"display:none;\">Toggle<\/span><span class=\"ez-toc-icon-toggle-span\"><svg style=\"fill: #999;color:#999\" xmlns=\"http:\/\/www.w3.org\/2000\/svg\" class=\"list-377408\" width=\"20px\" height=\"20px\" viewBox=\"0 0 24 24\" fill=\"none\"><path d=\"M6 6H4v2h2V6zm14 0H8v2h12V6zM4 11h2v2H4v-2zm16 0H8v2h12v-2zM4 16h2v2H4v-2zm16 0H8v2h12v-2z\" fill=\"currentColor\"><\/path><\/svg><svg style=\"fill: #999;color:#999\" class=\"arrow-unsorted-368013\" xmlns=\"http:\/\/www.w3.org\/2000\/svg\" width=\"10px\" height=\"10px\" viewBox=\"0 0 24 24\" version=\"1.2\" baseProfile=\"tiny\"><path d=\"M18.2 9.3l-6.2-6.3-6.2 6.3c-.2.2-.3.4-.3.7s.1.5.3.7c.2.2.4.3.7.3h11c.3 0 .5-.1.7-.3.2-.2.3-.5.3-.7s-.1-.5-.3-.7zM5.8 14.7l6.2 6.3 6.2-6.3c.2-.2.3-.5.3-.7s-.1-.5-.3-.7c-.2-.2-.4-.3-.7-.3h-11c-.3 0-.5.1-.7.3-.2.2-.3.5-.3.7s.1.5.3.7z\"\/><\/svg><\/span><\/span><\/span><\/a><\/span><\/div>\n<nav><ul class='ez-toc-list ez-toc-list-level-1 ' ><li class='ez-toc-page-1 ez-toc-heading-level-2'><a class=\"ez-toc-link ez-toc-heading-1\" href=\"https:\/\/www.netz-barrierefrei.de\/wordpress\/leichte-sprache\/einfache-sprache-und-leichte-sprache-was-sind-die-unterschiede\/#Zielgruppe\" >Zielgruppe<\/a><\/li><li class='ez-toc-page-1 ez-toc-heading-level-2'><a class=\"ez-toc-link ez-toc-heading-2\" href=\"https:\/\/www.netz-barrierefrei.de\/wordpress\/leichte-sprache\/einfache-sprache-und-leichte-sprache-was-sind-die-unterschiede\/#Illustrationen\" >Illustrationen<\/a><\/li><li class='ez-toc-page-1 ez-toc-heading-level-2'><a class=\"ez-toc-link ez-toc-heading-3\" href=\"https:\/\/www.netz-barrierefrei.de\/wordpress\/leichte-sprache\/einfache-sprache-und-leichte-sprache-was-sind-die-unterschiede\/#Informationsmenge_und_-Dichte\" >Informationsmenge und -Dichte<\/a><\/li><li class='ez-toc-page-1 ez-toc-heading-level-2'><a class=\"ez-toc-link ez-toc-heading-4\" href=\"https:\/\/www.netz-barrierefrei.de\/wordpress\/leichte-sprache\/einfache-sprache-und-leichte-sprache-was-sind-die-unterschiede\/#Pruefprozess\" >Pr\u00fcfprozess<\/a><\/li><li class='ez-toc-page-1 ez-toc-heading-level-2'><a class=\"ez-toc-link ez-toc-heading-5\" href=\"https:\/\/www.netz-barrierefrei.de\/wordpress\/leichte-sprache\/einfache-sprache-und-leichte-sprache-was-sind-die-unterschiede\/#Wortschatz_und_Textgestaltung\" >Wortschatz und Textgestaltung<\/a><\/li><li class='ez-toc-page-1 ez-toc-heading-level-2'><a class=\"ez-toc-link ez-toc-heading-6\" href=\"https:\/\/www.netz-barrierefrei.de\/wordpress\/leichte-sprache\/einfache-sprache-und-leichte-sprache-was-sind-die-unterschiede\/#Uebersetzung\" >\u00dcbersetzung<\/a><\/li><li class='ez-toc-page-1 ez-toc-heading-level-2'><a class=\"ez-toc-link ez-toc-heading-7\" href=\"https:\/\/www.netz-barrierefrei.de\/wordpress\/leichte-sprache\/einfache-sprache-und-leichte-sprache-was-sind-die-unterschiede\/#Textformatierung\" >Textformatierung<\/a><\/li><li class='ez-toc-page-1 ez-toc-heading-level-2'><a class=\"ez-toc-link ez-toc-heading-8\" href=\"https:\/\/www.netz-barrierefrei.de\/wordpress\/leichte-sprache\/einfache-sprache-und-leichte-sprache-was-sind-die-unterschiede\/#Visuellinhaltlich\" >Visuell\/inhaltlich<\/a><\/li><li class='ez-toc-page-1 ez-toc-heading-level-2'><a class=\"ez-toc-link ez-toc-heading-9\" href=\"https:\/\/www.netz-barrierefrei.de\/wordpress\/leichte-sprache\/einfache-sprache-und-leichte-sprache-was-sind-die-unterschiede\/#Regelwerke\" >Regelwerke<\/a><\/li><li class='ez-toc-page-1 ez-toc-heading-level-2'><a class=\"ez-toc-link ez-toc-heading-10\" href=\"https:\/\/www.netz-barrierefrei.de\/wordpress\/leichte-sprache\/einfache-sprache-und-leichte-sprache-was-sind-die-unterschiede\/#Zusammenfuehrungen_von_einfacher_und_Leichter_Sprache\" >Zusammenf\u00fchrungen von einfacher und Leichter Sprache<\/a><\/li><li class='ez-toc-page-1 ez-toc-heading-level-2'><a class=\"ez-toc-link ez-toc-heading-11\" href=\"https:\/\/www.netz-barrierefrei.de\/wordpress\/leichte-sprache\/einfache-sprache-und-leichte-sprache-was-sind-die-unterschiede\/#Zum_Weiterlesen\" >Zum Weiterlesen<\/a><\/li><\/ul><\/nav><\/div>\n<h2><span class=\"ez-toc-section\" id=\"Zielgruppe\"><\/span><span id=\"Zielgruppe\">Zielgruppe<\/span><span class=\"ez-toc-section-end\"><\/span><\/h2>\n<p>Leichte Sprache richtet sich an Menschen mit Lernbehinderung, fr\u00fcher als geistige behinderung bezeichnet. Die einfache Sprache hat Menschen als Ziel, die zwar lesen k\u00f6nnen, aber Probleme haben, komplexere Texte zu verstehen. Sie zielt also auf die allgemeine Bev\u00f6lkerung, w\u00e4hrend die Leichte Sprache eine klar definierte Zielgruppe hat.<br \/> Bitte beachten Sie: Menschen mit einem guten Sprach-Verst\u00e4ndnis k\u00f6nnen sich diskriminiert f\u00fchlen, wenn Sie Ihnen Texte in Leichter Sprache vorsetzen. Sie f\u00fchlen sich von der Sprache, der Formatierung und den Bildern nicht angesprochen.<\/p>\n<h2><span class=\"ez-toc-section\" id=\"Illustrationen\"><\/span><span id=\"Illustrationen\">Illustrationen<\/span><span class=\"ez-toc-section-end\"><\/span><\/h2>\n<p>Die Leichte Sprache wird h\u00e4ufig in jedem Absatz mit einfachen Illustrationen erg\u00e4nzt, die einfache Sprache wird im Prinzip wie Texte in Alltagssprache bebildert \u2013 also h\u00e4ufig sparsam oder gar nicht. In der einfachen Sprache k\u00f6nnen einfache Diagramme und andere Infografiken verwendet werden, was in der Leichten Sprache bisher nicht passiert.<\/p>\n<h2><span class=\"ez-toc-section\" id=\"Informationsmenge_und_-Dichte\"><\/span><span id=\"Informationsmenge_und_-Dichte\">Informationsmenge und -Dichte<\/span><span class=\"ez-toc-section-end\"><\/span><\/h2>\n<p>In der Leichten Sprache werden praktisch keine komplexeren Informationen vermittelt, viele Inforrmationen wie Zahlen werden weggelassen oder in Verh\u00e4ltnissen wie \u201eviel\u201c, \u201ewenig\u201c und so weiter ausgedr\u00fcckt. In der einfachen Sprache lassen sich praktisch alle Informationen vermitteln \u2013 wenn man genug Platz f\u00fcr den Text hat.<br \/> Rein visuell, das spielt vor allem im Druck eine wichtige Rolle, nimmt die Leichte Sprache durch die Textformatierung und die Bilder am meisten Platz ein. Die einfache Sprache nimmt ein wenig mehr Platz ein als konventionelle Texte, wenn viele Fachbegriffe oder abstrakte Konzepte erkl\u00e4rt werden m\u00fcssen.<\/p>\n<h2><span class=\"ez-toc-section\" id=\"Pruefprozess\"><\/span><span id=\"Pruefprozess\">Pr\u00fcfprozess<\/span><span class=\"ez-toc-section-end\"><\/span><\/h2>\n<p>Die Leichte Sprache wird von Menschen aus der Zielgruppe gepr\u00fcft. Bei der einfachen Sprache ist keine solche Pr\u00fcfung vorgesehen.<\/p>\n<h2><span class=\"ez-toc-section\" id=\"Wortschatz_und_Textgestaltung\"><\/span><span id=\"Wortschatz_und_Textgestaltung\">Wortschatz und Textgestaltung<\/span><span class=\"ez-toc-section-end\"><\/span><\/h2>\n<p>Der Wortschatz der einfachen Sprache ist wesentlich gr\u00f6\u00dfer als bei der Leichten Sprache. Die S\u00e4tze d\u00fcrfen komplexer sein. Es gibt keine engen Vorgaben, was die visuelle Gestaltung der Texte angeht.<\/p>\n<h2><span class=\"ez-toc-section\" id=\"Uebersetzung\"><\/span><span id=\"Uebersetzung\">\u00dcbersetzung<\/span><span class=\"ez-toc-section-end\"><\/span><\/h2>\n<p>Die \u00dcbersetzung in Leichte Sprache wird praktisch immer an externe Agenturen abgegeben. Die einfache Sprache wird zumeist inhouse \u00fcbertragen.<br \/> Von der Arbeitsweise entsprricht die einfache Sprache mehr einem Lektorat als einer \u00dcbersetzung. Es entsteht kein v\u00f6llig neuer Text, sondern eine mehr oder weniger adaptierte Version.<\/p>\n<h2><span class=\"ez-toc-section\" id=\"Textformatierung\"><\/span><span id=\"Textformatierung\">Textformatierung<\/span><span class=\"ez-toc-section-end\"><\/span><\/h2>\n<p>Texte in Leichter Sprache werden sehr spezifisch formatiert: Es gibt kurze Zeilen, gro\u00dfe Zeilen- und Absatzabst\u00e4nde. Die Formatierung in Einfache-Sprache-Texten f\u00e4llt hingegen nicht besonders ins Auge.<\/p>\n<h2><span class=\"ez-toc-section\" id=\"Visuellinhaltlich\"><\/span><span id=\"Visuellinhaltlich\">Visuell\/inhaltlich<\/span><span class=\"ez-toc-section-end\"><\/span><\/h2>\n<p>Wenn Sie sich einen <a href=\"https:\/\/www.familienratgeber.de\/leichte-sprache\/lebensbereiche\/ausbildung-arbeit\/behoerden-aemter-und-beratungsstellen\" target=\"_blank\" title=\"Text in Leichter Sprache\" rel=\"noopener noreferrer\">Text in Leichter Sprache<\/a> ansehen, fallen Ihnen sofort Unterschiede zu konventionellen Texten auf. Bei der <a href=\"https:\/\/www.familienratgeber.de\/lebensbereiche\/ausbildung-arbeit\/behoerden-aemter-und-beratungsstellen\" target=\"_blank\" title=\"text in einfacher Sprache\" rel=\"noopener noreferrer\">einfachen Sprache<\/a> f\u00e4llt Ihnen der Unterschied zur konventionellen Sprache oft nicht auf.<\/p>\n<h2><span class=\"ez-toc-section\" id=\"Regelwerke\"><\/span>Regelwerke<span class=\"ez-toc-section-end\"><\/span><\/h2>\n<p>Bei der Leichten Sprache gibt es mehrere Regelwerke. Am bekanntesten ist das Regelwerk des Netzwerks Leichte Sprache. Es hat seine Wurzeln in der Behinderten-Bewegung. Daneben gibt es das Konzept der Leichten Sprache der Forschungsstelle Leichte Sprache der Uni Hildesheim. Hier ist der Ursprung in den Sprach-Wissenschaften im Regelwerk deutlich erkennbar. Es gibt einen Entwurf f\u00fcr eine <a href=\"https:\/\/www.din.de\/de\/mitwirken\/normenausschuesse\/naerg\/e-din-spec-33429-2023-04-empfehlungen-fuer-deutsche-leichte-sprache--901210\">DIN Spec 33429:2023-04 &#8222;Empfehlungen f\u00fcr Deutsche Leichte Sprache&#8220;<\/a>. Eine Spec ist eine vereinfachteForm einer DIN-Norm. <\/p>\n<p>F\u00fcr die einfache Sprache gibt es hingegen zwei Normen: Die DIN 8581-1, Einfache Sprache \u2013 Anwendung f\u00fcr das Deutsche regelt die einfache Sprache f\u00fcr den deutschen Sprachraum. Die internationale Norm DIN ISO 24495-1, Einfache Sprache \u2013 Teil 1: Grunds\u00e4tze und Leitlinien regelt sprach-unabh\u00e4ngig, was einfache Sprache ist und wie sie erreicht werden kann.<\/p>\n<p>Platt gesagt haben wir nun das Problem, dass die einfache Sprache  klar geregelt ist, w\u00e4hrend es bei der Leichten Sprache konkurrrierende Regelwerke und keine feste Norm oder Spec gibt.<\/p>\n<h2><span class=\"ez-toc-section\" id=\"Zusammenfuehrungen_von_einfacher_und_Leichter_Sprache\"><\/span><span id=\"Zusammenfuehrungen_von_einfacher_und_Leichter_Sprache\">Zusammenf\u00fchrungen von einfacher und Leichter Sprache<\/span><span class=\"ez-toc-section-end\"><\/span><\/h2>\n<p>Bislang gibt es in Deutschland kein Konzept, einfache und leichte Sprache zusammenzuf\u00fchren. Derzeit k\u00f6nnten Sachtexte in einfacher Sprache die meisten Leichte-Sprache-Leserinnen durch Komplexit\u00e4t und Textl\u00e4nge \u00fcberfordern. Es gibt den Versuch, die leicht verst\u00e4ndliche Sprache oder \u00e4hnlich als drittes Konzept und Kompromiss zu etablieren. Das ist aber noch in den Kinderschuhen.<br \/> Ob es Sinn macht und m\u00f6glich ist, beide Konzepte zusammenzuf\u00fchren wird kontrovers diskutiert. Derzeit sind allerdings beide \u00dcbersetzerinnen-Gruppen voneinander abgegrenzt, nur wenige \u00dcbersetzerinnen bieten sowohl Leichte als auch einfache Sprache an.<\/p>\n<h2><span class=\"ez-toc-section\" id=\"Zum_Weiterlesen\"><\/span>Zum Weiterlesen<span class=\"ez-toc-section-end\"><\/span><\/h2>\n<ul>\n<li><a href=\"https:\/\/www.netz-barrierefrei.de\/wordpress\/regeln-und-leitlinien-der-einfachen-sprache\/\">Regeln der einfachen Sprache<\/a><\/li>\n<li><a href=\"https:\/\/www.netz-barrierefrei.de\/wordpress\/texte-fuer-auttomatische-verstaendlich-machung-optimieren\/\">Texte f\u00fcr automatische Verst\u00e4ndlichkeit optimieren<\/a><\/li>\n<\/ul>\n","protected":false},"excerpt":{"rendered":"<p>einfache und Leichte Sprache werden oft synonym verwendet. Das ist allerdings nicht sinnvoll. Beide Konzepte richten sich an v\u00f6llig unterschiedliche Personen. Was ist nun der&#8230;<\/p>\n<div class=\"more-link-wrapper\"><a class=\"more-link\" href=\"https:\/\/www.netz-barrierefrei.de\/wordpress\/leichte-sprache\/einfache-sprache-und-leichte-sprache-was-sind-die-unterschiede\/\">Weiterlesen<span class=\"screen-reader-text\">Einfache Sprache und Leichte Sprache &#8211; was sind die Unterschiede?<\/span><\/a><\/div>\n","protected":false},"author":1,"featured_media":0,"parent":9082,"menu_order":0,"comment_status":"closed","ping_status":"closed","template":"","meta":{"footnotes":""},"class_list":["post-9590","page","type-page","status-publish","hentry","entry"],"_links":{"self":[{"href":"https:\/\/www.netz-barrierefrei.de\/wordpress\/wp-json\/wp\/v2\/pages\/9590","targetHints":{"allow":["GET"]}}],"collection":[{"href":"https:\/\/www.netz-barrierefrei.de\/wordpress\/wp-json\/wp\/v2\/pages"}],"about":[{"href":"https:\/\/www.netz-barrierefrei.de\/wordpress\/wp-json\/wp\/v2\/types\/page"}],"author":[{"embeddable":true,"href":"https:\/\/www.netz-barrierefrei.de\/wordpress\/wp-json\/wp\/v2\/users\/1"}],"replies":[{"embeddable":true,"href":"https:\/\/www.netz-barrierefrei.de\/wordpress\/wp-json\/wp\/v2\/comments?post=9590"}],"version-history":[{"count":11,"href":"https:\/\/www.netz-barrierefrei.de\/wordpress\/wp-json\/wp\/v2\/pages\/9590\/revisions"}],"predecessor-version":[{"id":9860,"href":"https:\/\/www.netz-barrierefrei.de\/wordpress\/wp-json\/wp\/v2\/pages\/9590\/revisions\/9860"}],"up":[{"embeddable":true,"href":"https:\/\/www.netz-barrierefrei.de\/wordpress\/wp-json\/wp\/v2\/pages\/9082"}],"wp:attachment":[{"href":"https:\/\/www.netz-barrierefrei.de\/wordpress\/wp-json\/wp\/v2\/media?parent=9590"}],"curies":[{"name":"wp","href":"https:\/\/api.w.org\/{rel}","templated":true}]}}