{"id":9671,"date":"2024-12-05T16:37:18","date_gmt":"2024-12-05T14:37:18","guid":{"rendered":"https:\/\/www.netz-barrierefrei.de\/wordpress\/?page_id=9671"},"modified":"2024-12-06T18:42:36","modified_gmt":"2024-12-06T16:42:36","slug":"barrierefreiheit-ist-team-arbeit-ausgabe-12-2024","status":"publish","type":"page","link":"https:\/\/www.netz-barrierefrei.de\/wordpress\/newsletter-digitale-barrierefreiheit\/barrierefreiheit-ist-team-arbeit-ausgabe-12-2024\/","title":{"rendered":"Barrierefreiheit ist Team-Arbeit &#8211; Ausgabe 12-2024"},"content":{"rendered":"<p>Einen Barrierefreiheits-Consultant einzustellen oder einen Audit durchzuf\u00fchren macht Ihre Anwendung nicht auf magische Weise zug\u00e4nglich. Vielmehr ist es ein manchmal langwieriger Prozess, an dem viele Personen beteiligt sind. Der Consultant ist mehr eine koordinierende Kraft, welche den anderen Gewerken unterst\u00fctzend zur Seite steht- sozusagen ein analoges ChatGPT. Barrierefreiheit kann nur funktionieren, wenn das ganze Team sich daran beteiligt.<\/p>\n<div id=\"ez-toc-container\" class=\"ez-toc-v2_0_82_2 counter-hierarchy ez-toc-counter ez-toc-white ez-toc-container-direction\">\n<div class=\"ez-toc-title-container\">\n<p class=\"ez-toc-title\" style=\"cursor:inherit\">Inhalt<\/p>\n<span class=\"ez-toc-title-toggle\"><a href=\"#\" class=\"ez-toc-pull-right ez-toc-btn ez-toc-btn-xs ez-toc-btn-default ez-toc-toggle\" aria-label=\"Toggle Table of Content\"><span class=\"ez-toc-js-icon-con\"><span class=\"\"><span class=\"eztoc-hide\" style=\"display:none;\">Toggle<\/span><span class=\"ez-toc-icon-toggle-span\"><svg style=\"fill: #999;color:#999\" xmlns=\"http:\/\/www.w3.org\/2000\/svg\" class=\"list-377408\" width=\"20px\" height=\"20px\" viewBox=\"0 0 24 24\" fill=\"none\"><path d=\"M6 6H4v2h2V6zm14 0H8v2h12V6zM4 11h2v2H4v-2zm16 0H8v2h12v-2zM4 16h2v2H4v-2zm16 0H8v2h12v-2z\" fill=\"currentColor\"><\/path><\/svg><svg style=\"fill: #999;color:#999\" class=\"arrow-unsorted-368013\" xmlns=\"http:\/\/www.w3.org\/2000\/svg\" width=\"10px\" height=\"10px\" viewBox=\"0 0 24 24\" version=\"1.2\" baseProfile=\"tiny\"><path d=\"M18.2 9.3l-6.2-6.3-6.2 6.3c-.2.2-.3.4-.3.7s.1.5.3.7c.2.2.4.3.7.3h11c.3 0 .5-.1.7-.3.2-.2.3-.5.3-.7s-.1-.5-.3-.7zM5.8 14.7l6.2 6.3 6.2-6.3c.2-.2.3-.5.3-.7s-.1-.5-.3-.7c-.2-.2-.4-.3-.7-.3h-11c-.3 0-.5.1-.7.3-.2.2-.3.5-.3.7s.1.5.3.7z\"\/><\/svg><\/span><\/span><\/span><\/a><\/span><\/div>\n<nav><ul class='ez-toc-list ez-toc-list-level-1 ' ><li class='ez-toc-page-1 ez-toc-heading-level-2'><a class=\"ez-toc-link ez-toc-heading-1\" href=\"https:\/\/www.netz-barrierefrei.de\/wordpress\/newsletter-digitale-barrierefreiheit\/barrierefreiheit-ist-team-arbeit-ausgabe-12-2024\/#Gute_Nachrichten_des_Monats\" >Gute Nachrichten des Monats<\/a><\/li><li class='ez-toc-page-1 ez-toc-heading-level-2'><a class=\"ez-toc-link ez-toc-heading-2\" href=\"https:\/\/www.netz-barrierefrei.de\/wordpress\/newsletter-digitale-barrierefreiheit\/barrierefreiheit-ist-team-arbeit-ausgabe-12-2024\/#Interessante_Beitraege\" >Interessante Beitr\u00e4ge<\/a><\/li><li class='ez-toc-page-1 ez-toc-heading-level-2'><a class=\"ez-toc-link ez-toc-heading-3\" href=\"https:\/\/www.netz-barrierefrei.de\/wordpress\/newsletter-digitale-barrierefreiheit\/barrierefreiheit-ist-team-arbeit-ausgabe-12-2024\/#Statistik_des_Monats\" >Statistik des Monats<\/a><\/li><li class='ez-toc-page-1 ez-toc-heading-level-2'><a class=\"ez-toc-link ez-toc-heading-4\" href=\"https:\/\/www.netz-barrierefrei.de\/wordpress\/newsletter-digitale-barrierefreiheit\/barrierefreiheit-ist-team-arbeit-ausgabe-12-2024\/#Weitere_Beitraege\" >Weitere Beitr\u00e4ge<\/a><\/li><\/ul><\/nav><\/div>\n<h2><span class=\"ez-toc-section\" id=\"Gute_Nachrichten_des_Monats\"><\/span>Gute Nachrichten des Monats<span class=\"ez-toc-section-end\"><\/span><\/h2>\n<p>Bis auf die letzte Meldung sind alle verlinkten Meldungen auf Englisch.<\/p>\n<p>Be My Eyes und die Hotel-Kette Hilton arbeiten zusammen, um Blinden die Orientierung in ihren Hotels zu erleichtern.<\/p>\n<p><a href=\"https:\/\/stories.hilton.com\/releases\/hilton-and-be-my-eyes-launch-industry-first-partnership\">Hilton and Be My Eyes Launch Industry\u2011First Partnership to Enhancer the Hilton Stay for Guests who are Blind or Low Vision<\/a><\/p>\n<p>In China arbeiten sehbehinderte und blinde Ingenieure an mehr Barrierefreiheit.<\/p>\n<p><a href=\"https:\/\/www.sixthtone.com\/news\/1014679\">How Visually Impaired Engineers Are Guiding China\u2019s Accessibility Efforts<\/a><\/p>\n<p>Honda hat eine App entwickelt, die blinden Mitfahrenden die Umgebung w\u00e4hrend einer Auto-Fahrt beschreibt.<\/p>\n<p><a href=\"https:\/\/hondanews.com\/en-US\/honda-automobiles\/releases\/new-ai-based-honda-scenic-audio-app-will-help-make-the-joy-of-the-journey-accessible-to-the-blind-and-visually-impaired\">New AI-Based Honda Scenic Audio App to Enhance Journeys in Motor Vehicles for the Blind<\/a><\/p>\n<p>Die G7-Staaten haben die Solfagnano Charter unterschrieben. Die Charta soll Inklusion und Barrierefreiheit in den beteiligten Staaten vorantreiben.<\/p>\n<p><a href=\"https:\/\/www.edf-feph.org\/g7s-solfagnano-charter-ambitious-commitments-must-lead-to-change\/\">G7 members adopt the Solfagnano Charter for the rights of persons with Disabilities<\/a><\/p>\n<p>Die Flug-Gesellschaft Delta macht die Karten-Ansichten in ihren Flugzeugen zug\u00e4nglicher.<\/p>\n<p><a href=\"https:\/\/news.delta.com\/delta-launches-new-flight-map-designed-accessibility\">Delta launches new flight map designed for accessibility<\/a><\/p>\n<p>Es gibt jetzt eine DIN f\u00fcr Lades\u00e4ulen f\u00fcr eAutos.<\/p>\n<p><a href=\"https:\/\/www.now-gmbh.de\/aktuelles\/pressemitteilungen\/mehr-barrierefreiheit-bei-ladeinfrastruktur\/\">DIN Spec f\u00fcr Lades\u00e4ulen<\/a><\/p>\n<h2><span class=\"ez-toc-section\" id=\"Interessante_Beitraege\"><\/span>Interessante Beitr\u00e4ge<span class=\"ez-toc-section-end\"><\/span><\/h2>\n<p>Ein Beitrag beschreibt das kognitive Modell blinder Menschen bei der Wahrnehmung grafischer Benutzer-Oberfl\u00e4chen.<\/p>\n<p><a href=\"https:\/\/www.netz-barrierefrei.de\/wordpress\/barrierefreies-internet\/formen-von-einschraenkungen\/sehen-und-blindheit\/das-kognitive-blinder-bei-grafischen-benutzer-oberflaechen\/\">Das kognitive Modell Blinder bei digitalen Benutzer-Oberfl\u00e4chen<\/a><\/p>\n<p>Ein Beitrag besch\u00e4ftigt sich kritisch mit Zertifikaten zur digitalen Barrierefreiheit.<\/p>\n<p><a href=\"https:\/\/www.netz-barrierefrei.de\/wordpress\/zertifikate-zur-digitalen-barrierefreiheit\/\">Zertifikate zur digitalen Barrierefreiheit<\/a><\/p>\n<p>Die Expertin Josefine Sch\u00e4fer berichtet, wie sie Barrierefreiheit beim CMS Storyblok vorantreibt.<\/p>\n<p><a href=\"https:\/\/www.netz-barrierefrei.de\/wordpress\/newsletter-digitale-barrierefreiheit\/podcast-videocast-digitale-barrierefreiheit\/interview-mit-joosefine-schaefer-ueber-barrierefreiheit-bei-storyblok\/\">Interview mit Josefine Schaefer \u00fcber Barrierefreiheit bei Storyblok<\/a><\/p>\n<p>Weiter geht es auf Englisch: Ein \u00dcberblick hilft dabei, m\u00f6gliche Anpassungen f\u00fcr mehr Barrierefreiheit am Arbeitsplatz zu finden. <\/p>\n<p><a href=\"https:\/\/askjan.org\/sitsol\/index.cfm\">SITUATIONS AND SOLUTIONS FINDER<\/a><\/p>\n<p>Ein Artikel beschreibt, welche Entwicklungen durch Robotik und KI im Bereich der assistiven Technologien stattfinden.<\/p>\n<p><a href=\"https:\/\/www.businessinsider.com\/advancements-ai-robotics-powering-new-assistive-tech-mobility-aids-accessibility-2024-10\">Robots and AI-powered assistive tech are poised to transform accessibility and mobility<\/a><\/p>\n<p>Ein Artikel beschreibt, wie Wissenschafts-Konferenzen barrierefreier f\u00fcr Blinde und Sehbehinderte werden k\u00f6nnen.<\/p>\n<p><a href=\"https:\/\/www.tandfonline.com\/doi\/full\/10.1080\/09687599.2024.2412269#abstract\">Accessible scientific conferences for blind and low vision professionals and researchers<\/a><\/p>\n<h2><span class=\"ez-toc-section\" id=\"Statistik_des_Monats\"><\/span>Statistik des Monats<span class=\"ez-toc-section-end\"><\/span><\/h2>\n<p>Die Barrierefreiheits-Beraterin Daniela Kubesch hat vor kurzem ihre Masterarbeit \u00fcber das Thema Overlays bei Sehbehinderung geschrieben. Hier einige Ergebnisse: <\/p>\n<li>Die Funktionalit\u00e4t der Overlays wurde von einem Drittel der Testenden  gar nicht erkannt. So viel zum Argument, Overlays w\u00fcrden Menschen helfen, die keine assistiven Technologien kennen.<\/li>\n<li>6 von 21 Personen k\u00f6nnen sich vorstellen, auch k\u00fcnftig die Funktion eines Overlays zu nutzen. 11 Personen ziehen es aber vor, ihre eigenen Technologien und Strategien zu nutzen.<\/li>\n<li>&#8211; Von 26 Barrierefreiheits-Verst\u00f6\u00dfen konnten die Overlays nur zwei beheben. Eines der Overlays hat die Barrierefreiheit sogar verschlechtert.<\/li>\n<\/ul>\n<p><a href=\"https:\/\/www.diva-portal.org\/smash\/record.jsf?pid=diva2%3A1877583&amp;dswid=-9508\">Hier gibt es die Arbeit zum Runterladen<\/a><\/p>\n<h2><span class=\"ez-toc-section\" id=\"Weitere_Beitraege\"><\/span>Weitere Beitr\u00e4ge<span class=\"ez-toc-section-end\"><\/span><\/h2>\n<ul>\n<li><a href=\"https:\/\/github.com\/microsoft\/ai-audio-descriptions\">Audio Deskription tool<\/a><\/li>\n<li><a href=\"https:\/\/www.3playmedia.com\/blog\/building-accessibility-budget\/\">How to Build Accessibility into Your Budget<\/a><\/li>\n<li><a href=\"https:\/\/www.nar.realtor\/on-common-ground\/universal-design\">Universal Design: The Essential Tool for Intergenerational Communities<\/a><\/li>\n<li><a href=\"https:\/\/publishing.cast.org\/catalog\/books-products\/udl-mathematics-k-5-novak-marlow\">Universal Design for Learning in Mathematics Instruction, K-5 &#8211; Buch<\/a><\/li>\n<li><a href=\"https:\/\/theconversation.com\/people-with-blindness-and-low-vision-are-squeezed-by-high-costs-of-living-new-research-241752\">People with blindness and low vision are squeezed by high costs of living<\/a><\/li>\n<li><a href=\"https:\/\/dev.to\/steady5063\/maximizing-automated-accessibility-results-k9n\">Maximizing Automated Accessibility Results <\/a><\/li>\n<li><a href=\"https:\/\/dl.acm.org\/doi\/full\/10.1145\/3649508\">Digital Accessibility Education in Context: Expert Perspectives on Building Capacity in Academia<\/a><\/li>\n<li><a href=\"https:\/\/www.govtech.com\/education\/higher-ed\/new-tools-make-chemistry-accessible-to-vision-impaired-students\">New Tools Make Chemistry Accessible to Vision-Impaired Students<\/a><\/li>\n<li><a href=\"https:\/\/abilitynet.org.uk\/resources\/digital-accessibility\/attitudes-to-digital-accessibility\"><\/li>\n<li><a href=\"https:\/\/accessible.canada.ca\/centre-of-expertise\/information-and-communication-technologies\/technical-guide-accessible-artificial-intelligence-systems\">Accessible and Equitable Artificial Intelligence Systems &#8211; Technical Guide<\/a><\/li>\n<\/ul>\n","protected":false},"excerpt":{"rendered":"<p>Einen Barrierefreiheits-Consultant einzustellen oder einen Audit durchzuf\u00fchren macht Ihre Anwendung nicht auf magische Weise zug\u00e4nglich. Vielmehr ist es ein manchmal langwieriger Prozess, an dem viele&#8230;<\/p>\n<div class=\"more-link-wrapper\"><a class=\"more-link\" href=\"https:\/\/www.netz-barrierefrei.de\/wordpress\/newsletter-digitale-barrierefreiheit\/barrierefreiheit-ist-team-arbeit-ausgabe-12-2024\/\">Weiterlesen<span class=\"screen-reader-text\">Barrierefreiheit ist Team-Arbeit &#8211; Ausgabe 12-2024<\/span><\/a><\/div>\n","protected":false},"author":1,"featured_media":0,"parent":1450,"menu_order":0,"comment_status":"closed","ping_status":"closed","template":"","meta":{"footnotes":""},"class_list":["post-9671","page","type-page","status-publish","hentry","entry"],"_links":{"self":[{"href":"https:\/\/www.netz-barrierefrei.de\/wordpress\/wp-json\/wp\/v2\/pages\/9671","targetHints":{"allow":["GET"]}}],"collection":[{"href":"https:\/\/www.netz-barrierefrei.de\/wordpress\/wp-json\/wp\/v2\/pages"}],"about":[{"href":"https:\/\/www.netz-barrierefrei.de\/wordpress\/wp-json\/wp\/v2\/types\/page"}],"author":[{"embeddable":true,"href":"https:\/\/www.netz-barrierefrei.de\/wordpress\/wp-json\/wp\/v2\/users\/1"}],"replies":[{"embeddable":true,"href":"https:\/\/www.netz-barrierefrei.de\/wordpress\/wp-json\/wp\/v2\/comments?post=9671"}],"version-history":[{"count":5,"href":"https:\/\/www.netz-barrierefrei.de\/wordpress\/wp-json\/wp\/v2\/pages\/9671\/revisions"}],"predecessor-version":[{"id":10667,"href":"https:\/\/www.netz-barrierefrei.de\/wordpress\/wp-json\/wp\/v2\/pages\/9671\/revisions\/10667"}],"up":[{"embeddable":true,"href":"https:\/\/www.netz-barrierefrei.de\/wordpress\/wp-json\/wp\/v2\/pages\/1450"}],"wp:attachment":[{"href":"https:\/\/www.netz-barrierefrei.de\/wordpress\/wp-json\/wp\/v2\/media?parent=9671"}],"curies":[{"name":"wp","href":"https:\/\/api.w.org\/{rel}","templated":true}]}}